{"id":1874,"date":"2024-10-28T21:38:43","date_gmt":"2024-10-28T20:38:43","guid":{"rendered":"https:\/\/wp.unil.ch\/droitetlitterature\/?post_type=tribe_events&#038;p=1874"},"modified":"2025-02-06T11:00:53","modified_gmt":"2025-02-06T10:00:53","slug":"conference-de-judith-lyon-caen-ehess-george-sand-justiciere-laffaire-fanchette","status":"publish","type":"tribe_events","link":"https:\/\/wp.unil.ch\/droitetlitterature\/event\/conference-de-judith-lyon-caen-ehess-george-sand-justiciere-laffaire-fanchette\/","title":{"rendered":"Conf\u00e9rence de Judith Lyon-Caen (EHESS) : \u00ab George Sand justici\u00e8re. L\u2019affaire Fanchette \u00bb &#8211; UNIL"},"content":{"rendered":"\n<figure class=\"wp-block-image size-full is-resized\"><img alt=\"\" loading=\"lazy\" decoding=\"async\" width=\"836\" height=\"768\" src=\"https:\/\/wp.unil.ch\/droitetlitterature\/files\/2024\/10\/Capture-decran-2024-10-28-212608.jpg\" alt=\"\" class=\"wp-image-1879\" style=\"width:483px;height:auto\" srcset=\"https:\/\/wp.unil.ch\/droitetlitterature\/files\/2024\/10\/Capture-decran-2024-10-28-212608.jpg 836w, https:\/\/wp.unil.ch\/droitetlitterature\/files\/2024\/10\/Capture-decran-2024-10-28-212608-300x276.jpg 300w, https:\/\/wp.unil.ch\/droitetlitterature\/files\/2024\/10\/Capture-decran-2024-10-28-212608-768x706.jpg 768w, https:\/\/wp.unil.ch\/droitetlitterature\/files\/2024\/10\/Capture-decran-2024-10-28-212608-540x496.jpg 540w\" sizes=\"auto, (max-width: 836px) 100vw, 836px\" \/><\/figure>\n\n\n<div  class=\"tribe-events-schedule tribe-clearfix\" >\n\t<p class=\"tribe-events-schedule__datetime\">\n\t\t<span class=\"tribe-events-schedule__date tribe-events-schedule__date--start\">\n\t\t\t31 octobre 2024\t\t<\/span>\n\n\t\t\t\t\t<span class=\"tribe-events-schedule__separator tribe-events-schedule__separator--date\">\n\t\t\t\t @ \t\t\t<\/span>\n\t\t\t<span class=\"tribe-events-schedule__time tribe-events-schedule__time--start\">\n\t\t\t\t10:00\t\t\t<\/span>\n\t\t\n\t\t\t\t\t\t\t\t\t<span class=\"tribe-events-schedule__separator tribe-events-schedule__separator--time\">\n\t\t\t\t\t &#8211; \t\t\t\t<\/span>\n\t\t\t\n\t\t\t\t\t\t\t<span class=\"tribe-events-schedule__time tribe-events-schedule__time--end\">\n\t\t\t\t\t12:00\t\t\t\t<\/span>\n\t\t\t\n\t\t\t\t\t\t<\/p>\n<\/div>\n\n\n\n<p><strong>Conf\u00e9rence dans le cadre du s\u00e9minaire de master \u00ab Litt\u00e9rature indiciaire, litt\u00e9rature judiciaire \u00bb, co-dirig\u00e9 par Marta Caraion et Charlotte Dufour<\/strong><\/p>\n\n\n\n<p>Judith Lyon-Caen (EHESS), historienne de la litt\u00e9rature, reviendra sur un fait divers qui a marqu\u00e9 l\u2019ann\u00e9e 1843, <em>l\u2019affaire Fanchette<\/em>, et sur sa mise en r\u00e9cit par George Sand dans la Revue ind\u00e9pendante, l\u2019occasion notamment de saisir les usages de la fiction dans le contexte m\u00e9diatique, l\u2019appareillage narratif d\u00e9ploy\u00e9 et les enjeux de la mise en enqu\u00eate (polici\u00e8re et litt\u00e9raire).<\/p>\n\n\n\n<p>Vous pouvez retrouver le flyer de la conf\u00e9rence en cliquant <a href=\"https:\/\/wp.unil.ch\/droitetlitterature\/files\/2024\/10\/Conference-Affaire-Fanchette.pdf\" target=\"_blank\" rel=\"noreferrer noopener\">ici<\/a>.<\/p>\n\n\n\n<p>Pour plus d&rsquo;informations sur l&rsquo;\u00e9v\u00e9nement : <a href=\"https:\/\/agenda.unil.ch\/display\/1729154819905\" target=\"_blank\" rel=\"noreferrer noopener\">https:\/\/agenda.unil.ch\/display\/1729154819905 <\/a><\/p>\n\n\n\t<div  class=\"tribe-block tribe-block__events-link\" >\n\t\t<div class=\"tribe-events tribe-common\">\n\t\t\t<div class=\"tribe-events-c-subscribe-dropdown__container\">\n\t\t\t\t<div class=\"tribe-events-c-subscribe-dropdown\">\n\t\t\t\t\t<div class=\"tribe-common-c-btn-border tribe-events-c-subscribe-dropdown__button\">\n\t\t\t\t\t\t<svg\n\t class=\"tribe-common-c-svgicon tribe-common-c-svgicon--cal-export tribe-events-c-subscribe-dropdown__export-icon\" \taria-hidden=\"true\"\n\tviewBox=\"0 0 23 17\"\n\txmlns=\"http:\/\/www.w3.org\/2000\/svg\"\n>\n\t<path fill-rule=\"evenodd\" clip-rule=\"evenodd\" d=\"M.128.896V16.13c0 .211.145.383.323.383h15.354c.179 0 .323-.172.323-.383V.896c0-.212-.144-.383-.323-.383H.451C.273.513.128.684.128.896Zm16 6.742h-.901V4.679H1.009v10.729h14.218v-3.336h.901V7.638ZM1.01 1.614h14.218v2.058H1.009V1.614Z\" \/>\n\t<path d=\"M20.5 9.846H8.312M18.524 6.953l2.89 2.909-2.855 2.855\" stroke-width=\"1.2\" stroke-linecap=\"round\" stroke-linejoin=\"round\"\/>\n<\/svg>\n\t\t\t\t\t\t<button\n\t\t\t\t\t\t\tclass=\"tribe-events-c-subscribe-dropdown__button-text\"\n\t\t\t\t\t\t\taria-expanded=\"false\"\n\t\t\t\t\t\t\taria-controls=\"tribe-events-subscribe-dropdown-content\"\n\t\t\t\t\t\t\taria-label=\"Afficher les liens permettant d\u2019ajouter des \u00e9v\u00e8nements \u00e0 votre calendrier\"\n\t\t\t\t\t\t>\n\t\t\t\t\t\t\tAjouter au calendrier\t\t\t\t\t\t<\/button>\n\t\t\t\t\t\t<svg\n\t class=\"tribe-common-c-svgicon tribe-common-c-svgicon--caret-down tribe-events-c-subscribe-dropdown__button-icon\" \taria-hidden=\"true\"\n\tviewBox=\"0 0 10 7\"\n\txmlns=\"http:\/\/www.w3.org\/2000\/svg\"\n>\n\t<path fill-rule=\"evenodd\" clip-rule=\"evenodd\" d=\"M1.008.609L5 4.6 8.992.61l.958.958L5 6.517.05 1.566l.958-.958z\" class=\"tribe-common-c-svgicon__svg-fill\"\/>\n<\/svg>\n\t\t\t\t\t<\/div>\n\t\t\t\t\t<div id=\"tribe-events-subscribe-dropdown-content\" class=\"tribe-events-c-subscribe-dropdown__content\">\n\t\t\t\t\t\t<ul class=\"tribe-events-c-subscribe-dropdown__list\">\n\t\t\t\t\t\t\t\t\t\t\t\t\t\t\t<li class=\"tribe-events-c-subscribe-dropdown__list-item tribe-events-c-subscribe-dropdown__list-item--gcal\">\n\t\t\t\t\t\t\t\t\t<a\n\t\t\t\t\t\t\t\t\t\thref=\"https:\/\/www.google.com\/calendar\/event?action=TEMPLATE&#038;dates=20241031T100000\/20241031T120000&#038;text=Conf%C3%A9rence%20de%20Judith%20Lyon-Caen%20%28EHESS%29%20%3A%20%C2%AB%20George%20Sand%20justici%C3%A8re.%20L%E2%80%99affaire%20Fanchette%20%C2%BB%20%26%238211%3B%20UNIL&#038;details=%3Cfigure+class%3D%22wp-block-image+size-full+is-resized%22%3E%3Cimg+src%3D%22https%3A%2F%2Fwp.unil.ch%2Fdroitetlitterature%2Ffiles%2F2024%2F10%2FCapture-decran-2024-10-28-212608.jpg%22+alt%3D%22%22+class%3D%22wp-image-1879%22+style%3D%22width%3A483px%3Bheight%3Aauto%22+%2F%3E%3C%2Ffigure%3E%3Cp%3E%3Cstrong%3EConf%C3%A9rence+dans+le+cadre+du+s%C3%A9minaire+de+master+%C2%AB+Litt%C3%A9rature+indiciaire%2C+litt%C3%A9rature+judiciaire+%C2%BB%2C+co-dirig%C3%A9+par+Marta+Caraion+et+Charlotte+Dufour%3C%2Fstrong%3E%3C%2Fp%3E+%3Cp%3EJudith+Lyon-Caen+%28EHESS%29%2C+historienne+de+la+litt%C3%A9rature%2C+reviendra+sur+un+fait+divers+qui+a+marqu%C3%A9+l%E2%80%99ann%C3%A9e+1843%2C+%3Cem%3El%E2%80%99affaire+Fanchette%3C%2Fem%3E%2C+et+sur+sa+mise+en+r%C3%A9cit+par+George+Sand+dans+la+Revue+ind%C3%A9pendante%2C+l%E2%80%99occasion+notamment+de+saisir+les+usages+de+la+fiction+dans+le+contexte+m%C3%A9diatique%2C+l%E2%80%99appareillage+narratif+d%C3%A9ploy%C3%A9+et+les+enjeux+de+la+mise+en+enqu%C3%AAte+%28polici%C3%A8re+et+litt%C3%A9raire%29.%3C%2Fp%3E+%3Cp%3EVous+pouvez+retrouver+le+flyer+de+la+conf%C3%A9rence+en+cliquant+%3Ca+href%3D%22https%3A%2F%2Fwp.unil.ch%2Fdroitetlitterature%2Ffiles%2F2024%2F10%2FConference-Affaire-Fanchette.pdf%22+ta%3C%2Fp%3E%28Voir+toute+la+description+de+%C3%A9v%C3%A8nement+ici%C2%A0%3A+https%3A%2F%2Fwp.unil.ch%2Fdroitetlitterature%2Fevent%2Fconference-de-judith-lyon-caen-ehess-george-sand-justiciere-laffaire-fanchette%2F%29&#038;trp=false&#038;ctz=Europe\/Zurich&#038;sprop=website:https:\/\/wp.unil.ch\/droitetlitterature\"\n\t\t\t\t\t\t\t\t\t\tclass=\"tribe-events-c-subscribe-dropdown__list-item-link\"\n\t\t\t\t\t\t\t\t\t\ttarget=\"_blank\"\n\t\t\t\t\t\t\t\t\t\trel=\"noopener noreferrer nofollow noindex\"\n\t\t\t\t\t\t\t\t\t>\n\t\t\t\t\t\t\t\t\t\tGoogle Agenda\t\t\t\t\t\t\t\t\t<\/a>\n\t\t\t\t\t\t\t\t<\/li>\n\t\t\t\t\t\t\t\t\t\t\t\t\t\t\t<li class=\"tribe-events-c-subscribe-dropdown__list-item tribe-events-c-subscribe-dropdown__list-item--ical\">\n\t\t\t\t\t\t\t\t\t<a\n\t\t\t\t\t\t\t\t\t\thref=\"\"\n\t\t\t\t\t\t\t\t\t\tclass=\"tribe-events-c-subscribe-dropdown__list-item-link\"\n\t\t\t\t\t\t\t\t\t\ttarget=\"_blank\"\n\t\t\t\t\t\t\t\t\t\trel=\"noopener noreferrer nofollow noindex\"\n\t\t\t\t\t\t\t\t\t>\n\t\t\t\t\t\t\t\t\t\tiCalendar\t\t\t\t\t\t\t\t\t<\/a>\n\t\t\t\t\t\t\t\t<\/li>\n\t\t\t\t\t\t\t\t\t\t\t\t\t\t\t<li class=\"tribe-events-c-subscribe-dropdown__list-item tribe-events-c-subscribe-dropdown__list-item--outlook-365\">\n\t\t\t\t\t\t\t\t\t<a\n\t\t\t\t\t\t\t\t\t\thref=\"\"\n\t\t\t\t\t\t\t\t\t\tclass=\"tribe-events-c-subscribe-dropdown__list-item-link\"\n\t\t\t\t\t\t\t\t\t\ttarget=\"_blank\"\n\t\t\t\t\t\t\t\t\t\trel=\"noopener noreferrer nofollow noindex\"\n\t\t\t\t\t\t\t\t\t>\n\t\t\t\t\t\t\t\t\t\tOutlook 365\t\t\t\t\t\t\t\t\t<\/a>\n\t\t\t\t\t\t\t\t<\/li>\n\t\t\t\t\t\t\t\t\t\t\t\t\t\t\t<li class=\"tribe-events-c-subscribe-dropdown__list-item tribe-events-c-subscribe-dropdown__list-item--outlook-live\">\n\t\t\t\t\t\t\t\t\t<a\n\t\t\t\t\t\t\t\t\t\thref=\"\"\n\t\t\t\t\t\t\t\t\t\tclass=\"tribe-events-c-subscribe-dropdown__list-item-link\"\n\t\t\t\t\t\t\t\t\t\ttarget=\"_blank\"\n\t\t\t\t\t\t\t\t\t\trel=\"noopener noreferrer nofollow noindex\"\n\t\t\t\t\t\t\t\t\t>\n\t\t\t\t\t\t\t\t\t\tOutlook Live\t\t\t\t\t\t\t\t\t<\/a>\n\t\t\t\t\t\t\t\t<\/li>\n\t\t\t\t\t\t\t\t\t\t\t\t\t<\/ul>\n\t\t\t\t\t<\/div>\n\t\t\t\t<\/div>\n\t\t\t<\/div>\n\t\t<\/div>\n\t<\/div>\n\n","protected":false},"excerpt":{"rendered":"<p>Conf\u00e9rence dans le cadre du s\u00e9minaire de master \u00ab Litt\u00e9rature indiciaire, litt\u00e9rature judiciaire \u00bb, co-dirig\u00e9 par Marta Caraion et Charlotte Dufour Judith Lyon-Caen (EHESS), historienne de la litt\u00e9rature,&hellip;<\/p>\n","protected":false},"author":1002851,"featured_media":1879,"template":"","meta":{"_seopress_robots_primary_cat":"","_seopress_titles_title":"","_seopress_titles_desc":"","_seopress_robots_index":"","_EventAllDay":false,"_EventTimezone":"Europe\/Zurich","_EventStartDate":"2024-10-31 10:00:00","_EventEndDate":"2024-10-31 12:00:00","_EventStartDateUTC":"2024-10-31 09:00:00","_EventEndDateUTC":"2024-10-31 11:00:00","_EventShowMap":false,"_EventShowMapLink":false,"_EventURL":"","_EventCost":"","_EventCostDescription":"","_EventCurrencySymbol":"CHF","_EventCurrencyCode":"CHF","_EventCurrencyPosition":"suffix","_EventDateTimeSeparator":" @ ","_EventTimeRangeSeparator":" - ","_EventOrganizerID":[],"_EventVenueID":[],"_OrganizerEmail":"","_OrganizerPhone":"","_OrganizerWebsite":"","_VenueAddress":"","_VenueCity":"","_VenueCountry":"","_VenueProvince":"","_VenueState":"","_VenueZip":"","_VenuePhone":"","_VenueURL":"","_VenueStateProvince":"","_VenueLat":"","_VenueLng":"","_VenueShowMap":false,"_VenueShowMapLink":false,"_tribe_events_status":"","_tribe_events_status_reason":"","footnotes":""},"tags":[],"tribe_events_cat":[7],"class_list":["post-1874","tribe_events","type-tribe_events","status-publish","has-post-thumbnail","tribe_events_cat-evenements-passes","cat_evenements-passes"],"_links":{"self":[{"href":"https:\/\/wp.unil.ch\/droitetlitterature\/wp-json\/wp\/v2\/tribe_events\/1874","targetHints":{"allow":["GET"]}}],"collection":[{"href":"https:\/\/wp.unil.ch\/droitetlitterature\/wp-json\/wp\/v2\/tribe_events"}],"about":[{"href":"https:\/\/wp.unil.ch\/droitetlitterature\/wp-json\/wp\/v2\/types\/tribe_events"}],"author":[{"embeddable":true,"href":"https:\/\/wp.unil.ch\/droitetlitterature\/wp-json\/wp\/v2\/users\/1002851"}],"version-history":[{"count":4,"href":"https:\/\/wp.unil.ch\/droitetlitterature\/wp-json\/wp\/v2\/tribe_events\/1874\/revisions"}],"predecessor-version":[{"id":1892,"href":"https:\/\/wp.unil.ch\/droitetlitterature\/wp-json\/wp\/v2\/tribe_events\/1874\/revisions\/1892"}],"wp:featuredmedia":[{"embeddable":true,"href":"https:\/\/wp.unil.ch\/droitetlitterature\/wp-json\/wp\/v2\/media\/1879"}],"wp:attachment":[{"href":"https:\/\/wp.unil.ch\/droitetlitterature\/wp-json\/wp\/v2\/media?parent=1874"}],"wp:term":[{"taxonomy":"post_tag","embeddable":true,"href":"https:\/\/wp.unil.ch\/droitetlitterature\/wp-json\/wp\/v2\/tags?post=1874"},{"taxonomy":"tribe_events_cat","embeddable":true,"href":"https:\/\/wp.unil.ch\/droitetlitterature\/wp-json\/wp\/v2\/tribe_events_cat?post=1874"}],"curies":[{"name":"wp","href":"https:\/\/api.w.org\/{rel}","templated":true}]}}

Conférence de Judith Lyon-Caen (EHESS) : « George Sand justicière. L’affaire Fanchette » &#8211; UNIL

<figure class="wp-block-image size-full is-resized"><img alt="" loading="lazy" decoding="async" width="836" height="768" src="https://wp.unil.ch/droitetlitterature/files/2024/10/Capture-decran-2024-10-28-212608.jpg" alt="" class="wp-image-1879" style="width:483px;height:auto" srcset="https://wp.unil.ch/droitetlitterature/files/2024/10/Capture-decran-2024-10-28-212608.jpg 836w, https://wp.unil.ch/droitetlitterature/files/2024/10/Capture-decran-2024-10-28-212608-300x276.jpg 300w, https://wp.unil.ch/droitetlitterature/files/2024/10/Capture-decran-2024-10-28-212608-768x706.jpg 768w, https://wp.unil.ch/droitetlitterature/files/2024/10/Capture-decran-2024-10-28-212608-540x496.jpg 540w" sizes="auto, (max-width: 836px) 100vw, 836px" /></figure>


<div  class="tribe-events-schedule tribe-clearfix" >
	<p class="tribe-events-schedule__datetime">
		<span class="tribe-events-schedule__date tribe-events-schedule__date--start">
			31 octobre 2024		</span>

					<span class="tribe-events-schedule__separator tribe-events-schedule__separator--date">
				 @ 			</span>
			<span class="tribe-events-schedule__time tribe-events-schedule__time--start">
				10:00			</span>
		
									<span class="tribe-events-schedule__separator tribe-events-schedule__separator--time">
					 &#8211; 				</span>
			
							<span class="tribe-events-schedule__time tribe-events-schedule__time--end">
					12:00				</span>
			
						</p>
</div>



<p><strong>Conférence dans le cadre du séminaire de master « Littérature indiciaire, littérature judiciaire », co-dirigé par Marta Caraion et Charlotte Dufour</strong></p>



<p>Judith Lyon-Caen (EHESS), historienne de la littérature, reviendra sur un fait divers qui a marqué l’année 1843, <em>l’affaire Fanchette</em>, et sur sa mise en récit par George Sand dans la Revue indépendante, l’occasion notamment de saisir les usages de la fiction dans le contexte médiatique, l’appareillage narratif déployé et les enjeux de la mise en enquête (policière et littéraire).</p>



<p>Vous pouvez retrouver le flyer de la conférence en cliquant <a href="https://wp.unil.ch/droitetlitterature/files/2024/10/Conference-Affaire-Fanchette.pdf" target="_blank" rel="noreferrer noopener">ici</a>.</p>



<p>Pour plus d&rsquo;informations sur l&rsquo;événement : <a href="https://agenda.unil.ch/display/1729154819905" target="_blank" rel="noreferrer noopener">https://agenda.unil.ch/display/1729154819905 </a></p>


	<div  class="tribe-block tribe-block__events-link" >
		<div class="tribe-events tribe-common">
			<div class="tribe-events-c-subscribe-dropdown__container">
				<div class="tribe-events-c-subscribe-dropdown">
					<div class="tribe-common-c-btn-border tribe-events-c-subscribe-dropdown__button">
						<svg
	 class="tribe-common-c-svgicon tribe-common-c-svgicon--cal-export tribe-events-c-subscribe-dropdown__export-icon" 	aria-hidden="true"
	viewBox="0 0 23 17"
	xmlns="http://www.w3.org/2000/svg"
>
	<path fill-rule="evenodd" clip-rule="evenodd" d="M.128.896V16.13c0 .211.145.383.323.383h15.354c.179 0 .323-.172.323-.383V.896c0-.212-.144-.383-.323-.383H.451C.273.513.128.684.128.896Zm16 6.742h-.901V4.679H1.009v10.729h14.218v-3.336h.901V7.638ZM1.01 1.614h14.218v2.058H1.009V1.614Z" />
	<path d="M20.5 9.846H8.312M18.524 6.953l2.89 2.909-2.855 2.855" stroke-width="1.2" stroke-linecap="round" stroke-linejoin="round"/>
</svg>
						<button
							class="tribe-events-c-subscribe-dropdown__button-text"
							aria-expanded="false"
							aria-controls="tribe-events-subscribe-dropdown-content"
							aria-label="Afficher les liens permettant d’ajouter des évènements à votre calendrier"
						>
							Ajouter au calendrier						</button>
						<svg
	 class="tribe-common-c-svgicon tribe-common-c-svgicon--caret-down tribe-events-c-subscribe-dropdown__button-icon" 	aria-hidden="true"
	viewBox="0 0 10 7"
	xmlns="http://www.w3.org/2000/svg"
>
	<path fill-rule="evenodd" clip-rule="evenodd" d="M1.008.609L5 4.6 8.992.61l.958.958L5 6.517.05 1.566l.958-.958z" class="tribe-common-c-svgicon__svg-fill"/>
</svg>
					</div>
					<div id="tribe-events-subscribe-dropdown-content" class="tribe-events-c-subscribe-dropdown__content">
						<ul class="tribe-events-c-subscribe-dropdown__list">
															<li class="tribe-events-c-subscribe-dropdown__list-item tribe-events-c-subscribe-dropdown__list-item--gcal">
									<a
										href="https://www.google.com/calendar/event?action=TEMPLATE&#038;dates=20241031T100000/20241031T120000&#038;text=Conf%C3%A9rence%20de%20Judith%20Lyon-Caen%20%28EHESS%29%20%3A%20%C2%AB%20George%20Sand%20justici%C3%A8re.%20L%E2%80%99affaire%20Fanchette%20%C2%BB%20%26%238211%3B%20UNIL&#038;details=%3Cfigure+class%3D%22wp-block-image+size-full+is-resized%22%3E%3Cimg+src%3D%22https%3A%2F%2Fwp.unil.ch%2Fdroitetlitterature%2Ffiles%2F2024%2F10%2FCapture-decran-2024-10-28-212608.jpg%22+alt%3D%22%22+class%3D%22wp-image-1879%22+style%3D%22width%3A483px%3Bheight%3Aauto%22+%2F%3E%3C%2Ffigure%3E%3Cp%3E%3Cstrong%3EConf%C3%A9rence+dans+le+cadre+du+s%C3%A9minaire+de+master+%C2%AB+Litt%C3%A9rature+indiciaire%2C+litt%C3%A9rature+judiciaire+%C2%BB%2C+co-dirig%C3%A9+par+Marta+Caraion+et+Charlotte+Dufour%3C%2Fstrong%3E%3C%2Fp%3E+%3Cp%3EJudith+Lyon-Caen+%28EHESS%29%2C+historienne+de+la+litt%C3%A9rature%2C+reviendra+sur+un+fait+divers+qui+a+marqu%C3%A9+l%E2%80%99ann%C3%A9e+1843%2C+%3Cem%3El%E2%80%99affaire+Fanchette%3C%2Fem%3E%2C+et+sur+sa+mise+en+r%C3%A9cit+par+George+Sand+dans+la+Revue+ind%C3%A9pendante%2C+l%E2%80%99occasion+notamment+de+saisir+les+usages+de+la+fiction+dans+le+contexte+m%C3%A9diatique%2C+l%E2%80%99appareillage+narratif+d%C3%A9ploy%C3%A9+et+les+enjeux+de+la+mise+en+enqu%C3%AAte+%28polici%C3%A8re+et+litt%C3%A9raire%29.%3C%2Fp%3E+%3Cp%3EVous+pouvez+retrouver+le+flyer+de+la+conf%C3%A9rence+en+cliquant+%3Ca+href%3D%22https%3A%2F%2Fwp.unil.ch%2Fdroitetlitterature%2Ffiles%2F2024%2F10%2FConference-Affaire-Fanchette.pdf%22+ta%3C%2Fp%3E%28Voir+toute+la+description+de+%C3%A9v%C3%A8nement+ici%C2%A0%3A+https%3A%2F%2Fwp.unil.ch%2Fdroitetlitterature%2Fevent%2Fconference-de-judith-lyon-caen-ehess-george-sand-justiciere-laffaire-fanchette%2F%29&#038;trp=false&#038;ctz=Europe/Zurich&#038;sprop=website:https://wp.unil.ch/droitetlitterature"
										class="tribe-events-c-subscribe-dropdown__list-item-link"
										target="_blank"
										rel="noopener noreferrer nofollow noindex"
									>
										Google Agenda									</a>
								</li>
															<li class="tribe-events-c-subscribe-dropdown__list-item tribe-events-c-subscribe-dropdown__list-item--ical">
									<a
										href=""
										class="tribe-events-c-subscribe-dropdown__list-item-link"
										target="_blank"
										rel="noopener noreferrer nofollow noindex"
									>
										iCalendar									</a>
								</li>
															<li class="tribe-events-c-subscribe-dropdown__list-item tribe-events-c-subscribe-dropdown__list-item--outlook-365">
									<a
										href=""
										class="tribe-events-c-subscribe-dropdown__list-item-link"
										target="_blank"
										rel="noopener noreferrer nofollow noindex"
									>
										Outlook 365									</a>
								</li>
															<li class="tribe-events-c-subscribe-dropdown__list-item tribe-events-c-subscribe-dropdown__list-item--outlook-live">
									<a
										href=""
										class="tribe-events-c-subscribe-dropdown__list-item-link"
										target="_blank"
										rel="noopener noreferrer nofollow noindex"
									>
										Outlook Live									</a>
								</li>
													</ul>
					</div>
				</div>
			</div>
		</div>
	</div>

<p>Conférence dans le cadre du séminaire de master « Littérature indiciaire, littérature judiciaire », co-dirigé par Marta Caraion et Charlotte Dufour Judith Lyon-Caen (EHESS), historienne de la littérature,&hellip;</p>
