{"id":6,"date":"2019-11-28T16:00:19","date_gmt":"2019-11-28T15:00:19","guid":{"rendered":"http:\/\/wp.unil.ch\/modele\/?page_id=6"},"modified":"2024-06-04T17:47:09","modified_gmt":"2024-06-04T15:47:09","slug":"home","status":"publish","type":"page","link":"https:\/\/wp.unil.ch\/droitetlitterature\/","title":{"rendered":"Laboratoire"},"content":{"rendered":"\n<p><strong>Le Laboratoire Droit &amp; Litt\u00e9rature s\u2019inscrit dans un projet de recherche interdisciplinaire et international co-dirig\u00e9 par Lo\u00efc Parein et Charlotte Dufour intitul\u00e9 \u00ab&nbsp;La puissance instituante de la litt\u00e9rature envers le droit &#8211; Les livres font-ils la loi&nbsp;?&nbsp;\u00bb<\/strong><\/p>\n\n\n\n<p><strong>Il consiste en une plateforme collaborative qui structure un vaste <a href=\"https:\/\/wp.unil.ch\/droitetlitterature\/reseau\/\">r\u00e9seau<\/a> compos\u00e9 de chercheuses et de chercheurs d\u2019une part et de membres de la soci\u00e9t\u00e9 civile d\u2019autre part. Il r\u00e9unit de mani\u00e8re transversale plusieurs disciplines, institutions et pays (Suisse, France et Belgique notamment).<\/strong><\/p>\n\n\n\n<div class=\"wp-block-group\"><div class=\"wp-block-group__inner-container is-layout-constrained wp-block-group-is-layout-constrained\">\n<h2 class=\"wp-block-heading\"><strong>Le Laboratoire Droit &amp; Litt\u00e9rature<\/strong><\/h2>\n\n\n\n<div class=\"wp-block-columns is-layout-flex wp-container-core-columns-is-layout-9d6595d7 wp-block-columns-is-layout-flex\">\n<div class=\"wp-block-column is-layout-flow wp-block-column-is-layout-flow\">\n<p>Le Laboratoire Droit &amp; Litt\u00e9rature a vu le jour en septembre 2023, apr\u00e8s avoir obtenu le financement de la Facult\u00e9 de droit, des sciences criminelles et d\u2019administration publique (<a href=\"https:\/\/www.unil.ch\/fdca\/fr\/home.html\">FDCA<\/a>) de l\u2019Universit\u00e9 de Lausanne (<a href=\"https:\/\/www.unil.ch\/index.html\">UNIL<\/a>) dans le cadre d\u2019un appel \u00e0 projet collaboratif initi\u00e9 par <a href=\"https:\/\/www.avocats-ch.ch\/avocat\/loic-parein\/\">Lo\u00efc Parein<\/a>, avocat sp\u00e9cialiste FSA droit p\u00e9nal et charg\u00e9 de cours \u00e0 l\u2019Unil \u00e0 la FDCA, et par <a href=\"https:\/\/www.unil.ch\/fra\/home\/menuinst\/collaborateurtrices\/litterature-moderne-2\/dufour-charlotte.html\">Charlotte Dufour<\/a>, juriste et ma\u00eetre assistante en litt\u00e9rature fran\u00e7aise \u00e0 la Facult\u00e9 des lettres de l\u2019Unil.<\/p>\n<\/div>\n\n\n\n<div class=\"wp-block-column is-layout-flow wp-block-column-is-layout-flow\">\n<p>Il a \u00e9t\u00e9 cr\u00e9\u00e9 afin de f\u00e9d\u00e9rer et de structurer les int\u00e9r\u00eats convergents autour des interactions entre la litt\u00e9rature et le droit. Pens\u00e9 comme une plateforme collaborative, il a principalement pour dessein de&nbsp;:<\/p>\n\n\n\n<ul class=\"wp-block-list\">\n<li>faciliter les \u00e9changes entre les chercheurs et chercheuses de g\u00e9n\u00e9rations, d\u2019horizons et de pays diff\u00e9rents&nbsp;<\/li>\n\n\n\n<li>favoriser la promotion d\u2019une r\u00e9flexion collective fond\u00e9e sur la mutualisation des connaissances&nbsp;<\/li>\n\n\n\n<li>relayer les actualit\u00e9s (\u00e9v\u00e9nements, cours\/s\u00e9minaires, etc.) sur la th\u00e9matique&nbsp;<\/li>\n\n\n\n<li>diffuser les derni\u00e8res parutions sur le sujet.<\/li>\n<\/ul>\n<\/div>\n\n\n\n<div class=\"wp-block-column is-layout-flow wp-block-column-is-layout-flow\">\n<p>En plus des activit\u00e9s g\u00e9n\u00e9rales mentionn\u00e9es ci-dessus, le Laboratoire Droit &amp; Litt\u00e9rature sert de noyau dur au <a href=\"https:\/\/wp.unil.ch\/droitetlitterature\/recherche\/\">projet de recherche<\/a> qui entend questionner l\u2019impact de la litt\u00e9rature sur le droit et \u00e9tudier plus exactement la possible cristallisation d\u2019un genre litt\u00e9raire de nature \u00e0 encourager la r\u00e9orientation de la politique r\u00e9pressive et <em>a fortiori<\/em> des institutions juridiques.<\/p>\n<\/div>\n<\/div>\n<\/div><\/div>\n\n\n\n<div class=\"wp-block-group has-light-background-background-color has-background\"><div class=\"wp-block-group__inner-container is-layout-constrained wp-block-group-is-layout-constrained\">\n<h2 class=\"wp-block-heading\"><a href=\"https:\/\/wp.unil.ch\/droitetlitterature\/actualites\/\">Actualit\u00e9s<\/a><\/h2>\n\n\n<!=========Events list Template 2.6.2=========><div id=\"ect-events-list-content\"><div id=\"list-wrp\" class=\"ect-list-wrapper all\"><div id=\"event-2788\" class=\"ect-list-post style-1 ect-simple-event future\"><div class=\"ect-list-post-left \">\n\t\t\t\t<div class=\"ect-list-img\" style=\"background-image:url(&#039;https:\/\/wp.unil.ch\/droitetlitterature\/files\/2026\/03\/diritto-et-letteratura-unifr.png&#039;);background-size:cover;\"><a href=\"https:\/\/wp.unil.ch\/droitetlitterature\/event\/journee-detude-diritto-e-letteratura-in-italia-tra-medioevo-e-rinascimento-secc-xii-xvi-testi-contesti-transiti\/\" alt=\"Journ\u00e9e d&rsquo;\u00e9tude &#8211; \u00ab\u00a0Diritto e Letteratura in Italia tra Medioevo e Rinascimento (secc. XII-XVI): testi, contesti, transiti\u00a0\u00bb\" rel=\"bookmark\"><div class=\"ect-list-date\"><div class=\"ect-date-area default-schedule\"><span class=\"ev-day\">16<\/span>\n\t\t\t\t\t<span class=\"ev-mo\">avril<\/span>\n\t\t\t\t\t<span class=\"ev-yr\">2026<\/span><\/div><\/div><\/a><\/div><\/div><!-- left-post close --><div class=\"ect-list-post-right\">\n\t\t\t\t<div class=\"ect-list-post-right-table\"><div class=\"ect-list-description\" style=\"width:100%;\"><h2 class=\"ect-list-title\"><a class=\"ect-event-url\" href=\"https:\/\/wp.unil.ch\/droitetlitterature\/event\/journee-detude-diritto-e-letteratura-in-italia-tra-medioevo-e-rinascimento-secc-xii-xvi-testi-contesti-transiti\/\" rel=\"bookmark\">Journ\u00e9e d&rsquo;\u00e9tude &#8211; \u00ab\u00a0Diritto e Letteratura in Italia tra Medioevo e Rinascimento (secc. XII-XVI): testi, contesti, transiti\u00a0\u00bb<\/a><\/h2><!-- Event Content --><div class=\"ect-event-content\"><p>L'Universit\u00e9 de Fribourg organise une journ\u00e9e d'\u00e9tude sur \"Droit et litt\u00e9rature en Italie entre Moyen \u00c2ge et Renaissance (XIIe\u2013XVIe si\u00e8cles)\" et se propose d'examiner les multiples formes d'interaction&hellip;<\/p>\n<\/div><a href=\"https:\/\/wp.unil.ch\/droitetlitterature\/event\/journee-detude-diritto-e-letteratura-in-italia-tra-medioevo-e-rinascimento-secc-xii-xvi-testi-contesti-transiti\/\" class=\"ect-events-read-more\" rel=\"bookmark\">Find out more<\/a><\/div><\/div><\/div><!-- right-wrapper close --><\/div><!-- event-loop-end --><\/div><\/div>\n\n<ul class=\"wp-block-latest-posts__list has-author wp-block-latest-posts\"><li><a class=\"wp-block-latest-posts__post-title\" href=\"https:\/\/wp.unil.ch\/droitetlitterature\/nouvelle-collection-law-literature-aux-editions-springer\/\">Nouvelle collection Law &amp; Literature aux \u00c9ditions Springer !<\/a><div class=\"wp-block-latest-posts__post-author\">par Camille Loutsch<\/div><div class=\"wp-block-latest-posts__post-excerpt\">Alexandra Juster, membre de notre r\u00e9seau et membre du working group \u00ab\u00a0Les jeunes chercheur-se-s en Droit&hellip;<\/div><\/li>\n<li><a class=\"wp-block-latest-posts__post-title\" href=\"https:\/\/wp.unil.ch\/droitetlitterature\/le-laboratoire-droit-litterature-represente-au-rendez-vous-de-linnovation-de-lunil\/\">Le Laboratoire Droit &amp; Litt\u00e9rature repr\u00e9sent\u00e9 au Rendez-vous de l\u2019innovation de l\u2019UNIL<\/a><div class=\"wp-block-latest-posts__post-author\">par Camille Loutsch<\/div><div class=\"wp-block-latest-posts__post-excerpt\">Comme chaque ann\u00e9e, le Rendez-vous de l\u2019innovation invite la communaut\u00e9 acad\u00e9mique de la Facult\u00e9 \u00e0 partager&hellip;<\/div><\/li>\n<\/ul><\/div><\/div>\n\n\n<script type=\"text\/javascript\">\n\/* <![CDATA[ *\/\nvar gform;gform||(document.addEventListener(\"gform_main_scripts_loaded\",function(){gform.scriptsLoaded=!0}),document.addEventListener(\"gform\/theme\/scripts_loaded\",function(){gform.themeScriptsLoaded=!0}),window.addEventListener(\"DOMContentLoaded\",function(){gform.domLoaded=!0}),gform={domLoaded:!1,scriptsLoaded:!1,themeScriptsLoaded:!1,isFormEditor:()=>\"function\"==typeof InitializeEditor,callIfLoaded:function(o){return!(!gform.domLoaded||!gform.scriptsLoaded||!gform.themeScriptsLoaded&&!gform.isFormEditor()||(gform.isFormEditor()&&console.warn(\"The use of gform.initializeOnLoaded() is deprecated in the form editor context and will be removed in Gravity Forms 3.1.\"),o(),0))},initializeOnLoaded:function(o){gform.callIfLoaded(o)||(document.addEventListener(\"gform_main_scripts_loaded\",()=>{gform.scriptsLoaded=!0,gform.callIfLoaded(o)}),document.addEventListener(\"gform\/theme\/scripts_loaded\",()=>{gform.themeScriptsLoaded=!0,gform.callIfLoaded(o)}),window.addEventListener(\"DOMContentLoaded\",()=>{gform.domLoaded=!0,gform.callIfLoaded(o)}))},hooks:{action:{},filter:{}},addAction:function(o,r,e,t){gform.addHook(\"action\",o,r,e,t)},addFilter:function(o,r,e,t){gform.addHook(\"filter\",o,r,e,t)},doAction:function(o){gform.doHook(\"action\",o,arguments)},applyFilters:function(o){return gform.doHook(\"filter\",o,arguments)},removeAction:function(o,r){gform.removeHook(\"action\",o,r)},removeFilter:function(o,r,e){gform.removeHook(\"filter\",o,r,e)},addHook:function(o,r,e,t,n){null==gform.hooks[o][r]&&(gform.hooks[o][r]=[]);var d=gform.hooks[o][r];null==n&&(n=r+\"_\"+d.length),gform.hooks[o][r].push({tag:n,callable:e,priority:t=null==t?10:t})},doHook:function(r,o,e){var t;if(e=Array.prototype.slice.call(e,1),null!=gform.hooks[r][o]&&((o=gform.hooks[r][o]).sort(function(o,r){return o.priority-r.priority}),o.forEach(function(o){\"function\"!=typeof(t=o.callable)&&(t=window[t]),\"action\"==r?t.apply(null,e):e[0]=t.apply(null,e)})),\"filter\"==r)return e[0]},removeHook:function(o,r,t,n){var e;null!=gform.hooks[o][r]&&(e=(e=gform.hooks[o][r]).filter(function(o,r,e){return!!(null!=n&&n!=o.tag||null!=t&&t!=o.priority)}),gform.hooks[o][r]=e)}});\n\/* ]]> *\/\n<\/script>\n\n                <div class='gf_browser_gecko gform_wrapper gravity-theme gform-theme--no-framework' data-form-theme='gravity-theme' data-form-index='0' id='gform_wrapper_3' >\n                        <div class='gform_heading'>\n                            <h2 class=\"gform_title\">Formulaire de contact<\/h2>\n                            <p class='gform_description'>Gr\u00e2ce \u00e0 ce formulaire, vous resterez au courant des activit\u00e9s du laboratoire.<\/p>\n                        <\/div><form method='post' enctype='multipart\/form-data'  id='gform_3'  action='\/droitetlitterature\/wp-json\/wp\/v2\/pages\/6' data-formid='3' novalidate><div class='gf_invisible ginput_recaptchav3' data-sitekey='6LdujuwpAAAAAPhxRpxIHMzMYtcnJGeT7dAg7O30' data-tabindex='0'><input id=\"input_bfdac43ce5b88fb280a46e2b292cbf67\" class=\"gfield_recaptcha_response\" type=\"hidden\" name=\"input_bfdac43ce5b88fb280a46e2b292cbf67\" value=\"\"\/><\/div>\n                        <div class='gform-body gform_body'><div id='gform_fields_3' class='gform_fields top_label form_sublabel_above description_above validation_below'><fieldset id=\"field_3_1\" class=\"gfield gfield--type-name gfield_contains_required field_sublabel_above gfield--no-description field_description_above field_validation_below gfield_visibility_visible\"  ><legend class='gfield_label gform-field-label gfield_label_before_complex' >Nom<span class=\"gfield_required\"><span class=\"gfield_required gfield_required_text\">(N\u00e9cessaire)<\/span><\/span><\/legend><div class='ginput_complex ginput_container ginput_container--name no_prefix has_first_name no_middle_name has_last_name no_suffix gf_name_has_2 ginput_container_name gform-grid-row' id='input_3_1'>\n                            \n                            <span id='input_3_1_3_container' class='name_first gform-grid-col gform-grid-col--size-auto' >\n                                                    <label for='input_3_1_3' class='gform-field-label gform-field-label--type-sub '>Pr\u00e9nom<\/label>\n                                                    <input type='text' name='input_1.3' id='input_3_1_3' value=''   aria-required='true'    autocomplete=\"given-name\" \/>\n                                                <\/span>\n                            \n                            <span id='input_3_1_6_container' class='name_last gform-grid-col gform-grid-col--size-auto' >\n                                                            <label for='input_3_1_6' class='gform-field-label gform-field-label--type-sub '>Nom<\/label>\n                                                            <input type='text' name='input_1.6' id='input_3_1_6' value=''   aria-required='true'    autocomplete=\"family-name\" \/>\n                                                        <\/span>\n                            \n                        <\/div><\/fieldset><fieldset id=\"field_3_2\" class=\"gfield gfield--type-email gfield_contains_required field_sublabel_above gfield--no-description field_description_above field_validation_below gfield_visibility_visible\"  ><legend class='gfield_label gform-field-label gfield_label_before_complex' >E-mail<span class=\"gfield_required\"><span class=\"gfield_required gfield_required_text\">(N\u00e9cessaire)<\/span><\/span><\/legend><div class='ginput_complex ginput_container ginput_container_email gform-grid-row' id='input_3_2_container'>\n                                <span id='input_3_2_1_container' class='ginput_left gform-grid-col gform-grid-col--size-auto'>\n                                    <label for='input_3_2' class='gform-field-label gform-field-label--type-sub '>Saisissez un e-mail<\/label>\n                                    <input class='' type='email' name='input_2' id='input_3_2' value=''    aria-required=\"true\" aria-invalid=\"false\"  autocomplete=\"email\"\/>\n                                <\/span>\n                                <span id='input_3_2_2_container' class='ginput_right gform-grid-col gform-grid-col--size-auto'>\n                                    <label for='input_3_2_2' class='gform-field-label gform-field-label--type-sub '>Confirmez l\u2019e-mail<\/label>\n                                    <input class='' type='email' name='input_2_2' id='input_3_2_2' value=''    aria-required=\"true\" aria-invalid=\"false\"  autocomplete=\"email\"\/>\n                                <\/span>\n                                <div class='gf_clear gf_clear_complex'><\/div>\n                            <\/div><\/fieldset><div id=\"field_3_3\" class=\"gfield gfield--type-textarea field_sublabel_above gfield--has-description field_description_above field_validation_below gfield_visibility_visible\"  ><label class='gfield_label gform-field-label' for='input_3_3'>Commentaires<\/label><div class='gfield_description' id='gfield_description_3_3'>Faites-nous savoir ce que vous pensez. Vous avez une question \u00e0 nous poser\u00a0? Posez-la.<\/div><div class='ginput_container ginput_container_textarea'><textarea name='input_3' id='input_3_3' class='textarea medium'  aria-describedby=\"gfield_description_3_3\" maxlength='600'   aria-invalid=\"false\"   rows='10' cols='50'><\/textarea><\/div><\/div><\/div><\/div>\n        <div class='gform-footer gform_footer top_label'> <input type='submit' id='gform_submit_button_3' class='gform_button button' onclick='gform.submission.handleButtonClick(this);' data-submission-type='submit' value='Envoyer'  \/> \n            <input type='hidden' class='gform_hidden' name='gform_submission_method' data-js='gform_submission_method_3' value='postback' \/>\n            <input type='hidden' class='gform_hidden' name='gform_theme' data-js='gform_theme_3' id='gform_theme_3' value='gravity-theme' \/>\n            <input type='hidden' class='gform_hidden' name='gform_style_settings' data-js='gform_style_settings_3' id='gform_style_settings_3' value='{&quot;inputPrimaryColor&quot;:&quot;#204ce5&quot;}' \/>\n            <input type='hidden' class='gform_hidden' name='is_submit_3' value='1' \/>\n            <input type='hidden' class='gform_hidden' name='gform_submit' value='3' \/>\n            \n            <input type='hidden' class='gform_hidden' name='gform_currency' data-currency='USD' value='wV6Vhty4HTrw3q2lZ+L6DX56yKCrJKF7XyMbvsT30d2abg5LR7q8wE6HKiwp1Zrl9bwIH27IKrE18kFlgEB\/466zhNAVps4y\/1HHzQle0hrvgm4=' \/>\n            <input type='hidden' class='gform_hidden' name='gform_unique_id' value='' \/>\n            <input type='hidden' class='gform_hidden' name='state_3' value='WyJbXSIsImE0NTAzOWYzZGZhMWUzOTA2NGI3ZjI1YzljYjJhODRkIl0=' \/>\n            <input type='hidden' autocomplete='off' class='gform_hidden' name='gform_target_page_number_3' id='gform_target_page_number_3' value='0' \/>\n            <input type='hidden' autocomplete='off' class='gform_hidden' name='gform_source_page_number_3' id='gform_source_page_number_3' value='1' \/>\n            <input type='hidden' name='gform_field_values' value='' \/>\n            \n        <\/div>\n                        <\/form>\n                        <\/div><script type=\"text\/javascript\">\n\/* <![CDATA[ *\/\n gform.initializeOnLoaded( function() {gformInitSpinner( 3, 'https:\/\/wp.unil.ch\/droitetlitterature\/wp-content\/plugins\/gravityforms\/images\/spinner.svg', true );jQuery('#gform_ajax_frame_3').on('load',function(){var contents = jQuery(this).contents().find('*').html();var is_postback = contents.indexOf('GF_AJAX_POSTBACK') >= 0;if(!is_postback){return;}var form_content = jQuery(this).contents().find('#gform_wrapper_3');var is_confirmation = jQuery(this).contents().find('#gform_confirmation_wrapper_3').length > 0;var is_redirect = contents.indexOf('gformRedirect(){') >= 0;var is_form = form_content.length > 0 && ! is_redirect && ! is_confirmation;var mt = parseInt(jQuery('html').css('margin-top'), 10) + parseInt(jQuery('body').css('margin-top'), 10) + 100;if(is_form){jQuery('#gform_wrapper_3').html(form_content.html());if(form_content.hasClass('gform_validation_error')){jQuery('#gform_wrapper_3').addClass('gform_validation_error');} else {jQuery('#gform_wrapper_3').removeClass('gform_validation_error');}setTimeout( function() { \/* delay the scroll by 50 milliseconds to fix a bug in chrome *\/  }, 50 );if(window['gformInitDatepicker']) {gformInitDatepicker();}if(window['gformInitPriceFields']) {gformInitPriceFields();}var current_page = jQuery('#gform_source_page_number_3').val();gformInitSpinner( 3, 'https:\/\/wp.unil.ch\/droitetlitterature\/wp-content\/plugins\/gravityforms\/images\/spinner.svg', true );jQuery(document).trigger('gform_page_loaded', [3, current_page]);window['gf_submitting_3'] = false;}else if(!is_redirect){var confirmation_content = jQuery(this).contents().find('.GF_AJAX_POSTBACK').html();if(!confirmation_content){confirmation_content = contents;}jQuery('#gform_wrapper_3').replaceWith(confirmation_content);jQuery(document).trigger('gform_confirmation_loaded', [3]);window['gf_submitting_3'] = false;wp.a11y.speak(jQuery('#gform_confirmation_message_3').text());}else{jQuery('#gform_3').append(contents);if(window['gformRedirect']) {gformRedirect();}}jQuery(document).trigger(\"gform_pre_post_render\", [{ formId: \"3\", currentPage: \"current_page\", abort: function() { this.preventDefault(); } }]);        if (event && event.defaultPrevented) {                return;        }        const gformWrapperDiv = document.getElementById( \"gform_wrapper_3\" );        if ( gformWrapperDiv ) {            const visibilitySpan = document.createElement( \"span\" );            visibilitySpan.id = \"gform_visibility_test_3\";            gformWrapperDiv.insertAdjacentElement( \"afterend\", visibilitySpan );        }        const visibilityTestDiv = document.getElementById( \"gform_visibility_test_3\" );        let postRenderFired = false;        function triggerPostRender() {            if ( postRenderFired ) {                return;            }            postRenderFired = true;            gform.core.triggerPostRenderEvents( 3, current_page );            if ( visibilityTestDiv ) {                visibilityTestDiv.parentNode.removeChild( visibilityTestDiv );            }        }        function debounce( func, wait, immediate ) {            var timeout;            return function() {                var context = this, args = arguments;                var later = function() {                    timeout = null;                    if ( !immediate ) func.apply( context, args );                };                var callNow = immediate && !timeout;                clearTimeout( timeout );                timeout = setTimeout( later, wait );                if ( callNow ) func.apply( context, args );            };        }        const debouncedTriggerPostRender = debounce( function() {            triggerPostRender();        }, 200 );        if ( visibilityTestDiv && visibilityTestDiv.offsetParent === null ) {            const observer = new MutationObserver( ( mutations ) => {                mutations.forEach( ( mutation ) => {                    if ( mutation.type === 'attributes' && visibilityTestDiv.offsetParent !== null ) {                        debouncedTriggerPostRender();                        observer.disconnect();                    }                });            });            observer.observe( document.body, {                attributes: true,                childList: false,                subtree: true,                attributeFilter: [ 'style', 'class' ],            });        } else {            triggerPostRender();        }    } );} ); \n\/* ]]> *\/\n<\/script>\n","protected":false},"excerpt":{"rendered":"<p>Le Laboratoire Droit &amp; Litt\u00e9rature s\u2019inscrit dans un projet de recherche interdisciplinaire et international co-dirig\u00e9 par Lo\u00efc Parein et Charlotte Dufour intitul\u00e9 \u00ab&nbsp;La puissance instituante de la litt\u00e9rature&hellip;<\/p>\n","protected":false},"author":108,"featured_media":211,"parent":0,"menu_order":0,"comment_status":"closed","ping_status":"closed","template":"template-full-width-cover.php","meta":{"_seopress_robots_primary_cat":"","_seopress_titles_title":"","_seopress_titles_desc":"","_seopress_robots_index":"","_EventAllDay":false,"_EventTimezone":"","_EventStartDate":"","_EventEndDate":"","_EventStartDateUTC":"","_EventEndDateUTC":"","_EventShowMap":false,"_EventShowMapLink":false,"_EventURL":"","_EventCost":"","_EventCostDescription":"","_EventCurrencySymbol":"","_EventCurrencyCode":"","_EventCurrencyPosition":"","_EventDateTimeSeparator":"","_EventTimeRangeSeparator":"","_EventOrganizerID":[],"_EventVenueID":[],"_OrganizerEmail":"","_OrganizerPhone":"","_OrganizerWebsite":"","_VenueAddress":"","_VenueCity":"","_VenueCountry":"","_VenueProvince":"","_VenueState":"","_VenueZip":"","_VenuePhone":"","_VenueURL":"","_VenueStateProvince":"","_VenueLat":"","_VenueLng":"","_VenueShowMap":false,"_VenueShowMapLink":false,"footnotes":""},"class_list":["post-6","page","type-page","status-publish","has-post-thumbnail","cat_evenements-a-venir"],"_links":{"self":[{"href":"https:\/\/wp.unil.ch\/droitetlitterature\/wp-json\/wp\/v2\/pages\/6","targetHints":{"allow":["GET"]}}],"collection":[{"href":"https:\/\/wp.unil.ch\/droitetlitterature\/wp-json\/wp\/v2\/pages"}],"about":[{"href":"https:\/\/wp.unil.ch\/droitetlitterature\/wp-json\/wp\/v2\/types\/page"}],"author":[{"embeddable":true,"href":"https:\/\/wp.unil.ch\/droitetlitterature\/wp-json\/wp\/v2\/users\/108"}],"replies":[{"embeddable":true,"href":"https:\/\/wp.unil.ch\/droitetlitterature\/wp-json\/wp\/v2\/comments?post=6"}],"version-history":[{"count":4,"href":"https:\/\/wp.unil.ch\/droitetlitterature\/wp-json\/wp\/v2\/pages\/6\/revisions"}],"predecessor-version":[{"id":1445,"href":"https:\/\/wp.unil.ch\/droitetlitterature\/wp-json\/wp\/v2\/pages\/6\/revisions\/1445"}],"wp:featuredmedia":[{"embeddable":true,"href":"https:\/\/wp.unil.ch\/droitetlitterature\/wp-json\/wp\/v2\/media\/211"}],"wp:attachment":[{"href":"https:\/\/wp.unil.ch\/droitetlitterature\/wp-json\/wp\/v2\/media?parent=6"}],"curies":[{"name":"wp","href":"https:\/\/api.w.org\/{rel}","templated":true}]}}