{"id":6,"date":"2019-11-28T16:00:19","date_gmt":"2019-11-28T15:00:19","guid":{"rendered":"http:\/\/wp.unil.ch\/modele\/?page_id=6"},"modified":"2025-09-01T14:58:14","modified_gmt":"2025-09-01T12:58:14","slug":"home","status":"publish","type":"page","link":"https:\/\/wp.unil.ch\/drehscheibe\/de_ch\/","title":{"rendered":"Willkommen!"},"content":{"rendered":"\n<p class=\"has-larger-font-size\"><strong>Die Schweiz als Drehscheibe internationaler Literatur. Eine Verlagsgeschichte der Schweiz im Zeitalter der Extreme, 1914-1991.<\/strong><\/p>\n\n\n<div class=\"wp-block-image\">\n<figure class=\"aligncenter size-large\"><img loading=\"lazy\" decoding=\"async\" width=\"1024\" height=\"577\" src=\"https:\/\/wp.unil.ch\/drehscheibe\/files\/2025\/07\/die-schweiz-als-drehscheibe-internationaler-literatur_visual-1024x577.jpg\" alt=\"Logo\" class=\"wp-image-205\" srcset=\"https:\/\/wp.unil.ch\/drehscheibe\/files\/2025\/07\/die-schweiz-als-drehscheibe-internationaler-literatur_visual-1024x577.jpg 1024w, https:\/\/wp.unil.ch\/drehscheibe\/files\/2025\/07\/die-schweiz-als-drehscheibe-internationaler-literatur_visual-300x169.jpg 300w, https:\/\/wp.unil.ch\/drehscheibe\/files\/2025\/07\/die-schweiz-als-drehscheibe-internationaler-literatur_visual-768x433.jpg 768w, https:\/\/wp.unil.ch\/drehscheibe\/files\/2025\/07\/die-schweiz-als-drehscheibe-internationaler-literatur_visual-1536x866.jpg 1536w, https:\/\/wp.unil.ch\/drehscheibe\/files\/2025\/07\/die-schweiz-als-drehscheibe-internationaler-literatur_visual-1200x676.jpg 1200w, https:\/\/wp.unil.ch\/drehscheibe\/files\/2025\/07\/die-schweiz-als-drehscheibe-internationaler-literatur_visual.jpg 1570w\" sizes=\"auto, (max-width: 1024px) 100vw, 1024px\" \/><\/figure>\n<\/div>\n\n\n<p>Willkommen! Dies ist die offizielle Projektwebseite des SNF-Projektes <strong>&#171;Die Schweiz als Drehscheibe internationaler Literatur. Eine Verlagsgeschichte der Schweiz im Zeitalter der Extreme, 1914-1991&#187;<\/strong>. Dieses Forschungsprojekt ist von der These geleitet, dass Schweizer Verlage im 20. Jahrhundert fr\u00fch als Instanzen der Internationalisierung von literarischer Kommunikation gewirkt haben und dass deren Untersuchung nicht zuletzt grunds\u00e4tzliche Aufschl\u00fcsse \u00fcber die transnationale Zirkulation von Literatur erwarten l\u00e4sst, wie sie zuletzt unter dem Begriff einer &#171;Globalgeschichte der Literatur&#187; erforscht wird.<\/p>\n\n\n\n<p><\/p>\n\n\n\n<p><sub>Logo: <em>\u00a9<\/em> Reinhard Schmidt<\/sub><\/p>\n\n\n\n<p><\/p>\n","protected":false},"excerpt":{"rendered":"<p>Die Schweiz als Drehscheibe internationaler Literatur. Eine Verlagsgeschichte der Schweiz im Zeitalter der Extreme, 1914-1991. Willkommen! Dies ist die offizielle Projektwebseite des SNF-Projektes &#171;Die Schweiz als Drehscheibe internationaler Literatur. Eine Verlagsgeschichte der Schweiz im Zeitalter der Extreme, 1914-1991&#187;. Dieses Forschungsprojekt ist von der These geleitet, dass Schweizer Verlage im 20. Jahrhundert fr\u00fch als Instanzen der [&hellip;]<\/p>\n","protected":false},"author":108,"featured_media":0,"parent":0,"menu_order":0,"comment_status":"closed","ping_status":"closed","template":"","meta":{"_seopress_robots_primary_cat":"","_seopress_titles_title":"","_seopress_titles_desc":"","_seopress_robots_index":"","footnotes":""},"class_list":["post-6","page","type-page","status-publish"],"_links":{"self":[{"href":"https:\/\/wp.unil.ch\/drehscheibe\/de_ch\/wp-json\/wp\/v2\/pages\/6","targetHints":{"allow":["GET"]}}],"collection":[{"href":"https:\/\/wp.unil.ch\/drehscheibe\/de_ch\/wp-json\/wp\/v2\/pages"}],"about":[{"href":"https:\/\/wp.unil.ch\/drehscheibe\/de_ch\/wp-json\/wp\/v2\/types\/page"}],"author":[{"embeddable":true,"href":"https:\/\/wp.unil.ch\/drehscheibe\/de_ch\/wp-json\/wp\/v2\/users\/108"}],"replies":[{"embeddable":true,"href":"https:\/\/wp.unil.ch\/drehscheibe\/de_ch\/wp-json\/wp\/v2\/comments?post=6"}],"version-history":[{"count":5,"href":"https:\/\/wp.unil.ch\/drehscheibe\/de_ch\/wp-json\/wp\/v2\/pages\/6\/revisions"}],"predecessor-version":[{"id":278,"href":"https:\/\/wp.unil.ch\/drehscheibe\/de_ch\/wp-json\/wp\/v2\/pages\/6\/revisions\/278"}],"wp:attachment":[{"href":"https:\/\/wp.unil.ch\/drehscheibe\/de_ch\/wp-json\/wp\/v2\/media?parent=6"}],"curies":[{"name":"wp","href":"https:\/\/api.w.org\/{rel}","templated":true}]}}

<p class="has-larger-font-size"><strong>Die Schweiz als Drehscheibe internationaler Literatur. Eine Verlagsgeschichte der Schweiz im Zeitalter der Extreme, 1914-1991.</strong></p>


<div class="wp-block-image">
<figure class="aligncenter size-large"><img loading="lazy" decoding="async" width="1024" height="577" src="https://wp.unil.ch/drehscheibe/files/2025/07/die-schweiz-als-drehscheibe-internationaler-literatur_visual-1024x577.jpg" alt="Logo" class="wp-image-205" srcset="https://wp.unil.ch/drehscheibe/files/2025/07/die-schweiz-als-drehscheibe-internationaler-literatur_visual-1024x577.jpg 1024w, https://wp.unil.ch/drehscheibe/files/2025/07/die-schweiz-als-drehscheibe-internationaler-literatur_visual-300x169.jpg 300w, https://wp.unil.ch/drehscheibe/files/2025/07/die-schweiz-als-drehscheibe-internationaler-literatur_visual-768x433.jpg 768w, https://wp.unil.ch/drehscheibe/files/2025/07/die-schweiz-als-drehscheibe-internationaler-literatur_visual-1536x866.jpg 1536w, https://wp.unil.ch/drehscheibe/files/2025/07/die-schweiz-als-drehscheibe-internationaler-literatur_visual-1200x676.jpg 1200w, https://wp.unil.ch/drehscheibe/files/2025/07/die-schweiz-als-drehscheibe-internationaler-literatur_visual.jpg 1570w" sizes="auto, (max-width: 1024px) 100vw, 1024px" /></figure>
</div>


<p>Willkommen! Dies ist die offizielle Projektwebseite des SNF-Projektes <strong>&#171;Die Schweiz als Drehscheibe internationaler Literatur. Eine Verlagsgeschichte der Schweiz im Zeitalter der Extreme, 1914-1991&#187;</strong>. Dieses Forschungsprojekt ist von der These geleitet, dass Schweizer Verlage im 20. Jahrhundert früh als Instanzen der Internationalisierung von literarischer Kommunikation gewirkt haben und dass deren Untersuchung nicht zuletzt grundsätzliche Aufschlüsse über die transnationale Zirkulation von Literatur erwarten lässt, wie sie zuletzt unter dem Begriff einer &#171;Globalgeschichte der Literatur&#187; erforscht wird.</p>



<p></p>



<p><sub>Logo: <em>©</em> Reinhard Schmidt</sub></p>



<p></p>

<p>Die Schweiz als Drehscheibe internationaler Literatur. Eine Verlagsgeschichte der Schweiz im Zeitalter der Extreme, 1914-1991. Willkommen! Dies ist die offizielle Projektwebseite des SNF-Projektes &#171;Die Schweiz als Drehscheibe internationaler Literatur. Eine Verlagsgeschichte der Schweiz im Zeitalter der Extreme, 1914-1991&#187;. Dieses Forschungsprojekt ist von der These geleitet, dass Schweizer Verlage im 20. Jahrhundert früh als Instanzen der [&hellip;]</p>
