{"id":164,"date":"2025-07-11T12:57:56","date_gmt":"2025-07-11T10:57:56","guid":{"rendered":"https:\/\/wp.unil.ch\/drehscheibe\/?page_id=164"},"modified":"2026-03-25T14:50:41","modified_gmt":"2026-03-25T13:50:41","slug":"our-team","status":"publish","type":"page","link":"https:\/\/wp.unil.ch\/drehscheibe\/de_ch\/our-team\/","title":{"rendered":"Unser Team"},"content":{"rendered":"\n<h2 class=\"wp-block-heading has-text-align-center\"><strong>Robert Leucht<\/strong><\/h2>\n\n\n\n<p class=\"has-text-align-center\">Projektleiter<\/p>\n\n\n<div class=\"wp-block-image is-style-rounded\">\n<figure class=\"aligncenter is-resized\"><img alt=\"leucht colour\" loading=\"lazy\" decoding=\"async\" width=\"150\" height=\"150\" src=\"https:\/\/wp.unil.ch\/drehscheibe\/files\/2025\/07\/leucht_colour-150x150.jpeg\" alt=\"\" class=\"wp-image-176\" style=\"object-fit:cover;width:200px;height:200px\" srcset=\"https:\/\/wp.unil.ch\/drehscheibe\/files\/2025\/07\/leucht_colour-150x150.jpeg 150w, https:\/\/wp.unil.ch\/drehscheibe\/files\/2025\/07\/leucht_colour-300x300.jpeg 300w, https:\/\/wp.unil.ch\/drehscheibe\/files\/2025\/07\/leucht_colour.jpeg 500w\" sizes=\"auto, (max-width: 150px) 100vw, 150px\" \/><\/figure>\n<\/div>\n\n\n<p>Robert Leucht ist Professeur ordinaire an der Universit\u00e9 de Lausanne und seit 2024 Leiter des SNF-Projekts \u00abDie Schweiz als Drehscheibe internationaler Literatur.\u00bb Er studierte Germanistik, Musikwissenschaft, Theaterwissenschaft und Publizistik an der Universit\u00e4t Wien. Von 2004\u20132008 war er Assistent, sp\u00e4ter Seminaroberassistent (2008\u20132013) und Wissenschaftlicher Mitarbeiter (2013\u20132016) an der Universit\u00e4t Z\u00fcrich, an der 2006 die Promotion und 2015 die Habilitation erfolgte. Zwischen 2015 und 2019 war er Gastwissenschaftler an der Humboldt-Universit\u00e4t zu Berlin (2015), der School of Advanced Study, London (2019) und der Tel Aviv University (2019), sowie Gastdozent am Queen Mary College, London (2015) und Max Kade Distinguished Visiting Professor an University of Illinois (2017). Zu seinen Forschungsschwerpunkten z\u00e4hlen die Exilforschung, Utopieforschung, Komparatistische Fragestellungen (Kulturtransfer, \u00dcbersetzen) sowie das Verh\u00e4ltnis von Literatur und Technikgeschichte. 2022 erschien Der Ingenieur. Grammatik eines Hoffnungstr\u00e4gers (Intercom 2022). Weitere Buchpublikationen sind: Dynamiken politischer Imagination. Die deutschsprachige Utopie von Stifter bis D\u00f6blin in ihren internationalen Kontexten, 1848\u20131930 (De Gruyter 2016) und Experiment und Erinnerung. Der Schriftsteller Walter Abish (B\u00f6hlau 2006).<\/p>\n\n\n\n<p>Kontakt:<em> <\/em><a href=\"mailto:robert.leucht@unil.ch\">robert.leucht@unil.ch<\/a><\/p>\n\n\n\n<figure class=\"wp-block-gallery has-nested-images columns-default is-cropped wp-block-gallery-1 is-layout-flex wp-block-gallery-is-layout-flex\"><\/figure>\n\n\n\n<h2 class=\"wp-block-heading has-text-align-center\"><strong>Ana Lupu<\/strong><\/h2>\n\n\n\n<p class=\"has-text-align-center\">Postdoktorandin<\/p>\n\n\n<div class=\"wp-block-image is-style-rounded\">\n<figure class=\"aligncenter size-large is-resized\"><img alt=\"lupu n\" loading=\"lazy\" decoding=\"async\" width=\"1200\" height=\"1200\" src=\"https:\/\/wp.unil.ch\/drehscheibe\/files\/2025\/07\/lupu_n-edited.jpg\" alt=\"\" class=\"wp-image-185\" style=\"aspect-ratio:1;object-fit:cover;width:200px\" srcset=\"https:\/\/wp.unil.ch\/drehscheibe\/files\/2025\/07\/lupu_n-edited.jpg 1200w, https:\/\/wp.unil.ch\/drehscheibe\/files\/2025\/07\/lupu_n-edited-300x300.jpg 300w, https:\/\/wp.unil.ch\/drehscheibe\/files\/2025\/07\/lupu_n-edited-1024x1024.jpg 1024w, https:\/\/wp.unil.ch\/drehscheibe\/files\/2025\/07\/lupu_n-edited-150x150.jpg 150w, https:\/\/wp.unil.ch\/drehscheibe\/files\/2025\/07\/lupu_n-edited-768x768.jpg 768w\" sizes=\"auto, (max-width: 1200px) 100vw, 1200px\" \/><figcaption class=\"wp-element-caption\">\u00a9 Ayse Yavas<\/figcaption><\/figure>\n<\/div>\n\n\n<p>Ana Lupu ist wissenschaftliche Mitarbeiterin (Postdoc) im SNF-Projekt &#171;Die Schweiz als Drehscheibe internationaler Literatur. Eine Verlagsgeschichte der Schweiz im Zeitalter der Extreme, 1914-1991&#187; und Lehrbeauftragte f\u00fcr neuere deutschsprachige Literatur an der Section d&#8217;allemand der Universit\u00e9 de Lausanne. Sie studierte Germanistik und Kunstgeschichte an der Universit\u00e4t Z\u00fcrich, an der sie 2024 mit einer Arbeit zur Rezeption der Antigone in Theorie und deutschsprachiger Nachkriegsliteratur promoviert wurde (SNF Doc.CH). Zwischen 2022 und 2023 war Ana Lupu Gastwissenschaftlerin am German Department der University of California, Berkeley. Ihre Forschungsschwerpunkte liegen im Bereich der Verlagsgeschichte, der Ideengeschichte des 18.-21. Jahrhunderts sowie der Gattungs- und Formtheorie. Weitere ihrer Forschungsinteressen gelten der Beziehung zwischen Literatur und Philosophie, der rum\u00e4nischen Literatur des 20.-21. Jahrhunderts sowie der deutschsprachigen Literatur des 20. Jahrhunderts in ihren sozialpolitischen und globalen Kontexten.<\/p>\n\n\n\n<p>Kontakt: <a href=\"mailto:ana.lupu@unil.ch\">ana.lupu@unil.ch<\/a><\/p>\n\n\n\n<p><\/p>\n\n\n\n<h2 class=\"wp-block-heading has-text-align-center\"><strong>Walter Schilling<\/strong><\/h2>\n\n\n\n<p class=\"has-text-align-center\">Doktorand<\/p>\n\n\n<div class=\"wp-block-image is-style-rounded\">\n<figure class=\"aligncenter size-large is-resized\"><img alt=\"walter\" loading=\"lazy\" decoding=\"async\" width=\"1000\" height=\"1000\" src=\"https:\/\/wp.unil.ch\/drehscheibe\/files\/2025\/07\/walter-1-edited.jpg\" alt=\"\" class=\"wp-image-189\" style=\"object-fit:cover;width:200px;height:200px\" srcset=\"https:\/\/wp.unil.ch\/drehscheibe\/files\/2025\/07\/walter-1-edited.jpg 1000w, https:\/\/wp.unil.ch\/drehscheibe\/files\/2025\/07\/walter-1-edited-300x300.jpg 300w, https:\/\/wp.unil.ch\/drehscheibe\/files\/2025\/07\/walter-1-edited-150x150.jpg 150w, https:\/\/wp.unil.ch\/drehscheibe\/files\/2025\/07\/walter-1-edited-768x768.jpg 768w\" sizes=\"auto, (max-width: 1000px) 100vw, 1000px\" \/><\/figure>\n<\/div>\n\n\n<p>Walter Schilling ist seit 2024 Doktorand im SNF-Projekt &#171;Die Schweiz als Drehscheibe internationaler Literatur.&#187; In seiner Dissertation untersucht er den Weg der Dadaisten und Konkreten Poeten von kleinen, selbstverlegten Zeitschriften hin zu gr\u00f6\u00dferen Verlagen. Im Zentrum stehen dabei die Ver\u00e4nderungen der literarischen Netzwerke, die Materialit\u00e4t der Texttr\u00e4ger und die visuelle Gestaltung der Publikationen. Schilling studierte von 2018 bis 2021 Deutsch und Medienwissenschaft im B.A. an der Humboldt-Universit\u00e4t zu Berlin und schloss dort 2024 auch seinen M.A. in Deutscher Literatur ab. Seine Forschungsschwerpunkte sind Literatur als visuelles Medium, das Zusammenspiel von Literatur und \u00d6konomie sowie die poetischen Avantgarden. Mit Eugen Gomringers Konstellationen setzte er sich bereits in dem Aufsatz Verlustfreie \u00dcbersetzungen auseinander.<\/p>\n\n\n\n<p>Kontakt: <a href=\"mailto:walter.schilling@unil.ch\">walter.schilling@unil.ch<\/a><\/p>\n\n\n\n<h2 class=\"wp-block-heading has-text-align-center\"><strong>Eleanor Zhang<\/strong><\/h2>\n\n\n\n<p class=\"has-text-align-center\">Doktorandin<\/p>\n\n\n<div class=\"wp-block-image is-style-rounded\">\n<figure class=\"aligncenter size-large is-resized\"><img alt=\"eleanor\" loading=\"lazy\" decoding=\"async\" width=\"1024\" height=\"838\" src=\"https:\/\/wp.unil.ch\/drehscheibe\/files\/2025\/07\/eleanor-1024x838.jpeg\" alt=\"\" class=\"wp-image-240\" style=\"object-fit:cover;width:200px;height:200px\" srcset=\"https:\/\/wp.unil.ch\/drehscheibe\/files\/2025\/07\/eleanor-1024x838.jpeg 1024w, https:\/\/wp.unil.ch\/drehscheibe\/files\/2025\/07\/eleanor-300x246.jpeg 300w, https:\/\/wp.unil.ch\/drehscheibe\/files\/2025\/07\/eleanor-768x629.jpeg 768w, https:\/\/wp.unil.ch\/drehscheibe\/files\/2025\/07\/eleanor-15x12.jpeg 15w, https:\/\/wp.unil.ch\/drehscheibe\/files\/2025\/07\/eleanor-1200x982.jpeg 1200w, https:\/\/wp.unil.ch\/drehscheibe\/files\/2025\/07\/eleanor.jpeg 1466w\" sizes=\"auto, (max-width: 1024px) 100vw, 1024px\" \/><\/figure>\n<\/div>\n\n\n<p>Eleanor Zhang promoviert seit 2025 im SNF-Projekt \u201eDie Schweiz als Drehscheibe internationaler Literatur\u201c. Ihre Dissertation befasst sich mit der Interaktion zwischen Materialit\u00e4t und Verbreitungsmustern internationaler Literatur und versucht dadurch, eine medienwissenschaftliche Herangehensweise an World Literature zu etablieren. Im Mittelpunkt stehen Versuche deutschsprachiger Verlage, die gegen Ende des Zweiten Weltkriegs anfingen, au\u00dfereurop\u00e4ische Literatur in die deutsche Sprache einzuf\u00fchren, unter anderem die Manesse Bibliothek der Weltliteratur.&nbsp;Zuvor studierte Eleanor Modern Languages an der University of Oxford (BA, 2022) und Film und Screen Studies an der University of Cambridge (MPhil, 2023). Als Aufbaustudium war sie zwischen 2023 und 2025 am Institut f\u00fcr Japanologie an der Universit\u00e4t Heidelberg.&nbsp;Ihre Forschungsinteressen liegen in Verlagsgeschichte, World Literature, Kanonisierung au\u00dfereurop\u00e4ischer Literatur und dem Wechselspiel zwischen Verlagsstrategien und visuellen Medien (Fotob\u00fcchern, Reiseb\u00fcchern).&nbsp;<\/p>\n\n\n\n<p>Kontakt: <a href=\"mailto:xuhui.zhang@unil.ch\" data-type=\"mailto\" data-id=\"mailto:xuhui.zhang@unil.ch\">xuhui.zhang@unil.ch<\/a><\/p>\n\n\n\n<h2 class=\"wp-block-heading has-text-align-center\">Niko Goldmann<\/h2>\n\n\n\n<p class=\"has-text-align-center\">Studententische Hilfskraft<\/p>\n\n\n<div class=\"wp-block-image is-style-rounded\">\n<figure class=\"aligncenter size-full is-resized\"><img loading=\"lazy\" decoding=\"async\" width=\"635\" height=\"635\" src=\"https:\/\/wp.unil.ch\/drehscheibe\/files\/2026\/03\/6e76520b-eb06-4557-be51-8becbe1a9728-1-e1774446413124.jpeg\" alt=\"6e76520b eb06 4557 be51 8becbe1a9728\" class=\"wp-image-320\" style=\"aspect-ratio:1.0633878873473457;width:186px;height:auto\" srcset=\"https:\/\/wp.unil.ch\/drehscheibe\/files\/2026\/03\/6e76520b-eb06-4557-be51-8becbe1a9728-1-e1774446413124.jpeg 635w, https:\/\/wp.unil.ch\/drehscheibe\/files\/2026\/03\/6e76520b-eb06-4557-be51-8becbe1a9728-1-e1774446413124-300x300.jpeg 300w, https:\/\/wp.unil.ch\/drehscheibe\/files\/2026\/03\/6e76520b-eb06-4557-be51-8becbe1a9728-1-e1774446413124-150x150.jpeg 150w, https:\/\/wp.unil.ch\/drehscheibe\/files\/2026\/03\/6e76520b-eb06-4557-be51-8becbe1a9728-1-e1774446413124-12x12.jpeg 12w\" sizes=\"auto, (max-width: 635px) 100vw, 635px\" \/><\/figure>\n<\/div>\n\n\n<p>Niko Goldmann ist seit 2026 studentische Hilfskraft im SNF-Projekt \u00abDie Schweiz als Drehscheibe internationaler Literatur. Eine Verlagsgeschichte der Schweiz im Zeitalter der Extreme, 1914-1991\u00bb unter der Leitung von Prof. Dr. Robert Leucht. Seit 2018 studiert er Germanistik und Slawistik an der Universit\u00e4t Lausanne, dazu geh\u00f6rt auch eine Spezialisierung in der literarischen \u00dcbersetzungswissenschaft. Parallel dazu arbeitet er seit 2024 im Schweizer Kompetenzzentrum Sozialwissenschaften (FORS) im Bereich Sekretariat in der Unterst\u00fctzung von Panelbefragungen und deren Anonymisierung. Seine Forschungsinteressen gelten der Literatur im deutsch- und (post-)sowjetischen Raum,&nbsp;mit Schwerpunkten zu den Themen&nbsp;Literatur und Geschichte bzw. experimentelle Literatur.&nbsp;<\/p>\n\n\n\n<p>Kontakt: <a href=\"mailto:niko.goldmann@unil.ch\" data-type=\"mailto\" data-id=\"mailto:niko.goldmann@unil.ch\">niko.goldmann@unil.ch<\/a><\/p>\n\n\n\n<p><\/p>\n\n\n\n<p><\/p>\n","protected":false},"excerpt":{"rendered":"<p>Robert Leucht Projektleiter Robert Leucht ist Professeur ordinaire an der Universit\u00e9 de Lausanne und seit 2024 Leiter des SNF-Projekts \u00abDie Schweiz als Drehscheibe internationaler Literatur.\u00bb Er studierte Germanistik, Musikwissenschaft, Theaterwissenschaft und Publizistik an der Universit\u00e4t Wien. Von 2004\u20132008 war er Assistent, sp\u00e4ter Seminaroberassistent (2008\u20132013) und Wissenschaftlicher Mitarbeiter (2013\u20132016) an der Universit\u00e4t Z\u00fcrich, an der 2006 [&hellip;]<\/p>\n","protected":false},"author":1003031,"featured_media":0,"parent":0,"menu_order":2,"comment_status":"closed","ping_status":"closed","template":"","meta":{"_seopress_robots_primary_cat":"","_seopress_titles_title":"","_seopress_titles_desc":"","_seopress_robots_index":"","footnotes":""},"class_list":["post-164","page","type-page","status-publish"],"_links":{"self":[{"href":"https:\/\/wp.unil.ch\/drehscheibe\/de_ch\/wp-json\/wp\/v2\/pages\/164","targetHints":{"allow":["GET"]}}],"collection":[{"href":"https:\/\/wp.unil.ch\/drehscheibe\/de_ch\/wp-json\/wp\/v2\/pages"}],"about":[{"href":"https:\/\/wp.unil.ch\/drehscheibe\/de_ch\/wp-json\/wp\/v2\/types\/page"}],"author":[{"embeddable":true,"href":"https:\/\/wp.unil.ch\/drehscheibe\/de_ch\/wp-json\/wp\/v2\/users\/1003031"}],"replies":[{"embeddable":true,"href":"https:\/\/wp.unil.ch\/drehscheibe\/de_ch\/wp-json\/wp\/v2\/comments?post=164"}],"version-history":[{"count":5,"href":"https:\/\/wp.unil.ch\/drehscheibe\/de_ch\/wp-json\/wp\/v2\/pages\/164\/revisions"}],"predecessor-version":[{"id":328,"href":"https:\/\/wp.unil.ch\/drehscheibe\/de_ch\/wp-json\/wp\/v2\/pages\/164\/revisions\/328"}],"wp:attachment":[{"href":"https:\/\/wp.unil.ch\/drehscheibe\/de_ch\/wp-json\/wp\/v2\/media?parent=164"}],"curies":[{"name":"wp","href":"https:\/\/api.w.org\/{rel}","templated":true}]}}

<h2 class="wp-block-heading has-text-align-center"><strong>Robert Leucht</strong></h2>



<p class="has-text-align-center">Projektleiter</p>


<div class="wp-block-image is-style-rounded">
<figure class="aligncenter is-resized"><img alt="leucht colour" loading="lazy" decoding="async" width="150" height="150" src="https://wp.unil.ch/drehscheibe/files/2025/07/leucht_colour-150x150.jpeg" alt="" class="wp-image-176" style="object-fit:cover;width:200px;height:200px" srcset="https://wp.unil.ch/drehscheibe/files/2025/07/leucht_colour-150x150.jpeg 150w, https://wp.unil.ch/drehscheibe/files/2025/07/leucht_colour-300x300.jpeg 300w, https://wp.unil.ch/drehscheibe/files/2025/07/leucht_colour.jpeg 500w" sizes="auto, (max-width: 150px) 100vw, 150px" /></figure>
</div>


<p>Robert Leucht ist Professeur ordinaire an der Université de Lausanne und seit 2024 Leiter des SNF-Projekts «Die Schweiz als Drehscheibe internationaler Literatur.» Er studierte Germanistik, Musikwissenschaft, Theaterwissenschaft und Publizistik an der Universität Wien. Von 2004–2008 war er Assistent, später Seminaroberassistent (2008–2013) und Wissenschaftlicher Mitarbeiter (2013–2016) an der Universität Zürich, an der 2006 die Promotion und 2015 die Habilitation erfolgte. Zwischen 2015 und 2019 war er Gastwissenschaftler an der Humboldt-Universität zu Berlin (2015), der School of Advanced Study, London (2019) und der Tel Aviv University (2019), sowie Gastdozent am Queen Mary College, London (2015) und Max Kade Distinguished Visiting Professor an University of Illinois (2017). Zu seinen Forschungsschwerpunkten zählen die Exilforschung, Utopieforschung, Komparatistische Fragestellungen (Kulturtransfer, Übersetzen) sowie das Verhältnis von Literatur und Technikgeschichte. 2022 erschien Der Ingenieur. Grammatik eines Hoffnungsträgers (Intercom 2022). Weitere Buchpublikationen sind: Dynamiken politischer Imagination. Die deutschsprachige Utopie von Stifter bis Döblin in ihren internationalen Kontexten, 1848–1930 (De Gruyter 2016) und Experiment und Erinnerung. Der Schriftsteller Walter Abish (Böhlau 2006).</p>



<p>Kontakt:<em> </em><a href="mailto:robert.leucht@unil.ch">robert.leucht@unil.ch</a></p>



<figure class="wp-block-gallery has-nested-images columns-default is-cropped wp-block-gallery-1 is-layout-flex wp-block-gallery-is-layout-flex"></figure>



<h2 class="wp-block-heading has-text-align-center"><strong>Ana Lupu</strong></h2>



<p class="has-text-align-center">Postdoktorandin</p>


<div class="wp-block-image is-style-rounded">
<figure class="aligncenter size-large is-resized"><img alt="lupu n" loading="lazy" decoding="async" width="1200" height="1200" src="https://wp.unil.ch/drehscheibe/files/2025/07/lupu_n-edited.jpg" alt="" class="wp-image-185" style="aspect-ratio:1;object-fit:cover;width:200px" srcset="https://wp.unil.ch/drehscheibe/files/2025/07/lupu_n-edited.jpg 1200w, https://wp.unil.ch/drehscheibe/files/2025/07/lupu_n-edited-300x300.jpg 300w, https://wp.unil.ch/drehscheibe/files/2025/07/lupu_n-edited-1024x1024.jpg 1024w, https://wp.unil.ch/drehscheibe/files/2025/07/lupu_n-edited-150x150.jpg 150w, https://wp.unil.ch/drehscheibe/files/2025/07/lupu_n-edited-768x768.jpg 768w" sizes="auto, (max-width: 1200px) 100vw, 1200px" /><figcaption class="wp-element-caption">© Ayse Yavas</figcaption></figure>
</div>


<p>Ana Lupu ist wissenschaftliche Mitarbeiterin (Postdoc) im SNF-Projekt &#171;Die Schweiz als Drehscheibe internationaler Literatur. Eine Verlagsgeschichte der Schweiz im Zeitalter der Extreme, 1914-1991&#187; und Lehrbeauftragte für neuere deutschsprachige Literatur an der Section d&#8217;allemand der Université de Lausanne. Sie studierte Germanistik und Kunstgeschichte an der Universität Zürich, an der sie 2024 mit einer Arbeit zur Rezeption der Antigone in Theorie und deutschsprachiger Nachkriegsliteratur promoviert wurde (SNF Doc.CH). Zwischen 2022 und 2023 war Ana Lupu Gastwissenschaftlerin am German Department der University of California, Berkeley. Ihre Forschungsschwerpunkte liegen im Bereich der Verlagsgeschichte, der Ideengeschichte des 18.-21. Jahrhunderts sowie der Gattungs- und Formtheorie. Weitere ihrer Forschungsinteressen gelten der Beziehung zwischen Literatur und Philosophie, der rumänischen Literatur des 20.-21. Jahrhunderts sowie der deutschsprachigen Literatur des 20. Jahrhunderts in ihren sozialpolitischen und globalen Kontexten.</p>



<p>Kontakt: <a href="mailto:ana.lupu@unil.ch">ana.lupu@unil.ch</a></p>



<p></p>



<h2 class="wp-block-heading has-text-align-center"><strong>Walter Schilling</strong></h2>



<p class="has-text-align-center">Doktorand</p>


<div class="wp-block-image is-style-rounded">
<figure class="aligncenter size-large is-resized"><img alt="walter" loading="lazy" decoding="async" width="1000" height="1000" src="https://wp.unil.ch/drehscheibe/files/2025/07/walter-1-edited.jpg" alt="" class="wp-image-189" style="object-fit:cover;width:200px;height:200px" srcset="https://wp.unil.ch/drehscheibe/files/2025/07/walter-1-edited.jpg 1000w, https://wp.unil.ch/drehscheibe/files/2025/07/walter-1-edited-300x300.jpg 300w, https://wp.unil.ch/drehscheibe/files/2025/07/walter-1-edited-150x150.jpg 150w, https://wp.unil.ch/drehscheibe/files/2025/07/walter-1-edited-768x768.jpg 768w" sizes="auto, (max-width: 1000px) 100vw, 1000px" /></figure>
</div>


<p>Walter Schilling ist seit 2024 Doktorand im SNF-Projekt &#171;Die Schweiz als Drehscheibe internationaler Literatur.&#187; In seiner Dissertation untersucht er den Weg der Dadaisten und Konkreten Poeten von kleinen, selbstverlegten Zeitschriften hin zu größeren Verlagen. Im Zentrum stehen dabei die Veränderungen der literarischen Netzwerke, die Materialität der Textträger und die visuelle Gestaltung der Publikationen. Schilling studierte von 2018 bis 2021 Deutsch und Medienwissenschaft im B.A. an der Humboldt-Universität zu Berlin und schloss dort 2024 auch seinen M.A. in Deutscher Literatur ab. Seine Forschungsschwerpunkte sind Literatur als visuelles Medium, das Zusammenspiel von Literatur und Ökonomie sowie die poetischen Avantgarden. Mit Eugen Gomringers Konstellationen setzte er sich bereits in dem Aufsatz Verlustfreie Übersetzungen auseinander.</p>



<p>Kontakt: <a href="mailto:walter.schilling@unil.ch">walter.schilling@unil.ch</a></p>



<h2 class="wp-block-heading has-text-align-center"><strong>Eleanor Zhang</strong></h2>



<p class="has-text-align-center">Doktorandin</p>


<div class="wp-block-image is-style-rounded">
<figure class="aligncenter size-large is-resized"><img alt="eleanor" loading="lazy" decoding="async" width="1024" height="838" src="https://wp.unil.ch/drehscheibe/files/2025/07/eleanor-1024x838.jpeg" alt="" class="wp-image-240" style="object-fit:cover;width:200px;height:200px" srcset="https://wp.unil.ch/drehscheibe/files/2025/07/eleanor-1024x838.jpeg 1024w, https://wp.unil.ch/drehscheibe/files/2025/07/eleanor-300x246.jpeg 300w, https://wp.unil.ch/drehscheibe/files/2025/07/eleanor-768x629.jpeg 768w, https://wp.unil.ch/drehscheibe/files/2025/07/eleanor-15x12.jpeg 15w, https://wp.unil.ch/drehscheibe/files/2025/07/eleanor-1200x982.jpeg 1200w, https://wp.unil.ch/drehscheibe/files/2025/07/eleanor.jpeg 1466w" sizes="auto, (max-width: 1024px) 100vw, 1024px" /></figure>
</div>


<p>Eleanor Zhang promoviert seit 2025 im SNF-Projekt „Die Schweiz als Drehscheibe internationaler Literatur“. Ihre Dissertation befasst sich mit der Interaktion zwischen Materialität und Verbreitungsmustern internationaler Literatur und versucht dadurch, eine medienwissenschaftliche Herangehensweise an World Literature zu etablieren. Im Mittelpunkt stehen Versuche deutschsprachiger Verlage, die gegen Ende des Zweiten Weltkriegs anfingen, außereuropäische Literatur in die deutsche Sprache einzuführen, unter anderem die Manesse Bibliothek der Weltliteratur.&nbsp;Zuvor studierte Eleanor Modern Languages an der University of Oxford (BA, 2022) und Film und Screen Studies an der University of Cambridge (MPhil, 2023). Als Aufbaustudium war sie zwischen 2023 und 2025 am Institut für Japanologie an der Universität Heidelberg.&nbsp;Ihre Forschungsinteressen liegen in Verlagsgeschichte, World Literature, Kanonisierung außereuropäischer Literatur und dem Wechselspiel zwischen Verlagsstrategien und visuellen Medien (Fotobüchern, Reisebüchern).&nbsp;</p>



<p>Kontakt: <a href="mailto:xuhui.zhang@unil.ch" data-type="mailto" data-id="mailto:xuhui.zhang@unil.ch">xuhui.zhang@unil.ch</a></p>



<h2 class="wp-block-heading has-text-align-center">Niko Goldmann</h2>



<p class="has-text-align-center">Studententische Hilfskraft</p>


<div class="wp-block-image is-style-rounded">
<figure class="aligncenter size-full is-resized"><img loading="lazy" decoding="async" width="635" height="635" src="https://wp.unil.ch/drehscheibe/files/2026/03/6e76520b-eb06-4557-be51-8becbe1a9728-1-e1774446413124.jpeg" alt="6e76520b eb06 4557 be51 8becbe1a9728" class="wp-image-320" style="aspect-ratio:1.0633878873473457;width:186px;height:auto" srcset="https://wp.unil.ch/drehscheibe/files/2026/03/6e76520b-eb06-4557-be51-8becbe1a9728-1-e1774446413124.jpeg 635w, https://wp.unil.ch/drehscheibe/files/2026/03/6e76520b-eb06-4557-be51-8becbe1a9728-1-e1774446413124-300x300.jpeg 300w, https://wp.unil.ch/drehscheibe/files/2026/03/6e76520b-eb06-4557-be51-8becbe1a9728-1-e1774446413124-150x150.jpeg 150w, https://wp.unil.ch/drehscheibe/files/2026/03/6e76520b-eb06-4557-be51-8becbe1a9728-1-e1774446413124-12x12.jpeg 12w" sizes="auto, (max-width: 635px) 100vw, 635px" /></figure>
</div>


<p>Niko Goldmann ist seit 2026 studentische Hilfskraft im SNF-Projekt «Die Schweiz als Drehscheibe internationaler Literatur. Eine Verlagsgeschichte der Schweiz im Zeitalter der Extreme, 1914-1991» unter der Leitung von Prof. Dr. Robert Leucht. Seit 2018 studiert er Germanistik und Slawistik an der Universität Lausanne, dazu gehört auch eine Spezialisierung in der literarischen Übersetzungswissenschaft. Parallel dazu arbeitet er seit 2024 im Schweizer Kompetenzzentrum Sozialwissenschaften (FORS) im Bereich Sekretariat in der Unterstützung von Panelbefragungen und deren Anonymisierung. Seine Forschungsinteressen gelten der Literatur im deutsch- und (post-)sowjetischen Raum,&nbsp;mit Schwerpunkten zu den Themen&nbsp;Literatur und Geschichte bzw. experimentelle Literatur.&nbsp;</p>



<p>Kontakt: <a href="mailto:niko.goldmann@unil.ch" data-type="mailto" data-id="mailto:niko.goldmann@unil.ch">niko.goldmann@unil.ch</a></p>



<p></p>



<p></p>

<p>Robert Leucht Projektleiter Robert Leucht ist Professeur ordinaire an der Université de Lausanne und seit 2024 Leiter des SNF-Projekts «Die Schweiz als Drehscheibe internationaler Literatur.» Er studierte Germanistik, Musikwissenschaft, Theaterwissenschaft und Publizistik an der Universität Wien. Von 2004–2008 war er Assistent, später Seminaroberassistent (2008–2013) und Wissenschaftlicher Mitarbeiter (2013–2016) an der Universität Zürich, an der 2006 [&hellip;]</p>
