{"id":237,"date":"2011-02-23T16:27:27","date_gmt":"2011-02-23T15:27:27","guid":{"rendered":"http:\/\/wp.unil.ch\/dispositifs\/"},"modified":"2026-02-24T13:16:58","modified_gmt":"2026-02-24T12:16:58","slug":"membres","status":"publish","type":"page","link":"https:\/\/wp.unil.ch\/dispositifs\/membres\/","title":{"rendered":"MEMBRES"},"content":{"rendered":"\n<h3 class=\"wp-block-heading\">Comit\u00e9<\/h3>\n\n\n\n<p><strong>Federico Pierotti<\/strong><br><a href=\"https:\/\/wp.unil.ch\/dispositifs\/federico-pierotti\/\">Publications<\/a><br><a href=\"https:\/\/applicationspub.unil.ch\/interpub\/noauth\/php\/Un\/UnPers.php?Lancode=37&amp;PerNum=1277686\">Page personnelle<\/a><\/p>\n\n\n\n<p><strong>Maria Tortajada<\/strong><br><a href=\"https:\/\/wp.unil.ch\/dispositifs\/bibliographie\/maria-tortajada\/\">Publications<\/a><br><a href=\"https:\/\/applicationspub.unil.ch\/interpub\/noauth\/php\/Un\/UnPers.php?Lancode=37&amp;PerNum=24999\">Page personnelle<\/a><\/p>\n\n\n\n<p><strong>St\u00e9phane Tralongo<\/strong><br><a href=\"https:\/\/wp.unil.ch\/dispositifs\/stephane-tralongo\/\">Publications<\/a><br><a href=\"https:\/\/applicationspub.unil.ch\/interpub\/noauth\/php\/Un\/UnPers.php?Lancode=37&amp;PerNum=1150591\">Page personnelle<\/a><\/p>\n\n\n\n<p><strong>No\u00e9 Maggetti<\/strong><br><a href=\"https:\/\/wp.unil.ch\/dispositifs\/noe-maggetti\/\">Publications<\/a><br><a href=\"https:\/\/applicationspub.unil.ch\/interpub\/noauth\/php\/Un\/UnPers.php?Lancode=37&amp;PerNum=1172637\">Page personnelle<\/a><br><a href=\"https:\/\/www.unil.ch\/cin\/fr\/home\/menuinst\/recherche\/programme-doctoral\/doctorantes.html#table_467\">Projet de th\u00e8se<\/a><\/p>\n\n\n\n<hr class=\"wp-block-separator has-alpha-channel-opacity\" \/>\n\n\n\n<h3 class=\"wp-block-heading\">Membres internes<\/h3>\n\n\n\n<p><strong>Mireille Berton<\/strong><br><a href=\"https:\/\/wp.unil.ch\/dispositifs\/mireille-berton\/\">Publications<\/a><br><a href=\"https:\/\/applicationspub.unil.ch\/interpub\/noauth\/php\/Un\/UnPers.php?PerNum=920957&amp;LanCode=37\">Page personnelle<\/a><\/p>\n\n\n\n<p><strong>Alain Boillat<\/strong><br><a href=\"https:\/\/wp.unil.ch\/dispositifs\/bibliographie\/alain-boillat\/\">Publications<\/a><br><a href=\"https:\/\/applicationspub.unil.ch\/interpub\/noauth\/php\/Un\/UnPers.php?Lancode=37&amp;PerNum=911499\">Page personnelle<\/a><\/p>\n\n\n\n<p><strong>Guilherme Machado<\/strong><br><a href=\"https:\/\/wp.unil.ch\/dispositifs\/guilherme-machado\/\">Publications<\/a><br><a href=\"https:\/\/applicationspub.unil.ch\/interpub\/noauth\/php\/Un\/UnPers.php?Lancode=37&amp;PerNum=1277765\">Page personnelle<\/a><\/p>\n\n\n\n<p><strong>Valentine Robert<\/strong><br><a href=\"https:\/\/wp.unil.ch\/dispositifs\/valentine-robert\/\">Publications<\/a><br><a href=\"https:\/\/applicationspub.unil.ch\/interpub\/noauth\/php\/Un\/UnPers.php?Lancode=37&amp;PerNum=53763\">Page personnelle<\/a><\/p>\n\n\n\n<p><strong>Jeanne de Roquefeuil<\/strong><br><a href=\"https:\/\/applicationspub.unil.ch\/interpub\/noauth\/php\/Un\/UnPers.php?Lancode=37&amp;PerNum=1239888\">Page personnelle<\/a><br><a href=\"https:\/\/www.unil.ch\/cin\/fr\/home\/menuinst\/recherche\/programme-doctoral\/doctorantes.html#table_467\">Projet de th\u00e8se<\/a><\/p>\n\n\n\n<p><strong>Michael Wagni\u00e8res<\/strong><br><a href=\"https:\/\/wp.unil.ch\/dispositifs\/michael-wagnieres\/\">Publications<\/a><br><a href=\"https:\/\/applicationspub.unil.ch\/interpub\/noauth\/php\/Un\/UnPers.php?Lancode=37&amp;PerNum=1171529\">Page personnelle<\/a><br><a href=\"https:\/\/www.unil.ch\/cin\/fr\/home\/menuinst\/recherche\/programme-doctoral\/doctorantes.html#table_467\">Projet de th\u00e8se<\/a><\/p>\n\n\n\n<p><strong>Anne-Katrin Weber<\/strong><br><a href=\"https:\/\/wp.unil.ch\/dispositifs\/anne-katrin-weber\/\">Publications<\/a><br><a href=\"https:\/\/applicationspub.unil.ch\/interpub\/noauth\/php\/Un\/UnPers.php?Lancode=37&amp;PerNum=41347\">Page personnelle<\/a><\/p>\n\n\n\n<hr class=\"wp-block-separator has-alpha-channel-opacity\" \/>\n\n\n\n<h3 class=\"wp-block-heading\">Membres externes<\/h3>\n\n\n\n<p><strong>Laurent Guido<\/strong><br><a href=\"https:\/\/wp.unil.ch\/dispositifs\/bibliographie\/laurent-guido\/\">Publications<\/a><br><a href=\"https:\/\/www.sorbonne-nouvelle.fr\/m-guido-laurent-799417.kjsp\">Page personnelle<\/a><\/p>\n\n\n\n<p><\/p>\n","protected":false},"excerpt":{"rendered":"<p>Comit\u00e9 Federico PierottiPublicationsPage personnelle Maria TortajadaPublicationsPage personnelle St\u00e9phane TralongoPublicationsPage personnelle No\u00e9 MaggettiPublicationsPage personnelleProjet de th\u00e8se Membres internes Mireille BertonPublicationsPage personnelle Alain BoillatPublicationsPage personnelle Guilherme MachadoPublicationsPage personnelle Valentine RobertPublicationsPage personnelle Jeanne &hellip; <\/p>\n","protected":false},"author":270,"featured_media":0,"parent":0,"menu_order":17,"comment_status":"closed","ping_status":"closed","template":"","meta":{"_seopress_robots_primary_cat":"","_seopress_titles_title":"","_seopress_titles_desc":"","_seopress_robots_index":"","footnotes":""},"class_list":["post-237","page","type-page","status-publish"],"_links":{"self":[{"href":"https:\/\/wp.unil.ch\/dispositifs\/wp-json\/wp\/v2\/pages\/237","targetHints":{"allow":["GET"]}}],"collection":[{"href":"https:\/\/wp.unil.ch\/dispositifs\/wp-json\/wp\/v2\/pages"}],"about":[{"href":"https:\/\/wp.unil.ch\/dispositifs\/wp-json\/wp\/v2\/types\/page"}],"author":[{"embeddable":true,"href":"https:\/\/wp.unil.ch\/dispositifs\/wp-json\/wp\/v2\/users\/270"}],"replies":[{"embeddable":true,"href":"https:\/\/wp.unil.ch\/dispositifs\/wp-json\/wp\/v2\/comments?post=237"}],"version-history":[{"count":5,"href":"https:\/\/wp.unil.ch\/dispositifs\/wp-json\/wp\/v2\/pages\/237\/revisions"}],"predecessor-version":[{"id":1638,"href":"https:\/\/wp.unil.ch\/dispositifs\/wp-json\/wp\/v2\/pages\/237\/revisions\/1638"}],"wp:attachment":[{"href":"https:\/\/wp.unil.ch\/dispositifs\/wp-json\/wp\/v2\/media?parent=237"}],"curies":[{"name":"wp","href":"https:\/\/api.w.org\/{rel}","templated":true}]}}