{"id":488,"date":"2018-01-22T11:11:37","date_gmt":"2018-01-22T10:11:37","guid":{"rendered":"http:\/\/wp.unil.ch\/dishumanities\/?page_id=488"},"modified":"2018-01-22T11:11:37","modified_gmt":"2018-01-22T10:11:37","slug":"accueil","status":"publish","type":"page","link":"https:\/\/wp.unil.ch\/dishumanities\/","title":{"rendered":"Accueil"},"content":{"rendered":"<p>Bienvenue sur le site web du cours <em>D\u00e9shumanit\u00e9s<\/em>!<\/p>\n<p>Ce cours, enseign\u00e9 par <a href=\"https:\/\/unil.academia.edu\/Val%C3%A9rieCossy\">Val\u00e9rie Cossy<\/a> et <a href=\"https:\/\/oxford.academia.edu\/AnasSareen\">Anas Sareen<\/a> en sciences humaines \u00e0 l&rsquo;EPFL au printemps 2016, se voulait une exploration des limites de l&rsquo;humain, \u00e0 travers les cr\u00e9ations artistiques des \u00e9tudiant.e.s.<\/p>\n<p>Sur ce site, vous trouverez des travaux qui s&rsquo;inspirent de <em>Frankenstein<\/em>, le roman \u00e9crit par Mary Shelley sur les bords du Lac L\u00e9man en 1816, regroup\u00e9s sous l&rsquo;onglet \u00ab\u00a0cr\u00e9atures\u00a0\u00bb, ainsi que des travaux qui questionnent les limites de l&rsquo;humain \u00e0 travers la mise en avant d&rsquo;une partie sp\u00e9cifique du corps, ou de l&rsquo;id\u00e9e de ce qui compte comme une vie humaine, sous l&rsquo;onglet \u00ab\u00a0d\u00e9compositions\u00a0\u00bb.<\/p>\n<p>Ces travaux repensent l&rsquo;humain \u00e0 travers un engagement avec une pluralit\u00e9 de supports: la photographie, le dessin, la peinture, la sculpture (en li\u00e8ge, m\u00e9tal et papier), la vid\u00e9o, la musique et \u00e9galement \u00e0 travers la\u00a0performance th\u00e9\u00e2trale.<\/p>\n<p>Notre ambition \u00e9tait d&rsquo;inciter nos (65)\u00a0\u00e9l\u00e8ves \u00e0 r\u00e9fl\u00e9chir \u00e0 la d\u00e9finition de \u00ab\u00a0l&rsquo;humain\u00a0\u00bb non gr\u00e2ce \u00e0 un enseignement ex-cathedra, dont ni les enseignants ni les \u00e9l\u00e8ves voulaient, mais par la\u00a0\u00a0pratique artisique. \u00c0 cet effet, plus de 8 workshops ont \u00e9t\u00e9 mis en place, permettant aux \u00e9tudiant.e.s de travailler avec des mentors qui ont su transmettre leur passion pour l&rsquo;objet, que ce soit sur le son et l&rsquo;espace, le montage vid\u00e9o ou les limites de la communication dans le th\u00e9\u00e2tre de Samuel Beckett.<\/p>\n<p>Bonne visite,<\/p>\n<p>Anas et Val\u00e9rie.<\/p>\n","protected":false},"excerpt":{"rendered":"<p>Bienvenue sur le site web du cours D\u00e9shumanit\u00e9s! Ce cours, enseign\u00e9 par Val\u00e9rie Cossy et Anas Sareen en sciences humaines \u00e0 l&rsquo;EPFL au printemps 2016, se voulait une exploration des limites de l&rsquo;humain, \u00e0&#46;&#46;&#46;<\/p>\n","protected":false},"author":108,"featured_media":0,"parent":0,"menu_order":0,"comment_status":"closed","ping_status":"closed","template":"","meta":{"_seopress_robots_primary_cat":"","_seopress_titles_title":"","_seopress_titles_desc":"","_seopress_robots_index":"","footnotes":""},"class_list":["post-488","page","type-page","status-publish"],"_links":{"self":[{"href":"https:\/\/wp.unil.ch\/dishumanities\/wp-json\/wp\/v2\/pages\/488","targetHints":{"allow":["GET"]}}],"collection":[{"href":"https:\/\/wp.unil.ch\/dishumanities\/wp-json\/wp\/v2\/pages"}],"about":[{"href":"https:\/\/wp.unil.ch\/dishumanities\/wp-json\/wp\/v2\/types\/page"}],"author":[{"embeddable":true,"href":"https:\/\/wp.unil.ch\/dishumanities\/wp-json\/wp\/v2\/users\/108"}],"replies":[{"embeddable":true,"href":"https:\/\/wp.unil.ch\/dishumanities\/wp-json\/wp\/v2\/comments?post=488"}],"version-history":[{"count":0,"href":"https:\/\/wp.unil.ch\/dishumanities\/wp-json\/wp\/v2\/pages\/488\/revisions"}],"wp:attachment":[{"href":"https:\/\/wp.unil.ch\/dishumanities\/wp-json\/wp\/v2\/media?parent=488"}],"curies":[{"name":"wp","href":"https:\/\/api.w.org\/{rel}","templated":true}]}}