{"id":365,"date":"2016-06-05T17:53:43","date_gmt":"2016-06-05T15:53:43","guid":{"rendered":"http:\/\/wp.unil.ch\/dishumanities\/?page_id=365"},"modified":"2018-01-22T14:16:05","modified_gmt":"2018-01-22T13:16:05","slug":"la-transformation-de-jean","status":"publish","type":"page","link":"https:\/\/wp.unil.ch\/dishumanities\/creatures\/la-transformation-de-jean\/","title":{"rendered":"La transformation de Jean"},"content":{"rendered":"<div class=\"justif\">\n<p><strong><em>Pierre Barre, Julie Guzzardi, Ic\u00ecar Llor\u00e9ns Jover, Marie Matos et Francis Sarazin<\/em><\/strong><br \/>\n<a href=\"interview\/\"><em>Cliquez ici pour acc\u00e9der \u00e0 l&rsquo;interview de ce projet !<\/em><\/a><\/p>\n<p><img loading=\"lazy\" decoding=\"async\" class=\"aligncenter wp-image-144 size-large\" src=\"https:\/\/wp.unil.ch\/dishumanities\/files\/2016\/05\/3-1-1024x694.jpg\" alt=\"3\" width=\"775\" height=\"525\" srcset=\"https:\/\/wp.unil.ch\/dishumanities\/files\/2016\/05\/3-1-1024x694.jpg 1024w, https:\/\/wp.unil.ch\/dishumanities\/files\/2016\/05\/3-1-300x203.jpg 300w, https:\/\/wp.unil.ch\/dishumanities\/files\/2016\/05\/3-1-768x521.jpg 768w, https:\/\/wp.unil.ch\/dishumanities\/files\/2016\/05\/3-1-295x200.jpg 295w, https:\/\/wp.unil.ch\/dishumanities\/files\/2016\/05\/3-1.jpg 1180w\" sizes=\"auto, (max-width: 775px) 100vw, 775px\" \/><\/p>\n<p>Ce groupe a pr\u00e9sent\u00e9 une sc\u00e8ne\u00a0de th\u00e9\u00e2tre inspir\u00e9 du <em>Rhinoc\u00e9ros<\/em> d&rsquo;Eug\u00e8ne Ionesco.<\/p>\n<\/div>\n","protected":false},"excerpt":{"rendered":"<p>Pierre Barre, Julie Guzzardi, Ic\u00ecar Llor\u00e9ns Jover, Marie Matos et Francis Sarazin Cliquez ici pour acc\u00e9der \u00e0 l&rsquo;interview de ce projet ! Ce groupe a pr\u00e9sent\u00e9 une sc\u00e8ne\u00a0de th\u00e9\u00e2tre inspir\u00e9 du Rhinoc\u00e9ros d&rsquo;Eug\u00e8ne Ionesco.<\/p>\n","protected":false},"author":1548,"featured_media":0,"parent":2,"menu_order":2,"comment_status":"closed","ping_status":"closed","template":"","meta":{"_seopress_robots_primary_cat":"","_seopress_titles_title":"","_seopress_titles_desc":"","_seopress_robots_index":"","footnotes":""},"class_list":["post-365","page","type-page","status-publish"],"_links":{"self":[{"href":"https:\/\/wp.unil.ch\/dishumanities\/wp-json\/wp\/v2\/pages\/365","targetHints":{"allow":["GET"]}}],"collection":[{"href":"https:\/\/wp.unil.ch\/dishumanities\/wp-json\/wp\/v2\/pages"}],"about":[{"href":"https:\/\/wp.unil.ch\/dishumanities\/wp-json\/wp\/v2\/types\/page"}],"author":[{"embeddable":true,"href":"https:\/\/wp.unil.ch\/dishumanities\/wp-json\/wp\/v2\/users\/1548"}],"replies":[{"embeddable":true,"href":"https:\/\/wp.unil.ch\/dishumanities\/wp-json\/wp\/v2\/comments?post=365"}],"version-history":[{"count":0,"href":"https:\/\/wp.unil.ch\/dishumanities\/wp-json\/wp\/v2\/pages\/365\/revisions"}],"up":[{"embeddable":true,"href":"https:\/\/wp.unil.ch\/dishumanities\/wp-json\/wp\/v2\/pages\/2"}],"wp:attachment":[{"href":"https:\/\/wp.unil.ch\/dishumanities\/wp-json\/wp\/v2\/media?parent=365"}],"curies":[{"name":"wp","href":"https:\/\/api.w.org\/{rel}","templated":true}]}}