{"id":362,"date":"2016-06-05T17:32:55","date_gmt":"2016-06-05T15:32:55","guid":{"rendered":"http:\/\/wp.unil.ch\/dishumanities\/?page_id=362"},"modified":"2018-01-22T14:18:36","modified_gmt":"2018-01-22T13:18:36","slug":"interview","status":"publish","type":"page","link":"https:\/\/wp.unil.ch\/dishumanities\/creatures\/confession-dun-monstre\/interview\/","title":{"rendered":"Interview du projet \u00ab\u00a0Confession d&rsquo;un monstre\u00a0\u00bb"},"content":{"rendered":"<div class=\"justif\"><a href=\"..\/\"><em>Cliquez ici pour acc\u00e9der au projet relatif \u00e0 cette interview !<\/em><\/a><\/p>\n<h6>Membres du groupe :<\/h6>\n<ul>\n<li>Scott Matthews Salmon, GC (Repr\u00e9sentant)<\/li>\n<li>Gr\u00e9goire Jamet, GC<\/li>\n<li>Loic Senser, GC<\/li>\n<li>Jean Viviant, GC<\/li>\n<li>Cyril Thillaye Du Boullay, GC<\/li>\n<\/ul>\n<h6>Qu\u2019est-ce qui t&rsquo;a donn\u00e9 envie de t&rsquo;inscrire dans ce cours ?<\/h6>\n<p>Je me suis inscrit un peu par d\u00e9pit dans ce cours, parce qu\u2019\u00e0 la base, j\u2019avais choisi une SHS dans laquelle j\u2019\u00e9tais tout seul, et c\u2019\u00e9tait un peu triste. Du coup, je me suis demand\u00e9 ce qui pourrait \u00eatre sympa, et j\u2019ai vu que l\u00e0 il y avait des projets artistiques et c\u2019\u00e9tait cool, alors je me suis dit, autant essayer.<\/p>\n<h6>En bref, ce n\u00e9ologisme, \u00ab Dishumanities \u00bb qu\u2019est-ce que cela t&rsquo;\u00e9voque ?<\/h6>\n<p>Moi \u00e7a m\u2019\u00e9voque surtout la repr\u00e9sentation de l\u2019humain, comment on se repr\u00e9sente et comment on peut se repr\u00e9senter devant d&rsquo;autres. C\u2019est pour \u00e7a qu\u2019on a choisi un sujet qui tourne autour de\u00a0<em>Frankenstein:<\/em>\u00a0c\u2019est un \u00ab\u00a0monstre\u00a0\u00bb, et on essaye d&rsquo;adopter un autre point de vue afin de\u00a0montrer, justement, que la cr\u00e9ature est humaine et que les humains sont des cr\u00e9atures.<\/p>\n<h6>Qu\u2019est-ce qui vous a motiv\u00e9 \u00e0 travailler sur un m\u00e9dium en particulier (le film) pour illustrer votre sujet ?<\/h6>\n<p>Premi\u00e8rement, c\u2019\u00e9tait pour la blague, parce qu\u2019on s\u2019est dit que \u00e7a pourrait \u00eatre dr\u00f4le de faire un projet vid\u00e9o et qu\u2019on allait bien rigoler en le faisant, et ensuite, notre projet est bas\u00e9 sur un film, du coup c\u2019\u00e9tait dans la suite plus ou moins logique de faire un projet vid\u00e9o. C\u2019est aussi la mani\u00e8re la plus simple de repr\u00e9senter les points de vue, avec le son et les images. Ou plut\u00f4t, la mani\u00e8re la moins compl\u00e8xe d&rsquo;y parvenir.<\/p>\n<h6>Quelles \u00e9taient les difficult\u00e9s que vous avez rencontr\u00e9es lors de la r\u00e9alisation du projet ?<\/h6>\n<p>La principale difficult\u00e9, c\u2019\u00e9tait de trouver des moments o\u00f9 on pouvait tous se voir en m\u00eame temps. Autrement, il n\u2019y a pas eu de grande difficult\u00e9, sauf peut-\u00eatre au montage, o\u00f9 on a eu quelques soucis parfois, et pour lequel il fallait avoir beaucoup de rigueur. En g\u00e9n\u00e9ral, les probl\u00e8mes \u00e9taient plut\u00f4t d\u2019aspect technique.<\/p>\n<\/div>\n","protected":false},"excerpt":{"rendered":"<p>Cliquez ici pour acc\u00e9der au projet relatif \u00e0 cette interview ! Membres du groupe : Scott Matthews Salmon, GC (Repr\u00e9sentant) Gr\u00e9goire Jamet, GC Loic Senser, GC Jean Viviant, GC Cyril Thillaye Du Boullay, GC&#46;&#46;&#46;<\/p>\n","protected":false},"author":1548,"featured_media":0,"parent":228,"menu_order":0,"comment_status":"closed","ping_status":"closed","template":"","meta":{"_seopress_robots_primary_cat":"","_seopress_titles_title":"","_seopress_titles_desc":"","_seopress_robots_index":"","footnotes":""},"class_list":["post-362","page","type-page","status-publish"],"_links":{"self":[{"href":"https:\/\/wp.unil.ch\/dishumanities\/wp-json\/wp\/v2\/pages\/362","targetHints":{"allow":["GET"]}}],"collection":[{"href":"https:\/\/wp.unil.ch\/dishumanities\/wp-json\/wp\/v2\/pages"}],"about":[{"href":"https:\/\/wp.unil.ch\/dishumanities\/wp-json\/wp\/v2\/types\/page"}],"author":[{"embeddable":true,"href":"https:\/\/wp.unil.ch\/dishumanities\/wp-json\/wp\/v2\/users\/1548"}],"replies":[{"embeddable":true,"href":"https:\/\/wp.unil.ch\/dishumanities\/wp-json\/wp\/v2\/comments?post=362"}],"version-history":[{"count":0,"href":"https:\/\/wp.unil.ch\/dishumanities\/wp-json\/wp\/v2\/pages\/362\/revisions"}],"up":[{"embeddable":true,"href":"https:\/\/wp.unil.ch\/dishumanities\/wp-json\/wp\/v2\/pages\/228"}],"wp:attachment":[{"href":"https:\/\/wp.unil.ch\/dishumanities\/wp-json\/wp\/v2\/media?parent=362"}],"curies":[{"name":"wp","href":"https:\/\/api.w.org\/{rel}","templated":true}]}}