{"id":32,"date":"2016-05-12T16:01:05","date_gmt":"2016-05-12T14:01:05","guid":{"rendered":"http:\/\/wp.unil.ch\/dishumanities\/?page_id=32"},"modified":"2018-01-22T14:05:43","modified_gmt":"2018-01-22T13:05:43","slug":"faux-portraits","status":"publish","type":"page","link":"https:\/\/wp.unil.ch\/dishumanities\/decompositions\/faux-portraits\/","title":{"rendered":"Faux portraits"},"content":{"rendered":"<div class=\"justif\"><strong><em>Alessandro Accardo, Michela Casanova, Yasmine El Karmoudi, Laetitia Hourse et Monia Woehner<\/em><\/strong><br \/>\n<a href=\"interview\/\"><em>Cliquez ici pour acc\u00e9der \u00e0 l&rsquo;interview de ce projet !<\/em><\/a><a title=\"Image 1\" href=\"https:\/\/wp.unil.ch\/dishumanities\/files\/2016\/05\/Symmetry.jpg\" rel=\"lightbox\"><img decoding=\"async\" class=\"aligncenter\" src=\"https:\/\/wp.unil.ch\/dishumanities\/files\/2016\/05\/Symmetry.jpg\" alt=\"img1\" width=\"300\" \/><\/a><\/p>\n<hr \/>\n<p>D\u00e8s le d\u00e9but de la phase \u00ab\u00a0projet\u00a0\u00bb, notre groupe s\u2019est int\u00e9ress\u00e9 au domaine de la photographie avec le but de se d\u00e9shumaniser.\u00a0Premi\u00e8rement, les diff\u00e9rents films trait\u00e9 en cours nous ont inspir\u00e9s \u00e0 suivre une vois d\u2019images \u201cfroides\u201d et \u201cimpersonnel\u201d, li\u00e9 par exemple \u00e0 la repr\u00e9sentation des clones dans le film \u201cCloud Atlas\u201d.\u00a0De plus, on a pu suivre plusieurs workshops, dont celui sur la \u201cphotographie criminelle\u201c, pendant lequel l\u2019id\u00e9e de se concentrer sur des portraits s&rsquo;est concr\u00e9tis\u00e9. La symm\u00e9trie comme \u00e9l\u00e9ment\u00a0d\u00e9shumanisant nous est venu pendant\u00a0la conf\u00e9rence\u00a0de Prof. Mads Rosendahl Thomsen.<\/p>\n<p><a title=\"Image 2\" href=\"https:\/\/wp.unil.ch\/dishumanities\/files\/2018\/01\/ReflectionsModifi-1024x734.jpg\"><img decoding=\"async\" class=\"aligncenter\" src=\"https:\/\/wp.unil.ch\/dishumanities\/files\/2018\/01\/ReflectionsModifi-1024x734.jpg\" alt=\"img3\" width=\"500\" \/><\/a><\/p>\n<hr \/>\n<p><a title=\"Image 3\" href=\"https:\/\/wp.unil.ch\/dishumanities\/files\/2016\/05\/Bildschirmfoto-2016-05-24-um-13.36.12-1024x512.jpg\" rel=\"lightbox\"><img decoding=\"async\" class=\"aligncenter\" src=\"https:\/\/wp.unil.ch\/dishumanities\/files\/2016\/05\/Bildschirmfoto-2016-05-24-um-13.36.12-1024x512.jpg\" alt=\"img3\" width=\"500\" \/><\/a><\/p>\n<p>Au d\u00e9but du travail cr\u00e9atif, nous n\u2019\u00e9tions pas s\u00fbrs des outils et moyens graphiques que nous allions employer. Premi\u00e8rement, nous avons donc choisi de travailler avec le logiciel Photoshop qui semblait pouvoir traduire nos id\u00e9es le mieux.\u00a0Apr\u00e8s plusieurs essais, on s\u2019est finalement concentr\u00e9 sur des portraits sym\u00e9triques. Pour une mise en sc\u00e8ne int\u00e9ressante, nous avons jou\u00e9 avec plusieurs arri\u00e8res plans, lumi\u00e8res, r\u00e9flexions etc. pour chaque image pendant l\u2019\u00e9tape de photographie.\u00a0Pendant l\u2019\u00e9dition de photos, nous avons relev\u00e9 les traits les plus saillants de chaque personne (taches de rousseurs, grains de beaut\u00e9 etc.) et de les amplifier \u00e0 l\u2019aide de la sym\u00e9trie.<\/p>\n<p><a title=\"Image 4\" href=\"https:\/\/wp.unil.ch\/dishumanities\/files\/2016\/05\/I-am-your-stranger-jump-.jpg\" rel=\"lightbox\"><img decoding=\"async\" class=\"aligncenter\" src=\"https:\/\/wp.unil.ch\/dishumanities\/files\/2016\/05\/I-am-your-stranger-jump-.jpg\" alt=\"img4\" width=\"300\" \/><\/a><\/p>\n<hr \/>\n<p><a title=\"Image 5\" href=\"https:\/\/wp.unil.ch\/dishumanities\/files\/2016\/05\/Stain.jpg\" rel=\"lightbox\"><img decoding=\"async\" class=\"aligncenter\" src=\"https:\/\/wp.unil.ch\/dishumanities\/files\/2016\/05\/Stain.jpg\" alt=\"img5\" width=\"300\" \/><\/a><\/p>\n<\/div>\n","protected":false},"excerpt":{"rendered":"<p>Alessandro Accardo, Michela Casanova, Yasmine El Karmoudi, Laetitia Hourse et Monia Woehner Cliquez ici pour acc\u00e9der \u00e0 l&rsquo;interview de ce projet ! D\u00e8s le d\u00e9but de la phase \u00ab\u00a0projet\u00a0\u00bb, notre groupe s\u2019est int\u00e9ress\u00e9 au&#46;&#46;&#46;<\/p>\n","protected":false},"author":1548,"featured_media":0,"parent":377,"menu_order":3,"comment_status":"closed","ping_status":"closed","template":"","meta":{"_seopress_robots_primary_cat":"","_seopress_titles_title":"","_seopress_titles_desc":"","_seopress_robots_index":"","footnotes":""},"class_list":["post-32","page","type-page","status-publish"],"_links":{"self":[{"href":"https:\/\/wp.unil.ch\/dishumanities\/wp-json\/wp\/v2\/pages\/32","targetHints":{"allow":["GET"]}}],"collection":[{"href":"https:\/\/wp.unil.ch\/dishumanities\/wp-json\/wp\/v2\/pages"}],"about":[{"href":"https:\/\/wp.unil.ch\/dishumanities\/wp-json\/wp\/v2\/types\/page"}],"author":[{"embeddable":true,"href":"https:\/\/wp.unil.ch\/dishumanities\/wp-json\/wp\/v2\/users\/1548"}],"replies":[{"embeddable":true,"href":"https:\/\/wp.unil.ch\/dishumanities\/wp-json\/wp\/v2\/comments?post=32"}],"version-history":[{"count":0,"href":"https:\/\/wp.unil.ch\/dishumanities\/wp-json\/wp\/v2\/pages\/32\/revisions"}],"up":[{"embeddable":true,"href":"https:\/\/wp.unil.ch\/dishumanities\/wp-json\/wp\/v2\/pages\/377"}],"wp:attachment":[{"href":"https:\/\/wp.unil.ch\/dishumanities\/wp-json\/wp\/v2\/media?parent=32"}],"curies":[{"name":"wp","href":"https:\/\/api.w.org\/{rel}","templated":true}]}}