{"id":168,"date":"2016-05-26T12:07:28","date_gmt":"2016-05-26T10:07:28","guid":{"rendered":"http:\/\/wp.unil.ch\/dishumanities\/?page_id=168"},"modified":"2018-01-22T12:22:49","modified_gmt":"2018-01-22T11:22:49","slug":"resonances","status":"publish","type":"page","link":"https:\/\/wp.unil.ch\/dishumanities\/creatures\/resonances\/","title":{"rendered":"R E S O N A N C E S"},"content":{"rendered":"<div class=\"justif\"><strong><em>Lucas Bastos Vieira, Raphael Delmu\u00e8, Marion Fonjallaz, Simon Jobin, Yamina Sam et Mathieu Viennet<\/em><\/strong><br \/>\n<a href=\"interview\/\"><em>Cliquez ici pour acc\u00e9der \u00e0 l&rsquo;interview de ce projet !<\/em><\/a><br \/>\nhttps:\/\/youtu.be\/-jP0YeH9Noc<\/p>\n<hr \/>\n<p class=\"p1\"><span class=\"s1\">R\u00e9alis\u00e9 sur la base de l&rsquo;\u0153uvre <i>Frankenstein <\/i>de Mary Shelley, notre projet propose une r\u00e9intepr\u00e9tation cin\u00e9matographique des grandes th\u00e9matiques abord\u00e9es dans le texte, en particulier les <span class=\"Apple-converted-space\">\u00a0<\/span>r\u00e9flexions de l&rsquo;auteure sur la nature humaine et ses limites. Au moyen d&rsquo;une s\u00e9lection de trois passages du livre dict\u00e9s en voix off, nous avons proc\u00e9d\u00e9 \u00e0 un collage de sc\u00e8nes extraites de deux films dont la th\u00e9matique intrins\u00e8que rejoint celle de l&rsquo;histoire du monstre. En effet, le but est donc d&rsquo;adapter de mani\u00e8re visuelle, auditive et sensorielle 3 oeuvres qui n&rsquo;ont \u00e0 priori aucun lien. Ce \u00ab\u00a0mash up\u00a0\u00bb permet d&rsquo;adopter un regard nouveau par association directe de diff\u00e9rents m\u00e9dias. Initi\u00e9e par le mouvement dada\u00efste, la m\u00e9thode du cadavre exquis visant \u00e0 lier de mani\u00e8re al\u00e9atoire plusieurs partie d&rsquo;un texte ou d&rsquo;un dessin, constitue une r\u00e9f\u00e9rence. Les 2 films que nous abordons dans ce travail sont \u00ab\u00a0Blade Runner\u00a0\u00bb et \u00ab\u00a0Cloud Atlas\u00a0\u00bb. Dans sa finalit\u00e9, notre projet vise \u00e0 mettre en avant les \u00e9l\u00e9ments qui nous rendent humain, et invers\u00e9ment.<\/span><\/p>\n<p>&nbsp;<\/p>\n<\/div>\n","protected":false},"excerpt":{"rendered":"<p>Lucas Bastos Vieira, Raphael Delmu\u00e8, Marion Fonjallaz, Simon Jobin, Yamina Sam et Mathieu Viennet Cliquez ici pour acc\u00e9der \u00e0 l&rsquo;interview de ce projet ! https:\/\/youtu.be\/-jP0YeH9Noc R\u00e9alis\u00e9 sur la base de l&rsquo;\u0153uvre Frankenstein de Mary&#46;&#46;&#46;<\/p>\n","protected":false},"author":1548,"featured_media":0,"parent":2,"menu_order":7,"comment_status":"closed","ping_status":"closed","template":"","meta":{"_seopress_robots_primary_cat":"","_seopress_titles_title":"","_seopress_titles_desc":"","_seopress_robots_index":"","footnotes":""},"class_list":["post-168","page","type-page","status-publish"],"_links":{"self":[{"href":"https:\/\/wp.unil.ch\/dishumanities\/wp-json\/wp\/v2\/pages\/168","targetHints":{"allow":["GET"]}}],"collection":[{"href":"https:\/\/wp.unil.ch\/dishumanities\/wp-json\/wp\/v2\/pages"}],"about":[{"href":"https:\/\/wp.unil.ch\/dishumanities\/wp-json\/wp\/v2\/types\/page"}],"author":[{"embeddable":true,"href":"https:\/\/wp.unil.ch\/dishumanities\/wp-json\/wp\/v2\/users\/1548"}],"replies":[{"embeddable":true,"href":"https:\/\/wp.unil.ch\/dishumanities\/wp-json\/wp\/v2\/comments?post=168"}],"version-history":[{"count":0,"href":"https:\/\/wp.unil.ch\/dishumanities\/wp-json\/wp\/v2\/pages\/168\/revisions"}],"up":[{"embeddable":true,"href":"https:\/\/wp.unil.ch\/dishumanities\/wp-json\/wp\/v2\/pages\/2"}],"wp:attachment":[{"href":"https:\/\/wp.unil.ch\/dishumanities\/wp-json\/wp\/v2\/media?parent=168"}],"curies":[{"name":"wp","href":"https:\/\/api.w.org\/{rel}","templated":true}]}}