{"id":147,"date":"2016-05-26T11:38:12","date_gmt":"2016-05-26T09:38:12","guid":{"rendered":"http:\/\/wp.unil.ch\/dishumanities\/?page_id=147"},"modified":"2018-01-22T12:21:48","modified_gmt":"2018-01-22T11:21:48","slug":"metaceros","status":"publish","type":"page","link":"https:\/\/wp.unil.ch\/dishumanities\/creatures\/metaceros\/","title":{"rendered":"M\u00e9tac\u00e9ros"},"content":{"rendered":"<p><strong><em>Florence Revaz et Salla Sivunen<\/em><\/strong><br \/>\n<a href=\"interview\/\"><em>Cliquez ici pour acc\u00e9der \u00e0 l&rsquo;interview de ce projet !<\/em><\/a><\/p>\n<p><img loading=\"lazy\" decoding=\"async\" class=\"aligncenter wp-image-142 size-large\" src=\"https:\/\/wp.unil.ch\/dishumanities\/files\/2016\/05\/1-1-1024x690.jpg\" alt=\"1\" width=\"775\" height=\"522\" srcset=\"https:\/\/wp.unil.ch\/dishumanities\/files\/2016\/05\/1-1-1024x690.jpg 1024w, https:\/\/wp.unil.ch\/dishumanities\/files\/2016\/05\/1-1-300x202.jpg 300w, https:\/\/wp.unil.ch\/dishumanities\/files\/2016\/05\/1-1-768x518.jpg 768w, https:\/\/wp.unil.ch\/dishumanities\/files\/2016\/05\/1-1-297x200.jpg 297w, https:\/\/wp.unil.ch\/dishumanities\/files\/2016\/05\/1-1.jpg 1187w\" sizes=\"auto, (max-width: 775px) 100vw, 775px\" \/><\/p>\n<p><img loading=\"lazy\" decoding=\"async\" class=\"aligncenter wp-image-143 size-large\" src=\"https:\/\/wp.unil.ch\/dishumanities\/files\/2016\/05\/2-1-1024x683.jpg\" alt=\"2\" width=\"775\" height=\"517\" srcset=\"https:\/\/wp.unil.ch\/dishumanities\/files\/2016\/05\/2-1-1024x683.jpg 1024w, https:\/\/wp.unil.ch\/dishumanities\/files\/2016\/05\/2-1-300x200.jpg 300w, https:\/\/wp.unil.ch\/dishumanities\/files\/2016\/05\/2-1-768x512.jpg 768w, https:\/\/wp.unil.ch\/dishumanities\/files\/2016\/05\/2-1.jpg 1200w\" sizes=\"auto, (max-width: 775px) 100vw, 775px\" \/><\/p>\n<p><img loading=\"lazy\" decoding=\"async\" class=\"aligncenter wp-image-144 size-large\" src=\"https:\/\/wp.unil.ch\/dishumanities\/files\/2016\/05\/3-1-1024x694.jpg\" alt=\"3\" width=\"775\" height=\"525\" srcset=\"https:\/\/wp.unil.ch\/dishumanities\/files\/2016\/05\/3-1-1024x694.jpg 1024w, https:\/\/wp.unil.ch\/dishumanities\/files\/2016\/05\/3-1-300x203.jpg 300w, https:\/\/wp.unil.ch\/dishumanities\/files\/2016\/05\/3-1-768x521.jpg 768w, https:\/\/wp.unil.ch\/dishumanities\/files\/2016\/05\/3-1-295x200.jpg 295w, https:\/\/wp.unil.ch\/dishumanities\/files\/2016\/05\/3-1.jpg 1180w\" sizes=\"auto, (max-width: 775px) 100vw, 775px\" \/><\/p>\n<p><img loading=\"lazy\" decoding=\"async\" class=\"aligncenter wp-image-145 size-large\" src=\"https:\/\/wp.unil.ch\/dishumanities\/files\/2016\/05\/4-1-1024x683.jpg\" alt=\"4\" width=\"775\" height=\"517\" srcset=\"https:\/\/wp.unil.ch\/dishumanities\/files\/2016\/05\/4-1-1024x683.jpg 1024w, https:\/\/wp.unil.ch\/dishumanities\/files\/2016\/05\/4-1-300x200.jpg 300w, https:\/\/wp.unil.ch\/dishumanities\/files\/2016\/05\/4-1-768x512.jpg 768w, https:\/\/wp.unil.ch\/dishumanities\/files\/2016\/05\/4-1.jpg 1200w\" sizes=\"auto, (max-width: 775px) 100vw, 775px\" \/><\/p>\n<p><img loading=\"lazy\" decoding=\"async\" class=\"aligncenter wp-image-146 size-large\" src=\"https:\/\/wp.unil.ch\/dishumanities\/files\/2016\/05\/5-1-1024x683.jpg\" alt=\"5\" width=\"775\" height=\"517\" srcset=\"https:\/\/wp.unil.ch\/dishumanities\/files\/2016\/05\/5-1-1024x683.jpg 1024w, https:\/\/wp.unil.ch\/dishumanities\/files\/2016\/05\/5-1-300x200.jpg 300w, https:\/\/wp.unil.ch\/dishumanities\/files\/2016\/05\/5-1-768x512.jpg 768w, https:\/\/wp.unil.ch\/dishumanities\/files\/2016\/05\/5-1.jpg 1200w\" sizes=\"auto, (max-width: 775px) 100vw, 775px\" \/><\/p>\n<hr \/>\n<p align=\"justify\">Nous avons collabor\u00e9 avec l&rsquo;\u00e9quipe de th\u00e9\u00e2tre qui met en sc\u00e8ne\u00a0le <em>Rhinoc\u00e9ros<\/em> d&rsquo;Eug\u00e8ne Ionesco. Nous voulions travailler artistiquement et nous sommes propos\u00e9s afin de r\u00e9aliser la transformation du Rhinoc\u00e9ros de l&rsquo;acte II Tableau II. De ce fait, notre projet, pris dans la globalit\u00e9 de la pi\u00e8ce de th\u00e9\u00e2tre, ce veut une interrogation\u00a0quant \u00e0 l&rsquo;humanit\u00e9 de\u00a0chacun. Tr\u00e8s souvent, l&rsquo;\u00eatre humain, au lieu de vivre et d&rsquo;exprimer ce qu&rsquo;il est, se cache derri\u00e8re des apparences et des conventions sociales, venant presque \u00e0 se transformer en un \u00eatre \u00ab\u00a0inhumain\u00a0\u00bb, un \u00eatre ayant perdu sa sensibilit\u00e9 envers le monde. Au fil des planches, Jean se transforme peu \u00e0 peu avec souffrance et haine pour dispara\u00eetre compl\u00e8tement et devenir un rhinoc\u00e9ros sans \u00e9motions.\u00a0Nous avons pris des portraits de l&rsquo;acteur jouant le r\u00f4le de Jean dans la pi\u00e8ce. Le but \u00e9tait qu&rsquo;il ext\u00e9riorise clairement la souffrance et la rage qui l&rsquo;habite lors de sa transformation en Rhinoc\u00e9ros.<\/p>\n<hr \/>\n<p align=\"justify\">Nous voulions retoucher les photos \u00e0 l&rsquo;aide du Trichlor\u00e9thyl\u00e8ne, une technique permettant de d\u00e9tacher l&rsquo;encre d&rsquo;une image imprim\u00e9e et de la red\u00e9poser sur un autre support. Malheureusement, la technique du trichlo n&rsquo;ayant pas donn\u00e9 de bons r\u00e9sultats nous avons opt\u00e9 pour des retouches Photoshop se rapprochant le plus possible du rendu trichlo. En effet, avec le trichlo lorsque l&rsquo;encre se repose sur le support, l&rsquo;image devient un peu vaporeuse et pigment\u00e9e. Comme notre support \u00e9tait en papier, nous avons pr\u00e9f\u00e9r\u00e9 un papier noir cartonn\u00e9 afin de travailler le\u00a0contraste avec la peau blanche du Rhinoc\u00e9ros. Nous avons utilis\u00e9 de la peinture acrylique et du papier imbib\u00e9 de peinture afin d&rsquo;obtenir une texture en relief \u00e0 la peau du Rhinoc\u00e9ros.<\/p>\n","protected":false},"excerpt":{"rendered":"<p>Florence Revaz et Salla Sivunen Cliquez ici pour acc\u00e9der \u00e0 l&rsquo;interview de ce projet ! Nous avons collabor\u00e9 avec l&rsquo;\u00e9quipe de th\u00e9\u00e2tre qui met en sc\u00e8ne\u00a0le Rhinoc\u00e9ros d&rsquo;Eug\u00e8ne Ionesco. Nous voulions travailler artistiquement et&#46;&#46;&#46;<\/p>\n","protected":false},"author":1548,"featured_media":0,"parent":2,"menu_order":1,"comment_status":"closed","ping_status":"closed","template":"","meta":{"_seopress_robots_primary_cat":"","_seopress_titles_title":"","_seopress_titles_desc":"","_seopress_robots_index":"","footnotes":""},"class_list":["post-147","page","type-page","status-publish"],"_links":{"self":[{"href":"https:\/\/wp.unil.ch\/dishumanities\/wp-json\/wp\/v2\/pages\/147","targetHints":{"allow":["GET"]}}],"collection":[{"href":"https:\/\/wp.unil.ch\/dishumanities\/wp-json\/wp\/v2\/pages"}],"about":[{"href":"https:\/\/wp.unil.ch\/dishumanities\/wp-json\/wp\/v2\/types\/page"}],"author":[{"embeddable":true,"href":"https:\/\/wp.unil.ch\/dishumanities\/wp-json\/wp\/v2\/users\/1548"}],"replies":[{"embeddable":true,"href":"https:\/\/wp.unil.ch\/dishumanities\/wp-json\/wp\/v2\/comments?post=147"}],"version-history":[{"count":0,"href":"https:\/\/wp.unil.ch\/dishumanities\/wp-json\/wp\/v2\/pages\/147\/revisions"}],"up":[{"embeddable":true,"href":"https:\/\/wp.unil.ch\/dishumanities\/wp-json\/wp\/v2\/pages\/2"}],"wp:attachment":[{"href":"https:\/\/wp.unil.ch\/dishumanities\/wp-json\/wp\/v2\/media?parent=147"}],"curies":[{"name":"wp","href":"https:\/\/api.w.org\/{rel}","templated":true}]}}