{"id":3860,"date":"2025-07-02T12:59:04","date_gmt":"2025-07-02T10:59:04","guid":{"rendered":"https:\/\/wp.unil.ch\/discoverunil\/?page_id=3860"},"modified":"2025-08-12T11:50:13","modified_gmt":"2025-08-12T09:50:13","slug":"chocolat","status":"publish","type":"page","link":"https:\/\/wp.unil.ch\/discoverunil\/chocolat\/","title":{"rendered":"Commande de chocolats pour les facult\u00e9s et services"},"content":{"rendered":"\n<p>Le Service des relations internationales lance une commande de chocolats personnalis\u00e9s une fois par mois, selon le calendrier envoy\u00e9 aux personnes de contact. La livraison a lieu environ deux semaines apr\u00e8s le d\u00e9lai de commande, \u00e9galement selon le calendrier, et doit \u00eatre r\u00e9cup\u00e9r\u00e9e en une fois aupr\u00e8s du SRI.<\/p>\n\n\n\n<p><strong>Bo\u00eetes disponibles<\/strong><\/p>\n\n\n\n<p>Les deux bo\u00eetes portent le nouveau logo de l&#8217;UNIL \u00e0 la place du logo du chocolatier visible sur certaines photos.<\/p>\n\n\n\n<p><em>Bo\u00eete &#8220;9 ganaches&#8221;<\/em><\/p>\n\n\n\n<figure class=\"wp-block-image size-large is-resized\"><img loading=\"lazy\" decoding=\"async\" width=\"1024\" height=\"820\" src=\"https:\/\/wp.unil.ch\/discoverunil\/files\/2025\/07\/9_pieces-1024x820.jpg\" alt=\"Bo\u00eete &quot;9 ganaches&quot;\" class=\"wp-image-3862\" style=\"width:489px\" srcset=\"https:\/\/wp.unil.ch\/discoverunil\/files\/2025\/07\/9_pieces-1024x820.jpg 1024w, https:\/\/wp.unil.ch\/discoverunil\/files\/2025\/07\/9_pieces-300x240.jpg 300w, https:\/\/wp.unil.ch\/discoverunil\/files\/2025\/07\/9_pieces-768x615.jpg 768w, https:\/\/wp.unil.ch\/discoverunil\/files\/2025\/07\/9_pieces-540x433.jpg 540w, https:\/\/wp.unil.ch\/discoverunil\/files\/2025\/07\/9_pieces-1080x865.jpg 1080w, https:\/\/wp.unil.ch\/discoverunil\/files\/2025\/07\/9_pieces-1320x1057.jpg 1320w, https:\/\/wp.unil.ch\/discoverunil\/files\/2025\/07\/9_pieces.jpg 1498w\" sizes=\"auto, (max-width: 1024px) 100vw, 1024px\" \/><\/figure>\n\n\n\n<figure class=\"wp-block-image size-full is-resized\"><img loading=\"lazy\" decoding=\"async\" width=\"490\" height=\"408\" src=\"https:\/\/wp.unil.ch\/discoverunil\/files\/2025\/07\/boites_9pces.png\" alt=\"boites 9pces\" class=\"wp-image-3878\" style=\"width:492px;height:auto\" srcset=\"https:\/\/wp.unil.ch\/discoverunil\/files\/2025\/07\/boites_9pces.png 490w, https:\/\/wp.unil.ch\/discoverunil\/files\/2025\/07\/boites_9pces-300x250.png 300w\" sizes=\"auto, (max-width: 490px) 100vw, 490px\" \/><\/figure>\n\n\n\n<p><em>Bo\u00eete &#8220;trilogie de 6 truffes grand cru&#8221;<\/em><\/p>\n\n\n\n<figure class=\"wp-block-image size-full is-resized\"><img loading=\"lazy\" decoding=\"async\" width=\"673\" height=\"681\" src=\"https:\/\/wp.unil.ch\/discoverunil\/files\/2025\/07\/trilogie.jpg\" alt=\"trilogie\" class=\"wp-image-3863\" style=\"width:492px\" srcset=\"https:\/\/wp.unil.ch\/discoverunil\/files\/2025\/07\/trilogie.jpg 673w, https:\/\/wp.unil.ch\/discoverunil\/files\/2025\/07\/trilogie-296x300.jpg 296w, https:\/\/wp.unil.ch\/discoverunil\/files\/2025\/07\/trilogie-100x100.jpg 100w, https:\/\/wp.unil.ch\/discoverunil\/files\/2025\/07\/trilogie-540x546.jpg 540w\" sizes=\"auto, (max-width: 673px) 100vw, 673px\" \/><\/figure>\n\n\n\n<figure class=\"wp-block-image size-full is-resized\"><img loading=\"lazy\" decoding=\"async\" width=\"490\" height=\"408\" src=\"https:\/\/wp.unil.ch\/discoverunil\/files\/2025\/07\/truffes_unil.png\" alt=\"truffes unil\" class=\"wp-image-3880\" style=\"width:491px;height:auto\" srcset=\"https:\/\/wp.unil.ch\/discoverunil\/files\/2025\/07\/truffes_unil.png 490w, https:\/\/wp.unil.ch\/discoverunil\/files\/2025\/07\/truffes_unil-300x250.png 300w\" sizes=\"auto, (max-width: 490px) 100vw, 490px\" \/><\/figure>\n\n\n\n<div class=\"wp-block-file\"><a id=\"wp-block-file--media-ae57dc69-81b6-433a-87b6-564c6d646aae\" href=\"https:\/\/wp.unil.ch\/discoverunil\/files\/2025\/07\/tableau_delais-2.pdf\" target=\"_blank\" rel=\"noreferrer noopener\">Tableau des dates de commandes et de livraisons<\/a><\/div>\n\n\n\n<h2 class=\"wp-block-heading\">Commande<\/h2>\n\n\n<script type=\"text\/javascript\">\n\/* <![CDATA[ *\/\nvar gform;gform||(document.addEventListener(\"gform_main_scripts_loaded\",function(){gform.scriptsLoaded=!0}),document.addEventListener(\"gform\/theme\/scripts_loaded\",function(){gform.themeScriptsLoaded=!0}),window.addEventListener(\"DOMContentLoaded\",function(){gform.domLoaded=!0}),gform={domLoaded:!1,scriptsLoaded:!1,themeScriptsLoaded:!1,isFormEditor:()=>\"function\"==typeof InitializeEditor,callIfLoaded:function(o){return!(!gform.domLoaded||!gform.scriptsLoaded||!gform.themeScriptsLoaded&&!gform.isFormEditor()||(gform.isFormEditor()&&console.warn(\"The use of gform.initializeOnLoaded() is deprecated in the form editor context and will be removed in Gravity Forms 3.1.\"),o(),0))},initializeOnLoaded:function(o){gform.callIfLoaded(o)||(document.addEventListener(\"gform_main_scripts_loaded\",()=>{gform.scriptsLoaded=!0,gform.callIfLoaded(o)}),document.addEventListener(\"gform\/theme\/scripts_loaded\",()=>{gform.themeScriptsLoaded=!0,gform.callIfLoaded(o)}),window.addEventListener(\"DOMContentLoaded\",()=>{gform.domLoaded=!0,gform.callIfLoaded(o)}))},hooks:{action:{},filter:{}},addAction:function(o,r,e,t){gform.addHook(\"action\",o,r,e,t)},addFilter:function(o,r,e,t){gform.addHook(\"filter\",o,r,e,t)},doAction:function(o){gform.doHook(\"action\",o,arguments)},applyFilters:function(o){return gform.doHook(\"filter\",o,arguments)},removeAction:function(o,r){gform.removeHook(\"action\",o,r)},removeFilter:function(o,r,e){gform.removeHook(\"filter\",o,r,e)},addHook:function(o,r,e,t,n){null==gform.hooks[o][r]&&(gform.hooks[o][r]=[]);var d=gform.hooks[o][r];null==n&&(n=r+\"_\"+d.length),gform.hooks[o][r].push({tag:n,callable:e,priority:t=null==t?10:t})},doHook:function(r,o,e){var t;if(e=Array.prototype.slice.call(e,1),null!=gform.hooks[r][o]&&((o=gform.hooks[r][o]).sort(function(o,r){return o.priority-r.priority}),o.forEach(function(o){\"function\"!=typeof(t=o.callable)&&(t=window[t]),\"action\"==r?t.apply(null,e):e[0]=t.apply(null,e)})),\"filter\"==r)return e[0]},removeHook:function(o,r,t,n){var e;null!=gform.hooks[o][r]&&(e=(e=gform.hooks[o][r]).filter(function(o,r,e){return!!(null!=n&&n!=o.tag||null!=t&&t!=o.priority)}),gform.hooks[o][r]=e)}});\n\/* ]]> *\/\n<\/script>\n\n                <div class='gf_browser_gecko gform_wrapper gravity-theme gform-theme--no-framework' data-form-theme='gravity-theme' data-form-index='0' id='gform_wrapper_19' >\n                        <div class='gform_heading'>\n                            <p class='gform_description'><\/p>\n\t\t\t\t\t\t\t<p class='gform_required_legend'>&quot;<span class=\"gfield_required gfield_required_asterisk\">*<\/span>&quot; indicates required fields<\/p>\n                        <\/div><form method='post' enctype='multipart\/form-data'  id='gform_19'  action='\/discoverunil\/wp-json\/wp\/v2\/pages\/3860' data-formid='19' novalidate><div class='gf_invisible ginput_recaptchav3' data-sitekey='6LdujuwpAAAAAPhxRpxIHMzMYtcnJGeT7dAg7O30' data-tabindex='0'><input id=\"input_7add6dd53b87a26f57719845dae068d3\" class=\"gfield_recaptcha_response\" type=\"hidden\" name=\"input_7add6dd53b87a26f57719845dae068d3\" value=\"\"\/><\/div>\n                        <div class='gform-body gform_body'><div id='gform_fields_19' class='gform_fields top_label form_sublabel_below description_above validation_below'><div id=\"field_19_2\" class=\"gfield gfield--type-text gfield--input-type-text gfield--width-full gfield_contains_required field_sublabel_below gfield--no-description field_description_above field_validation_below gfield_visibility_visible\"  ><label class='gfield_label gform-field-label' for='input_19_2'>Pr\u00e9nom<span class=\"gfield_required\"><span class=\"gfield_required gfield_required_asterisk\">*<\/span><\/span><\/label><div class='ginput_container ginput_container_text'><input name='input_2' id='input_19_2' type='text' value='' class='large'     aria-required=\"true\" aria-invalid=\"false\"   \/><\/div><\/div><div id=\"field_19_4\" class=\"gfield gfield--type-text gfield--input-type-text gfield--width-full gfield_contains_required field_sublabel_below gfield--no-description field_description_above field_validation_below gfield_visibility_visible\"  ><label class='gfield_label gform-field-label' for='input_19_4'>Nom<span class=\"gfield_required\"><span class=\"gfield_required gfield_required_asterisk\">*<\/span><\/span><\/label><div class='ginput_container ginput_container_text'><input name='input_4' id='input_19_4' type='text' value='' class='large'     aria-required=\"true\" aria-invalid=\"false\"   \/><\/div><\/div><div id=\"field_19_7\" class=\"gfield gfield--type-email gfield--input-type-email gfield--width-full gfield_contains_required field_sublabel_below gfield--no-description field_description_above field_validation_below gfield_visibility_visible\"  ><label class='gfield_label gform-field-label' for='input_19_7'>Adresse email<span class=\"gfield_required\"><span class=\"gfield_required gfield_required_asterisk\">*<\/span><\/span><\/label><div class='ginput_container ginput_container_email'>\n                            <input name='input_7' id='input_19_7' type='email' value='' class='large'    aria-required=\"true\" aria-invalid=\"false\"  \/>\n                        <\/div><\/div><div id=\"field_19_25\" class=\"gfield gfield--type-phone gfield--input-type-phone gfield--width-full gfield_contains_required field_sublabel_below gfield--no-description field_description_above field_validation_below gfield_visibility_visible\"  ><label class='gfield_label gform-field-label' for='input_19_25'>Num\u00e9ro de t\u00e9l\u00e9phone<span class=\"gfield_required\"><span class=\"gfield_required gfield_required_asterisk\">*<\/span><\/span><\/label><div class='ginput_container ginput_container_phone'><input name='input_25' id='input_19_25' type='tel' value='' class='large'   aria-required=\"true\" aria-invalid=\"false\"   \/><\/div><\/div><div id=\"field_19_14\" class=\"gfield gfield--type-text gfield--input-type-text gfield--width-full gfield_contains_required field_sublabel_below gfield--no-description field_description_above field_validation_below gfield_visibility_visible\"  ><label class='gfield_label gform-field-label' for='input_19_14'>Facult\u00e9\/service<span class=\"gfield_required\"><span class=\"gfield_required gfield_required_asterisk\">*<\/span><\/span><\/label><div class='ginput_container ginput_container_text'><input name='input_14' id='input_19_14' type='text' value='' class='large'     aria-required=\"true\" aria-invalid=\"false\"   \/><\/div><\/div><div id=\"field_19_15\" class=\"gfield gfield--type-textarea gfield--input-type-textarea gfield--width-full gfield_contains_required field_sublabel_below gfield--no-description field_description_above field_validation_below gfield_visibility_visible\"  ><label class='gfield_label gform-field-label' for='input_19_15'>Adresse de facturation<span class=\"gfield_required\"><span class=\"gfield_required gfield_required_asterisk\">*<\/span><\/span><\/label><div class='ginput_container ginput_container_textarea'><textarea name='input_15' id='input_19_15' class='textarea large'     aria-required=\"true\" aria-invalid=\"false\"   rows='10' cols='50'><\/textarea><\/div><\/div><div id=\"field_19_32\" class=\"gfield gfield--type-product gfield--input-type-singleproduct gfield--width-full gfield_price gfield_price_19_32 gfield_product_19_32 field_sublabel_below gfield--no-description field_description_above field_validation_below gfield_visibility_visible\"  ><label class='gfield_label gform-field-label gfield_label_before_complex' for='input_19_32_1'>Bo\u00eete &quot;9 ganaches&quot;<\/label><div class='ginput_container ginput_container_singleproduct'>\n\t\t\t\t\t<input type='hidden' name='input_32.1' value='Bo\u00eete &quot;9 ganaches&quot;' class='gform_hidden' \/>\n\t\t\t\t\t<div id='ginput_product_price_19_32' class='ginput_product_price_wrapper'>\n\t\t\t\t\t\t<label for='ginput_base_price_19_32' class='gform-field-label gform-field-label--type-sub-large ginput_product_price_label'>Price:<\/label>\n\t\t\t\t\t\t\t<input type='text' readonly name='input_32.2' class='ginput_product_price gform-text-input-reset' id='ginput_base_price_19_32' value='CHF 15.00'  \/>\n\t\t\t\t\t<\/div>\n\t\t\t\t\t\n\t\t\t\t<\/div><\/div><div id=\"field_19_33\" class=\"gfield gfield--type-quantity gfield--input-type-number gfield--width-full gfield_price gfield_price_19_32 gfield_quantity gfield_quantity_19_32 field_sublabel_below gfield--has-description field_description_above hidden_label field_validation_below gfield_visibility_visible\"  ><label class='gfield_label gform-field-label' for='input_19_33'>Bo\u00eetes &quot;9 ganaches&quot; command\u00e9es<\/label><div class='gfield_description' id='gfield_description_19_33'>Nombre de bo\u00eetes &#8220;9 ganaches&#8221; command\u00e9es<\/div><div class='ginput_container ginput_container_number'><input name='input_33' id='input_19_33' type='number' step='any'   value='' class='large'      aria-invalid=\"false\" aria-describedby=\"gfield_description_19_33\" \/><\/div><\/div><div id=\"field_19_36\" class=\"gfield gfield--type-product gfield--input-type-singleproduct gfield--width-full gfield_price gfield_price_19_36 gfield_product_19_36 field_sublabel_below gfield--no-description field_description_above field_validation_below gfield_visibility_visible\"  ><label class='gfield_label gform-field-label gfield_label_before_complex' for='input_19_36_1'>Bo\u00eete &quot;Trilogie 6 truffes&quot;<\/label><div class='ginput_container ginput_container_singleproduct'>\n\t\t\t\t\t<input type='hidden' name='input_36.1' value='Bo\u00eete &quot;Trilogie 6 truffes&quot;' class='gform_hidden' \/>\n\t\t\t\t\t<div id='ginput_product_price_19_36' class='ginput_product_price_wrapper'>\n\t\t\t\t\t\t<label for='ginput_base_price_19_36' class='gform-field-label gform-field-label--type-sub-large ginput_product_price_label'>Price:<\/label>\n\t\t\t\t\t\t\t<input type='text' readonly name='input_36.2' class='ginput_product_price gform-text-input-reset' id='ginput_base_price_19_36' value='CHF 12.00'  \/>\n\t\t\t\t\t<\/div>\n\t\t\t\t\t\n\t\t\t\t<\/div><\/div><div id=\"field_19_37\" class=\"gfield gfield--type-quantity gfield--input-type-number gfield--width-full gfield_price gfield_price_19_36 gfield_quantity gfield_quantity_19_36 field_sublabel_below gfield--has-description field_description_above hidden_label field_validation_below gfield_visibility_visible\"  ><label class='gfield_label gform-field-label' for='input_19_37'>Nombre de bo\u00eetes &quot;Trilogie 6 truffes&quot;<\/label><div class='gfield_description' id='gfield_description_19_37'>Nombre de bo\u00eetes &#8220;Trilogie 6 truffes&#8221; command\u00e9es<\/div><div class='ginput_container ginput_container_number'><input name='input_37' id='input_19_37' type='number' step='any'   value='' class='large'      aria-invalid=\"false\" aria-describedby=\"gfield_description_19_37\" \/><\/div><\/div><div id=\"field_19_34\" class=\"gfield gfield--type-total gfield--input-type-total gfield--width-full gfield_price gfield_price_19_ gfield_total gfield_total_19_ field_sublabel_below gfield--no-description field_description_above field_validation_below gfield_visibility_visible\"  aria-atomic=\"true\" aria-live=\"polite\" ><label class='gfield_label gform-field-label' for='input_19_34'>Prix total<\/label><div class='ginput_container ginput_container_total'>\n\t\t\t\t\t\t\t<input type='text' readonly name='input_34' id='input_19_34' value='CHF 0.00' class='gform-text-input-reset ginput_total ginput_total_19' \/>\n\t\t\t\t\t\t<\/div><\/div><div id=\"field_19_23\" class=\"gfield gfield--type-select gfield--input-type-select gfield--width-full gfield_contains_required field_sublabel_below gfield--has-description field_description_above field_validation_below gfield_visibility_visible\"  ><label class='gfield_label gform-field-label' for='input_19_23'>Date de livraison souhait\u00e9e au SRI (selon tableau des d\u00e9lais ci-dessus)<span class=\"gfield_required\"><span class=\"gfield_required gfield_required_asterisk\">*<\/span><\/span><\/label><div class='gfield_description' id='gfield_description_19_23'>Pour rappel, les chocolats doivent \u00eatre conserv\u00e9s dans un endroit frais. Sa dur\u00e9e de conservation est de deux mois \u00e0 compter de la date de livraison.<\/div><div class='ginput_container ginput_container_select'><select name='input_23' id='input_19_23' class='large gfield_select'  aria-describedby=\"gfield_description_19_23\"  aria-required=\"true\" aria-invalid=\"false\" ><option value='1er juin 2026' >1er juin 2026<\/option><option value='1er juillet 2026' >1er juillet 2026<\/option><option value='28 juillet 2026' >28 juillet 2026<\/option><option value='1er septembre 2026' >1er septembre 2026<\/option><option value='5 octobre 2026' >5 octobre 2026<\/option><option value='2 novembre 2026' >2 novembre 2026<\/option><option value='7 d\u00e9cembre 2026' >7 d\u00e9cembre 2026<\/option><option value='' ><\/option><\/select><\/div><\/div><div id=\"field_19_10\" class=\"gfield gfield--type-textarea gfield--input-type-textarea gfield--width-full field_sublabel_below gfield--no-description field_description_above field_validation_below gfield_visibility_visible\"  ><label class='gfield_label gform-field-label' for='input_19_10'>Remarques \u00e9ventuelles<\/label><div class='ginput_container ginput_container_textarea'><textarea name='input_10' id='input_19_10' class='textarea large'      aria-invalid=\"false\"   rows='10' cols='50'><\/textarea><\/div><\/div><\/div><\/div>\n        <div class='gform-footer gform_footer top_label'> <input type='submit' id='gform_submit_button_19' class='gform_button button' onclick='gform.submission.handleButtonClick(this);' data-submission-type='submit' value='Envoyer'  \/> \n            <input type='hidden' class='gform_hidden' name='gform_submission_method' data-js='gform_submission_method_19' value='postback' \/>\n            <input type='hidden' class='gform_hidden' name='gform_theme' data-js='gform_theme_19' id='gform_theme_19' value='gravity-theme' \/>\n            <input type='hidden' class='gform_hidden' name='gform_style_settings' data-js='gform_style_settings_19' id='gform_style_settings_19' value='{&quot;inputPrimaryColor&quot;:&quot;#204ce5&quot;}' \/>\n            <input type='hidden' class='gform_hidden' name='is_submit_19' value='1' \/>\n            <input type='hidden' class='gform_hidden' name='gform_submit' value='19' \/>\n            \n            <input type='hidden' class='gform_hidden' name='gform_currency' data-currency='CHF' value='YWWiB9dTJ1PfuXYw9bI6AJu3urEveIC8QnQd0RuCDzxs0C0b7NCaoPPFVO4g+OOsv8lQCi+KncBR2ajpEugFq84r4PhtIGTCDW\/P7juOg9JbqBE=' \/>\n            <input type='hidden' class='gform_hidden' name='gform_unique_id' value='' \/>\n            <input type='hidden' class='gform_hidden' name='state_19' value='WyJ7XCIzMi4xXCI6XCI2YTc5MDA4YzU3Nzg2YjY2MTRiOWU3NmNkZjEzYjY5MFwiLFwiMzIuMlwiOlwiYWZmZTAzY2NlZGU2MzUwOGRiMWNlMWZiZjIyZDM3ZjhcIixcIjM2LjFcIjpcImFhNjIxNTU2YWI5YzJkZTEyMDg3NjMzMThjNmIxNWE2XCIsXCIzNi4yXCI6XCIwOTEyMzhiZWI2MzlkMTcwZTY0ODA5ZTBmMmEyNWQ4YVwiLFwiMjNcIjpbXCJmOTJjNTBlODc2NTRiM2MzMjUxY2Y3OTNlYzY4M2U4NlwiLFwiYTNiYWMzMTdjMDQ1NTczNjM1MzM4NTY4NjI4ZGExNThcIixcImU5MTRkNGM4ZjBkYWFiNzRmN2NjNWI1OTZlYjE4ZGZkXCIsXCIzNWQyOGQ0NGFjNzJiM2M3ODNjYjI2OTQ4NThiZDlmYVwiLFwiMzRkM2YxNjA5ODE4YTZiM2Y1NDFhY2U3YmQzYmM2MzhcIixcImUyNjRlMzJjYzZlYzBkNTMxMjcyZWYxZTE1ZDY4ZWZlXCIsXCJmYWNkODM2Njk3ZjZjNjE0M2U2MjgwYmE2OWQxYWUwY1wiLFwiODY1MmMxNGVhYTZmOTJlMjFlYmYzNGNmNmE3ZDU5YTJcIl19IiwiNmZmZWI0MjQzZTc2NTU5YTFiYTM3YmVjOWExOTg5ZDAiXQ==' \/>\n            <input type='hidden' autocomplete='off' class='gform_hidden' name='gform_target_page_number_19' id='gform_target_page_number_19' value='0' \/>\n            <input type='hidden' autocomplete='off' class='gform_hidden' name='gform_source_page_number_19' id='gform_source_page_number_19' value='1' \/>\n            <input type='hidden' name='gform_field_values' value='' \/>\n            \n        <\/div>\n                        <\/form>\n                        <\/div><script type=\"text\/javascript\">\n\/* <![CDATA[ *\/\n gform.initializeOnLoaded( function() {gformInitSpinner( 19, 'https:\/\/wp.unil.ch\/discoverunil\/wp-content\/plugins\/gravityforms\/images\/spinner.svg', true );jQuery('#gform_ajax_frame_19').on('load',function(){var contents = jQuery(this).contents().find('*').html();var is_postback = contents.indexOf('GF_AJAX_POSTBACK') >= 0;if(!is_postback){return;}var form_content = jQuery(this).contents().find('#gform_wrapper_19');var is_confirmation = jQuery(this).contents().find('#gform_confirmation_wrapper_19').length > 0;var is_redirect = contents.indexOf('gformRedirect(){') >= 0;var is_form = form_content.length > 0 && ! is_redirect && ! is_confirmation;var mt = parseInt(jQuery('html').css('margin-top'), 10) + parseInt(jQuery('body').css('margin-top'), 10) + 100;if(is_form){jQuery('#gform_wrapper_19').html(form_content.html());if(form_content.hasClass('gform_validation_error')){jQuery('#gform_wrapper_19').addClass('gform_validation_error');} else {jQuery('#gform_wrapper_19').removeClass('gform_validation_error');}setTimeout( function() { \/* delay the scroll by 50 milliseconds to fix a bug in chrome *\/  }, 50 );if(window['gformInitDatepicker']) {gformInitDatepicker();}if(window['gformInitPriceFields']) {gformInitPriceFields();}var current_page = jQuery('#gform_source_page_number_19').val();gformInitSpinner( 19, 'https:\/\/wp.unil.ch\/discoverunil\/wp-content\/plugins\/gravityforms\/images\/spinner.svg', true );jQuery(document).trigger('gform_page_loaded', [19, current_page]);window['gf_submitting_19'] = false;}else if(!is_redirect){var confirmation_content = jQuery(this).contents().find('.GF_AJAX_POSTBACK').html();if(!confirmation_content){confirmation_content = contents;}jQuery('#gform_wrapper_19').replaceWith(confirmation_content);jQuery(document).trigger('gform_confirmation_loaded', [19]);window['gf_submitting_19'] = false;wp.a11y.speak(jQuery('#gform_confirmation_message_19').text());}else{jQuery('#gform_19').append(contents);if(window['gformRedirect']) {gformRedirect();}}jQuery(document).trigger(\"gform_pre_post_render\", [{ formId: \"19\", currentPage: \"current_page\", abort: function() { this.preventDefault(); } }]);        if (event && event.defaultPrevented) {                return;        }        const gformWrapperDiv = document.getElementById( \"gform_wrapper_19\" );        if ( gformWrapperDiv ) {            const visibilitySpan = document.createElement( \"span\" );            visibilitySpan.id = \"gform_visibility_test_19\";            gformWrapperDiv.insertAdjacentElement( \"afterend\", visibilitySpan );        }        const visibilityTestDiv = document.getElementById( \"gform_visibility_test_19\" );        let postRenderFired = false;        function triggerPostRender() {            if ( postRenderFired ) {                return;            }            postRenderFired = true;            gform.core.triggerPostRenderEvents( 19, current_page );            if ( visibilityTestDiv ) {                visibilityTestDiv.parentNode.removeChild( visibilityTestDiv );            }        }        function debounce( func, wait, immediate ) {            var timeout;            return function() {                var context = this, args = arguments;                var later = function() {                    timeout = null;                    if ( !immediate ) func.apply( context, args );                };                var callNow = immediate && !timeout;                clearTimeout( timeout );                timeout = setTimeout( later, wait );                if ( callNow ) func.apply( context, args );            };        }        const debouncedTriggerPostRender = debounce( function() {            triggerPostRender();        }, 200 );        if ( visibilityTestDiv && visibilityTestDiv.offsetParent === null ) {            const observer = new MutationObserver( ( mutations ) => {                mutations.forEach( ( mutation ) => {                    if ( mutation.type === 'attributes' && visibilityTestDiv.offsetParent !== null ) {                        debouncedTriggerPostRender();                        observer.disconnect();                    }                });            });            observer.observe( document.body, {                attributes: true,                childList: false,                subtree: true,                attributeFilter: [ 'style', 'class' ],            });        } else {            triggerPostRender();        }    } );} ); \n\/* ]]> *\/\n<\/script>\n\n\n\n<p><\/p>\n","protected":false},"excerpt":{"rendered":"<p>Le Service des relations internationales lance une commande de chocolats personnalis\u00e9s une fois par mois, selon le calendrier envoy\u00e9 aux personnes de contact. La livraison a lieu environ&hellip;<\/p>\n","protected":false},"author":1001118,"featured_media":0,"parent":0,"menu_order":0,"comment_status":"closed","ping_status":"closed","template":"","meta":{"_seopress_robots_primary_cat":"","_seopress_titles_title":"","_seopress_titles_desc":"","_seopress_robots_index":"","footnotes":""},"class_list":["post-3860","page","type-page","status-publish","has-post-thumbnail"],"_links":{"self":[{"href":"https:\/\/wp.unil.ch\/discoverunil\/wp-json\/wp\/v2\/pages\/3860","targetHints":{"allow":["GET"]}}],"collection":[{"href":"https:\/\/wp.unil.ch\/discoverunil\/wp-json\/wp\/v2\/pages"}],"about":[{"href":"https:\/\/wp.unil.ch\/discoverunil\/wp-json\/wp\/v2\/types\/page"}],"author":[{"embeddable":true,"href":"https:\/\/wp.unil.ch\/discoverunil\/wp-json\/wp\/v2\/users\/1001118"}],"replies":[{"embeddable":true,"href":"https:\/\/wp.unil.ch\/discoverunil\/wp-json\/wp\/v2\/comments?post=3860"}],"version-history":[{"count":5,"href":"https:\/\/wp.unil.ch\/discoverunil\/wp-json\/wp\/v2\/pages\/3860\/revisions"}],"predecessor-version":[{"id":3899,"href":"https:\/\/wp.unil.ch\/discoverunil\/wp-json\/wp\/v2\/pages\/3860\/revisions\/3899"}],"wp:attachment":[{"href":"https:\/\/wp.unil.ch\/discoverunil\/wp-json\/wp\/v2\/media?parent=3860"}],"curies":[{"name":"wp","href":"https:\/\/api.w.org\/{rel}","templated":true}]}}