{"id":6,"date":"2019-11-28T16:00:19","date_gmt":"2019-11-28T15:00:19","guid":{"rendered":"http:\/\/wp.unil.ch\/modele\/?page_id=6"},"modified":"2026-04-29T10:18:08","modified_gmt":"2026-04-29T08:18:08","slug":"home","status":"publish","type":"page","link":"https:\/\/wp.unil.ch\/diplomaties-sports-2026\/","title":{"rendered":"Diplomaties, diplomates et sports, XIXe-XXIe si\u00e8cle"},"content":{"rendered":"\n<p class=\"has-text-align-center has-large-font-size\"><strong>Colloque international <br>Universit\u00e9 de Lausanne, 9-11 septembre 2026<\/strong><\/p>\n\n\n\n<p>Depuis les ann\u00e9es\u00a02000, un nombre croissant d\u2019\u00c9tats mobilisent leurs diplomates sur les enjeux sportifs et le sport \u00e0 des fins diplomatiques au point que le concept de \u00ab\u2009diplomatie sportive\u2009\u00bb s\u2019est impos\u00e9 dans un sens prescriptif, sinon prospectif, dans l\u2019espace public international (m\u00e9dias, gouvernements, organisations supra-gouvernementales, OING, cabinets d\u2019expertise,\u00a0<em>think tank<\/em>s). Pour bien des experts et des praticiens, le sport adoucirait les m\u0153urs bien plus que les hi\u00e9rarchies objectiv\u00e9es par les podiums et les records ne nourriraient les nationalismes. Il aurait une capacit\u00e9 particuli\u00e8re \u00e0 effacer les diff\u00e9rences, \u00e0 favoriser la paix et la r\u00e9conciliation, et \u00e0 faire progresser les droits humains. Une telle croyance dans la paix internationale par le sport trouve sa source dans l\u2019olympisme th\u00e9oris\u00e9 au d\u00e9but du XXe si\u00e8cle par le Fran\u00e7ais Pierre de\u00a0Coubertin, et v\u00e9hicul\u00e9 depuis par le Comit\u00e9 international olympique (CIO) \u00e0 des fins de l\u00e9gitimation. Elle doit \u00eatre mise en relation avec cette autre th\u00e9orie qu\u2019il faut attribuer \u00e9galement \u00e0 Coubertin selon laquelle le sport est un espace neutre et les organisations sportives des acteurs apolitiques. De fait, les v\u00e9rifications empiriques qui permettraient de valider le postulat d\u2019une contribution du sport \u00e0 la paix mondiale et au progr\u00e8s humain restent bien rares. La diplomatie sportive comme capacit\u00e9 \u00e0 changer le monde ne serait-elle qu\u2019un mantra\u2009? A-t-elle seulement des effets sur les opinions publiques\u2009? Est-elle consid\u00e9r\u00e9e par les acteurs de la diplomatie comme une branche principale ou secondaire de la diplomatie culturelle\u2009? Est-ce que l\u2019emploi du sport pour am\u00e9liorer la r\u00e9putation d\u2019un pays est vraiment efficace\u2009? Voil\u00e0 une partie seulement des nombreuses questions auxquelles ce colloque international, ouvert \u00e0 toutes les disciplines acad\u00e9miques, tentera de r\u00e9pondre.<br><\/p>\n\n\n\n<div class=\"wp-block-buttons is-content-justification-center is-layout-flex wp-container-core-buttons-is-layout-16018d1d wp-block-buttons-is-layout-flex\">\n<div class=\"wp-block-button\"><a class=\"wp-block-button__link has-background has-large-font-size has-custom-font-size wp-element-button\" href=\"https:\/\/wp.unil.ch\/diplomaties-sports-2026\/appel-a-communication\/\" style=\"background-color:#5186cf\">Appel \u00e0 communication<\/a><\/div>\n<\/div>\n","protected":false},"excerpt":{"rendered":"<p>Colloque international Universit\u00e9 de Lausanne, 9-11 septembre 2026 Depuis les ann\u00e9es\u00a02000, un nombre croissant d\u2019\u00c9tats mobilisent leurs diplomates sur les enjeux sportifs et le sport \u00e0 des fins&hellip;<\/p>\n","protected":false},"author":108,"featured_media":272,"parent":0,"menu_order":0,"comment_status":"closed","ping_status":"closed","template":"template-full-width-cover.php","meta":{"_seopress_robots_primary_cat":"","_seopress_titles_title":"","_seopress_titles_desc":"","_seopress_robots_index":"","footnotes":""},"class_list":["post-6","page","type-page","status-publish","has-post-thumbnail"],"_links":{"self":[{"href":"https:\/\/wp.unil.ch\/diplomaties-sports-2026\/wp-json\/wp\/v2\/pages\/6","targetHints":{"allow":["GET"]}}],"collection":[{"href":"https:\/\/wp.unil.ch\/diplomaties-sports-2026\/wp-json\/wp\/v2\/pages"}],"about":[{"href":"https:\/\/wp.unil.ch\/diplomaties-sports-2026\/wp-json\/wp\/v2\/types\/page"}],"author":[{"embeddable":true,"href":"https:\/\/wp.unil.ch\/diplomaties-sports-2026\/wp-json\/wp\/v2\/users\/108"}],"replies":[{"embeddable":true,"href":"https:\/\/wp.unil.ch\/diplomaties-sports-2026\/wp-json\/wp\/v2\/comments?post=6"}],"version-history":[{"count":4,"href":"https:\/\/wp.unil.ch\/diplomaties-sports-2026\/wp-json\/wp\/v2\/pages\/6\/revisions"}],"predecessor-version":[{"id":278,"href":"https:\/\/wp.unil.ch\/diplomaties-sports-2026\/wp-json\/wp\/v2\/pages\/6\/revisions\/278"}],"wp:featuredmedia":[{"embeddable":true,"href":"https:\/\/wp.unil.ch\/diplomaties-sports-2026\/wp-json\/wp\/v2\/media\/272"}],"wp:attachment":[{"href":"https:\/\/wp.unil.ch\/diplomaties-sports-2026\/wp-json\/wp\/v2\/media?parent=6"}],"curies":[{"name":"wp","href":"https:\/\/api.w.org\/{rel}","templated":true}]}}