{"id":316,"date":"2022-07-20T10:09:50","date_gmt":"2022-07-20T08:09:50","guid":{"rendered":"https:\/\/wp.unil.ch\/dinarr\/?page_id=316"},"modified":"2024-05-24T11:30:19","modified_gmt":"2024-05-24T09:30:19","slug":"pour-une-theorie-du-recit-au-service-de-lenseignement","status":"publish","type":"page","link":"https:\/\/wp.unil.ch\/dinarr\/","title":{"rendered":"Pour une th\u00e9orie du r\u00e9cit au service de l&rsquo;enseignement"},"content":{"rendered":"\n<p>Ce site est con\u00e7u comme une ressource \u00e9volutive mise \u00e0 disposition des enseignant\u00b7e\u00b7s, des formateur\u00b7rice\u00b7s et des apprenant\u00b7e\u00b7s qui souhaitent disposer d&rsquo;un appareillage critique renouvel\u00e9 et efficace pour d\u00e9crire et interpr\u00e9ter les r\u00e9cits. L\u2019enseignement cibl\u00e9 est celui du fran\u00e7ais, langue maternelle ou langue de scolarisation, principalement au niveau du secondaire.<\/p>\n\n\n\n<div class=\"wp-block-columns is-layout-flex wp-container-core-columns-is-layout-9d6595d7 wp-block-columns-is-layout-flex\">\n<div class=\"wp-block-column has-background is-layout-flow wp-block-column-is-layout-flow\" style=\"background-color:#786898\">\n<p class=\"has-buttons-text-color has-text-color has-background has-link-color wp-elements-9b89f7400678a00960211a659bc8d5fc\" style=\"background-color:#786898\">On trouvera dans la partie <strong><a href=\"https:\/\/wp.unil.ch\/dinarr\/ressources-theoriques\/\">Ressources th\u00e9oriques<\/a> <\/strong>une s\u00e9rie de concepts, pens\u00e9s comme des outils appropriables et ergonomiques. Ces concepts ont \u00e9t\u00e9 \u00e9labor\u00e9s en tenant compte des avanc\u00e9es r\u00e9centes de la narratologie, ainsi que d\u2019une enqu\u00eate dans les milieux scolaires.<\/p>\n<\/div>\n\n\n\n<div class=\"wp-block-column has-background is-layout-flow wp-block-column-is-layout-flow\" style=\"background-color:#e1e1e3\">\n<p class=\"has-primary-color has-border-background-color has-text-color has-background has-link-color wp-elements-9e9a277600daf4d09a40ab8a47586210\">L\u2019onglet <strong><a href=\"https:\/\/wp.unil.ch\/dinarr\/resultats-de-recherche\/\">R\u00e9sultats de recherches<\/a> <\/strong>pr\u00e9sente les r\u00e9sultats d&rsquo;une enqu\u00eate de terrain, men\u00e9e en Suisse, en France, en Belgique et au Qu\u00e9bec entre 2022 et 2024. Ce travail vise \u00e0 documenter les pratiques enseignantes relatives aux th\u00e9ories du r\u00e9cit pour le niveau secondaire.<\/p>\n<\/div>\n\n\n\n<div class=\"wp-block-column has-background is-layout-flow wp-block-column-is-layout-flow\" style=\"background-color:#786898\">\n<p class=\"has-buttons-text-color has-text-color has-background has-link-color wp-elements-30a6f3c4cfdfd21587014cadbd384c80\" style=\"background-color:#786898\">La partie <strong><a href=\"https:\/\/wp.unil.ch\/dinarr\/ressources-pratiques\/\">Ressources pratiques<\/a> <\/strong>comprend des extraits d\u2019\u0153uvres narratives (litt\u00e9rature, bande dessin\u00e9e) ainsi que des propositions d\u2019analyse de ces \u0153uvres. On y trouvera \u00e9galement des propositions de fiches destin\u00e9es aux \u00e9l\u00e8ves, r\u00e9sumant les enjeux de l\u2019analyse narratologique.<\/p>\n<\/div>\n<\/div>\n\n\n\n<p>Le nuage de mots-cl\u00e9s ci-dessous conduit \u00e0 un ou plusieurs articles, dans lesquels ces concepts sont discut\u00e9s.<\/p>\n\n\n<p class=\"wp-block-tag-cloud\"><a href=\"https:\/\/wp.unil.ch\/dinarr\/tag\/analepse-allusive\/\" class=\"tag-cloud-link tag-link-25 tag-link-position-1\" style=\"font-size: 14.581818181818pt;\" aria-label=\"analepse allusive (2 \u00e9l\u00e9ments)\">analepse allusive<span class=\"tag-link-count\"> (2)<\/span><\/a>\n<a href=\"https:\/\/wp.unil.ch\/dinarr\/tag\/analepse-dramatisee\/\" class=\"tag-cloud-link tag-link-36 tag-link-position-2\" style=\"font-size: 10pt;\" aria-label=\"analepse dramatis\u00e9e (1 \u00e9l\u00e9ment)\">analepse dramatis\u00e9e<span class=\"tag-link-count\"> (1)<\/span><\/a>\n<a href=\"https:\/\/wp.unil.ch\/dinarr\/tag\/commentaire\/\" class=\"tag-cloud-link tag-link-33 tag-link-position-3\" style=\"font-size: 10pt;\" aria-label=\"commentaire (1 \u00e9l\u00e9ment)\">commentaire<span class=\"tag-link-count\"> (1)<\/span><\/a>\n<a href=\"https:\/\/wp.unil.ch\/dinarr\/tag\/curiosite\/\" class=\"tag-cloud-link tag-link-17 tag-link-position-4\" style=\"font-size: 24pt;\" aria-label=\"curiosit\u00e9 (6 \u00e9l\u00e9ments)\">curiosit\u00e9<span class=\"tag-link-count\"> (6)<\/span><\/a>\n<a href=\"https:\/\/wp.unil.ch\/dinarr\/tag\/description\/\" class=\"tag-cloud-link tag-link-29 tag-link-position-5\" style=\"font-size: 10pt;\" aria-label=\"description (1 \u00e9l\u00e9ment)\">description<span class=\"tag-link-count\"> (1)<\/span><\/a>\n<a href=\"https:\/\/wp.unil.ch\/dinarr\/tag\/dialogue\/\" class=\"tag-cloud-link tag-link-31 tag-link-position-6\" style=\"font-size: 10pt;\" aria-label=\"dialogue (1 \u00e9l\u00e9ment)\">dialogue<span class=\"tag-link-count\"> (1)<\/span><\/a>\n<a href=\"https:\/\/wp.unil.ch\/dinarr\/tag\/focalisation\/\" class=\"tag-cloud-link tag-link-9 tag-link-position-7\" style=\"font-size: 24pt;\" aria-label=\"focalisation (6 \u00e9l\u00e9ments)\">focalisation<span class=\"tag-link-count\"> (6)<\/span><\/a>\n<a href=\"https:\/\/wp.unil.ch\/dinarr\/tag\/focalisation-multiple\/\" class=\"tag-cloud-link tag-link-16 tag-link-position-8\" style=\"font-size: 10pt;\" aria-label=\"focalisation multiple (1 \u00e9l\u00e9ment)\">focalisation multiple<span class=\"tag-link-count\"> (1)<\/span><\/a>\n<a href=\"https:\/\/wp.unil.ch\/dinarr\/tag\/focalisation-variable\/\" class=\"tag-cloud-link tag-link-24 tag-link-position-9\" style=\"font-size: 10pt;\" aria-label=\"focalisation variable (1 \u00e9l\u00e9ment)\">focalisation variable<span class=\"tag-link-count\"> (1)<\/span><\/a>\n<a href=\"https:\/\/wp.unil.ch\/dinarr\/tag\/intrigue\/\" class=\"tag-cloud-link tag-link-23 tag-link-position-10\" style=\"font-size: 17.636363636364pt;\" aria-label=\"intrigue (3 \u00e9l\u00e9ments)\">intrigue<span class=\"tag-link-count\"> (3)<\/span><\/a>\n<a href=\"https:\/\/wp.unil.ch\/dinarr\/tag\/introspection\/\" class=\"tag-cloud-link tag-link-30 tag-link-position-11\" style=\"font-size: 10pt;\" aria-label=\"introspection (1 \u00e9l\u00e9ment)\">introspection<span class=\"tag-link-count\"> (1)<\/span><\/a>\n<a href=\"https:\/\/wp.unil.ch\/dinarr\/tag\/mise-en-intrigue\/\" class=\"tag-cloud-link tag-link-34 tag-link-position-12\" style=\"font-size: 10pt;\" aria-label=\"mise en intrigue (1 \u00e9l\u00e9ment)\">mise en intrigue<span class=\"tag-link-count\"> (1)<\/span><\/a>\n<a href=\"https:\/\/wp.unil.ch\/dinarr\/tag\/narrateur\/\" class=\"tag-cloud-link tag-link-44 tag-link-position-13\" style=\"font-size: 10pt;\" aria-label=\"narrateur (1 \u00e9l\u00e9ment)\">narrateur<span class=\"tag-link-count\"> (1)<\/span><\/a>\n<a href=\"https:\/\/wp.unil.ch\/dinarr\/tag\/narration\/\" class=\"tag-cloud-link tag-link-32 tag-link-position-14\" style=\"font-size: 10pt;\" aria-label=\"narration (1 \u00e9l\u00e9ment)\">narration<span class=\"tag-link-count\"> (1)<\/span><\/a>\n<a href=\"https:\/\/wp.unil.ch\/dinarr\/tag\/omniscience\/\" class=\"tag-cloud-link tag-link-21 tag-link-position-15\" style=\"font-size: 22.218181818182pt;\" aria-label=\"omniscience (5 \u00e9l\u00e9ments)\">omniscience<span class=\"tag-link-count\"> (5)<\/span><\/a>\n<a href=\"https:\/\/wp.unil.ch\/dinarr\/tag\/ordre\/\" class=\"tag-cloud-link tag-link-35 tag-link-position-16\" style=\"font-size: 10pt;\" aria-label=\"ordre (1 \u00e9l\u00e9ment)\">ordre<span class=\"tag-link-count\"> (1)<\/span><\/a>\n<a href=\"https:\/\/wp.unil.ch\/dinarr\/tag\/perspective-narrative\/\" class=\"tag-cloud-link tag-link-41 tag-link-position-17\" style=\"font-size: 10pt;\" aria-label=\"perspective narrative (1 \u00e9l\u00e9ment)\">perspective narrative<span class=\"tag-link-count\"> (1)<\/span><\/a>\n<a href=\"https:\/\/wp.unil.ch\/dinarr\/tag\/point-de-global\/\" class=\"tag-cloud-link tag-link-20 tag-link-position-18\" style=\"font-size: 10pt;\" aria-label=\"point de global (1 \u00e9l\u00e9ment)\">point de global<span class=\"tag-link-count\"> (1)<\/span><\/a>\n<a href=\"https:\/\/wp.unil.ch\/dinarr\/tag\/point-de-vue\/\" class=\"tag-cloud-link tag-link-39 tag-link-position-19\" style=\"font-size: 10pt;\" aria-label=\"point de vue (1 \u00e9l\u00e9ment)\">point de vue<span class=\"tag-link-count\"> (1)<\/span><\/a>\n<a href=\"https:\/\/wp.unil.ch\/dinarr\/tag\/point-de-vue-externe\/\" class=\"tag-cloud-link tag-link-22 tag-link-position-20\" style=\"font-size: 22.218181818182pt;\" aria-label=\"point de vue externe (5 \u00e9l\u00e9ments)\">point de vue externe<span class=\"tag-link-count\"> (5)<\/span><\/a>\n<a href=\"https:\/\/wp.unil.ch\/dinarr\/tag\/point-de-vue-global\/\" class=\"tag-cloud-link tag-link-11 tag-link-position-21\" style=\"font-size: 20.181818181818pt;\" aria-label=\"point de vue global (4 \u00e9l\u00e9ments)\">point de vue global<span class=\"tag-link-count\"> (4)<\/span><\/a>\n<a href=\"https:\/\/wp.unil.ch\/dinarr\/tag\/point-de-vue-interne\/\" class=\"tag-cloud-link tag-link-12 tag-link-position-22\" style=\"font-size: 24pt;\" aria-label=\"point de vue interne (6 \u00e9l\u00e9ments)\">point de vue interne<span class=\"tag-link-count\"> (6)<\/span><\/a>\n<a href=\"https:\/\/wp.unil.ch\/dinarr\/tag\/point-de-vue-local\/\" class=\"tag-cloud-link tag-link-15 tag-link-position-23\" style=\"font-size: 24pt;\" aria-label=\"point de vue local (6 \u00e9l\u00e9ments)\">point de vue local<span class=\"tag-link-count\"> (6)<\/span><\/a>\n<a href=\"https:\/\/wp.unil.ch\/dinarr\/tag\/savoir-restreint\/\" class=\"tag-cloud-link tag-link-13 tag-link-position-24\" style=\"font-size: 20.181818181818pt;\" aria-label=\"savoir restreint (4 \u00e9l\u00e9ments)\">savoir restreint<span class=\"tag-link-count\"> (4)<\/span><\/a>\n<a href=\"https:\/\/wp.unil.ch\/dinarr\/tag\/savoir-elargi\/\" class=\"tag-cloud-link tag-link-14 tag-link-position-25\" style=\"font-size: 17.636363636364pt;\" aria-label=\"savoir \u00e9largi (3 \u00e9l\u00e9ments)\">savoir \u00e9largi<span class=\"tag-link-count\"> (3)<\/span><\/a>\n<a href=\"https:\/\/wp.unil.ch\/dinarr\/tag\/scene\/\" class=\"tag-cloud-link tag-link-27 tag-link-position-26\" style=\"font-size: 14.581818181818pt;\" aria-label=\"sc\u00e8ne (2 \u00e9l\u00e9ments)\">sc\u00e8ne<span class=\"tag-link-count\"> (2)<\/span><\/a>\n<a href=\"https:\/\/wp.unil.ch\/dinarr\/tag\/segmentation\/\" class=\"tag-cloud-link tag-link-26 tag-link-position-27\" style=\"font-size: 10pt;\" aria-label=\"segmentation (1 \u00e9l\u00e9ment)\">segmentation<span class=\"tag-link-count\"> (1)<\/span><\/a>\n<a href=\"https:\/\/wp.unil.ch\/dinarr\/tag\/subjectivite\/\" class=\"tag-cloud-link tag-link-43 tag-link-position-28\" style=\"font-size: 10pt;\" aria-label=\"subjectivit\u00e9 (1 \u00e9l\u00e9ment)\">subjectivit\u00e9<span class=\"tag-link-count\"> (1)<\/span><\/a>\n<a href=\"https:\/\/wp.unil.ch\/dinarr\/tag\/suspense\/\" class=\"tag-cloud-link tag-link-18 tag-link-position-29\" style=\"font-size: 24pt;\" aria-label=\"suspense (6 \u00e9l\u00e9ments)\">suspense<span class=\"tag-link-count\"> (6)<\/span><\/a>\n<a href=\"https:\/\/wp.unil.ch\/dinarr\/tag\/sequence\/\" class=\"tag-cloud-link tag-link-42 tag-link-position-30\" style=\"font-size: 10pt;\" aria-label=\"s\u00e9quence (1 \u00e9l\u00e9ment)\">s\u00e9quence<span class=\"tag-link-count\"> (1)<\/span><\/a>\n<a href=\"https:\/\/wp.unil.ch\/dinarr\/tag\/sequences-textuelles\/\" class=\"tag-cloud-link tag-link-45 tag-link-position-31\" style=\"font-size: 10pt;\" aria-label=\"s\u00e9quences textuelles (1 \u00e9l\u00e9ment)\">s\u00e9quences textuelles<span class=\"tag-link-count\"> (1)<\/span><\/a>\n<a href=\"https:\/\/wp.unil.ch\/dinarr\/tag\/virtualites\/\" class=\"tag-cloud-link tag-link-28 tag-link-position-32\" style=\"font-size: 10pt;\" aria-label=\"virtualit\u00e9s (1 \u00e9l\u00e9ment)\">virtualit\u00e9s<span class=\"tag-link-count\"> (1)<\/span><\/a><\/p>","protected":false},"excerpt":{"rendered":"<p>Ce site est con\u00e7u comme une ressource \u00e9volutive mise \u00e0 disposition des enseignant\u00b7e\u00b7s, des formateur\u00b7rice\u00b7s et des apprenant\u00b7e\u00b7s qui souhaitent disposer d&rsquo;un appareillage critique renouvel\u00e9 et efficace pour&hellip;<\/p>\n","protected":false},"author":1002371,"featured_media":366,"parent":0,"menu_order":0,"comment_status":"closed","ping_status":"closed","template":"template-full-width-cover.php","meta":{"_seopress_robots_primary_cat":"","_seopress_titles_title":"","_seopress_titles_desc":"","_seopress_robots_index":"","footnotes":""},"class_list":["post-316","page","type-page","status-publish","has-post-thumbnail"],"_links":{"self":[{"href":"https:\/\/wp.unil.ch\/dinarr\/wp-json\/wp\/v2\/pages\/316","targetHints":{"allow":["GET"]}}],"collection":[{"href":"https:\/\/wp.unil.ch\/dinarr\/wp-json\/wp\/v2\/pages"}],"about":[{"href":"https:\/\/wp.unil.ch\/dinarr\/wp-json\/wp\/v2\/types\/page"}],"author":[{"embeddable":true,"href":"https:\/\/wp.unil.ch\/dinarr\/wp-json\/wp\/v2\/users\/1002371"}],"replies":[{"embeddable":true,"href":"https:\/\/wp.unil.ch\/dinarr\/wp-json\/wp\/v2\/comments?post=316"}],"version-history":[{"count":5,"href":"https:\/\/wp.unil.ch\/dinarr\/wp-json\/wp\/v2\/pages\/316\/revisions"}],"predecessor-version":[{"id":1575,"href":"https:\/\/wp.unil.ch\/dinarr\/wp-json\/wp\/v2\/pages\/316\/revisions\/1575"}],"wp:featuredmedia":[{"embeddable":true,"href":"https:\/\/wp.unil.ch\/dinarr\/wp-json\/wp\/v2\/media\/366"}],"wp:attachment":[{"href":"https:\/\/wp.unil.ch\/dinarr\/wp-json\/wp\/v2\/media?parent=316"}],"curies":[{"name":"wp","href":"https:\/\/api.w.org\/{rel}","templated":true}]}}