{"id":2031,"date":"2025-05-26T11:19:40","date_gmt":"2025-05-26T09:19:40","guid":{"rendered":"https:\/\/wp.unil.ch\/dinarr\/?page_id=2031"},"modified":"2026-01-14T15:31:08","modified_gmt":"2026-01-14T14:31:08","slug":"fiches-pedagogiques","status":"publish","type":"page","link":"https:\/\/wp.unil.ch\/dinarr\/fiches-pedagogiques\/","title":{"rendered":"FICHES P\u00c9DAGOGIQUES"},"content":{"rendered":"\n<p>Vous trouverez ci-dessous un ensemble de fiches p\u00e9dagogiques destin\u00e9es aux enseignant\u00b7es et \u00e0 leurs \u00e9l\u00e8ves proposant une synth\u00e8se des principaux <a href=\"https:\/\/wp.unil.ch\/dinarr\/ressources-theoriques\/\" data-type=\"page\" data-id=\"239\">outils th\u00e9oriques<\/a> de la narratologie.<\/p>\n\n\n\n<h2 class=\"wp-block-heading\">Perspective narrative<\/h2>\n\n\n\n<details class=\"wp-block-details is-layout-flow wp-block-details-is-layout-flow\"><summary>Fiche de synth\u00e8se (PDF) <\/summary>\n<div data-wp-interactive=\"core\/file\" class=\"wp-block-file\"><object data-wp-bind--hidden=\"!state.hasPdfPreview\" hidden class=\"wp-block-file__embed\" data=\"https:\/\/wp.unil.ch\/dinarr\/files\/2026\/01\/fiche-synthese-perspective-narrative-nb-1.pdf\" type=\"application\/pdf\" style=\"width:100%;height:600px\" aria-label=\"Contenu embarqu\u00e9 Fiche-synthese-Perspective-narrative-NB.\"><\/object><a id=\"wp-block-file--media-2ae2510a-ba54-4edb-8297-0c79ffe7d6ce\" href=\"https:\/\/wp.unil.ch\/dinarr\/files\/2026\/01\/fiche-synthese-perspective-narrative-nb-1.pdf\">Fiche-synthese-Perspective-narrative-NB<\/a><\/div>\n\n\n\n<p><\/p>\n<\/details>\n\n\n\n<details class=\"wp-block-details is-layout-flow wp-block-details-is-layout-flow\"><summary>Document compl\u00e9mentaire (PDF)<\/summary>\n<div data-wp-interactive=\"core\/file\" class=\"wp-block-file\"><object data-wp-bind--hidden=\"!state.hasPdfPreview\" hidden class=\"wp-block-file__embed\" data=\"https:\/\/wp.unil.ch\/dinarr\/files\/2023\/07\/La-perspective-narrative-fiche-eleve.pdf\" type=\"application\/pdf\" style=\"width:100%;height:600px\" aria-label=\"PDF embarqu\u00e9\"><\/object><\/div>\n<\/details>\n\n\n\n<h2 class=\"wp-block-heading\">L&rsquo;instance qui raconte<\/h2>\n\n\n\n<details class=\"wp-block-details is-layout-flow wp-block-details-is-layout-flow\"><summary>Fiche de synth\u00e8se (PDF)<\/summary>\n<div data-wp-interactive=\"core\/file\" class=\"wp-block-file\"><object data-wp-bind--hidden=\"!state.hasPdfPreview\" hidden class=\"wp-block-file__embed\" data=\"https:\/\/wp.unil.ch\/dinarr\/files\/2025\/01\/Fiche-synthese-Narrateur.pdf\" type=\"application\/pdf\" style=\"width:100%;height:600px\" aria-label=\"PDF embarqu\u00e9\"><\/object><\/div>\n<\/details>\n\n\n\n<h2 class=\"wp-block-heading\">S\u00e9quences textuelles<\/h2>\n\n\n\n<details class=\"wp-block-details is-layout-flow wp-block-details-is-layout-flow\"><summary>Fiche de synth\u00e8se (PDF)<\/summary>\n<div data-wp-interactive=\"core\/file\" class=\"wp-block-file\"><object data-wp-bind--hidden=\"!state.hasPdfPreview\" hidden class=\"wp-block-file__embed\" data=\"https:\/\/wp.unil.ch\/dinarr\/files\/2025\/01\/Fiche-synthese-Sequences-textuelles.pdf\" type=\"application\/pdf\" style=\"width:100%;height:600px\" aria-label=\"PDF embarqu\u00e9\"><\/object><\/div>\n<\/details>\n\n\n\n<h2 class=\"wp-block-heading\">Intrigue et tension narrative<\/h2>\n\n\n\n<details class=\"wp-block-details is-layout-flow wp-block-details-is-layout-flow\"><summary>Fiche de synth\u00e8se (PDF)<\/summary>\n<div data-wp-interactive=\"core\/file\" class=\"wp-block-file\"><object data-wp-bind--hidden=\"!state.hasPdfPreview\" hidden class=\"wp-block-file__embed\" data=\"https:\/\/wp.unil.ch\/dinarr\/files\/2026\/01\/fiche-synthese-intrigue-2.pdf\" type=\"application\/pdf\" style=\"width:100%;height:600px\" aria-label=\"Contenu embarqu\u00e9 Fiche-synthese-Intrigue.\"><\/object><a id=\"wp-block-file--media-d8f5e13e-f496-46bd-982e-46260ef693d8\" href=\"https:\/\/wp.unil.ch\/dinarr\/files\/2026\/01\/fiche-synthese-intrigue-2.pdf\">Fiche-synthese-Intrigue<\/a><\/div>\n<\/details>\n","protected":false},"excerpt":{"rendered":"<p>Vous trouverez ci-dessous un ensemble de fiches p\u00e9dagogiques destin\u00e9es aux enseignant\u00b7es et \u00e0 leurs \u00e9l\u00e8ves proposant une synth\u00e8se des principaux outils th\u00e9oriques de la narratologie. Perspective narrative L&rsquo;instance&hellip;<\/p>\n","protected":false},"author":1480,"featured_media":0,"parent":0,"menu_order":0,"comment_status":"closed","ping_status":"closed","template":"template-full-width.php","meta":{"_seopress_robots_primary_cat":"","_seopress_titles_title":"","_seopress_titles_desc":"","_seopress_robots_index":"","footnotes":""},"class_list":["post-2031","page","type-page","status-publish","has-post-thumbnail"],"_links":{"self":[{"href":"https:\/\/wp.unil.ch\/dinarr\/wp-json\/wp\/v2\/pages\/2031","targetHints":{"allow":["GET"]}}],"collection":[{"href":"https:\/\/wp.unil.ch\/dinarr\/wp-json\/wp\/v2\/pages"}],"about":[{"href":"https:\/\/wp.unil.ch\/dinarr\/wp-json\/wp\/v2\/types\/page"}],"author":[{"embeddable":true,"href":"https:\/\/wp.unil.ch\/dinarr\/wp-json\/wp\/v2\/users\/1480"}],"replies":[{"embeddable":true,"href":"https:\/\/wp.unil.ch\/dinarr\/wp-json\/wp\/v2\/comments?post=2031"}],"version-history":[{"count":5,"href":"https:\/\/wp.unil.ch\/dinarr\/wp-json\/wp\/v2\/pages\/2031\/revisions"}],"predecessor-version":[{"id":2126,"href":"https:\/\/wp.unil.ch\/dinarr\/wp-json\/wp\/v2\/pages\/2031\/revisions\/2126"}],"wp:attachment":[{"href":"https:\/\/wp.unil.ch\/dinarr\/wp-json\/wp\/v2\/media?parent=2031"}],"curies":[{"name":"wp","href":"https:\/\/api.w.org\/{rel}","templated":true}]}}

FICHES PÉDAGOGIQUES

<p>Vous trouverez ci-dessous un ensemble de fiches pédagogiques destinées aux enseignant·es et à leurs élèves proposant une synthèse des principaux <a href="https://wp.unil.ch/dinarr/ressources-theoriques/" data-type="page" data-id="239">outils théoriques</a> de la narratologie.</p>



<h2 class="wp-block-heading">Perspective narrative</h2>



<details class="wp-block-details is-layout-flow wp-block-details-is-layout-flow"><summary>Fiche de synthèse (PDF) </summary>
<div data-wp-interactive="core/file" class="wp-block-file"><object data-wp-bind--hidden="!state.hasPdfPreview" hidden class="wp-block-file__embed" data="https://wp.unil.ch/dinarr/files/2026/01/fiche-synthese-perspective-narrative-nb-1.pdf" type="application/pdf" style="width:100%;height:600px" aria-label="Contenu embarqué Fiche-synthese-Perspective-narrative-NB."></object><a id="wp-block-file--media-2ae2510a-ba54-4edb-8297-0c79ffe7d6ce" href="https://wp.unil.ch/dinarr/files/2026/01/fiche-synthese-perspective-narrative-nb-1.pdf">Fiche-synthese-Perspective-narrative-NB</a></div>



<p></p>
</details>



<details class="wp-block-details is-layout-flow wp-block-details-is-layout-flow"><summary>Document complémentaire (PDF)</summary>
<div data-wp-interactive="core/file" class="wp-block-file"><object data-wp-bind--hidden="!state.hasPdfPreview" hidden class="wp-block-file__embed" data="https://wp.unil.ch/dinarr/files/2023/07/La-perspective-narrative-fiche-eleve.pdf" type="application/pdf" style="width:100%;height:600px" aria-label="PDF embarqué"></object></div>
</details>



<h2 class="wp-block-heading">L&rsquo;instance qui raconte</h2>



<details class="wp-block-details is-layout-flow wp-block-details-is-layout-flow"><summary>Fiche de synthèse (PDF)</summary>
<div data-wp-interactive="core/file" class="wp-block-file"><object data-wp-bind--hidden="!state.hasPdfPreview" hidden class="wp-block-file__embed" data="https://wp.unil.ch/dinarr/files/2025/01/Fiche-synthese-Narrateur.pdf" type="application/pdf" style="width:100%;height:600px" aria-label="PDF embarqué"></object></div>
</details>



<h2 class="wp-block-heading">Séquences textuelles</h2>



<details class="wp-block-details is-layout-flow wp-block-details-is-layout-flow"><summary>Fiche de synthèse (PDF)</summary>
<div data-wp-interactive="core/file" class="wp-block-file"><object data-wp-bind--hidden="!state.hasPdfPreview" hidden class="wp-block-file__embed" data="https://wp.unil.ch/dinarr/files/2025/01/Fiche-synthese-Sequences-textuelles.pdf" type="application/pdf" style="width:100%;height:600px" aria-label="PDF embarqué"></object></div>
</details>



<h2 class="wp-block-heading">Intrigue et tension narrative</h2>



<details class="wp-block-details is-layout-flow wp-block-details-is-layout-flow"><summary>Fiche de synthèse (PDF)</summary>
<div data-wp-interactive="core/file" class="wp-block-file"><object data-wp-bind--hidden="!state.hasPdfPreview" hidden class="wp-block-file__embed" data="https://wp.unil.ch/dinarr/files/2026/01/fiche-synthese-intrigue-2.pdf" type="application/pdf" style="width:100%;height:600px" aria-label="Contenu embarqué Fiche-synthese-Intrigue."></object><a id="wp-block-file--media-d8f5e13e-f496-46bd-982e-46260ef693d8" href="https://wp.unil.ch/dinarr/files/2026/01/fiche-synthese-intrigue-2.pdf">Fiche-synthese-Intrigue</a></div>
</details>

<p>Vous trouverez ci-dessous un ensemble de fiches pédagogiques destinées aux enseignant·es et à leurs élèves proposant une synthèse des principaux outils théoriques de la narratologie. Perspective narrative L&rsquo;instance&hellip;</p>
