{"id":901,"date":"2021-12-16T10:56:44","date_gmt":"2021-12-16T09:56:44","guid":{"rendered":"https:\/\/wp.unil.ch\/digiweek-fdca\/?page_id=901"},"modified":"2022-10-07T13:59:07","modified_gmt":"2022-10-07T11:59:07","slug":"colloque-2022","status":"publish","type":"page","link":"https:\/\/wp.unil.ch\/digiweek-fdca\/editions-precedentes\/colloque-2022\/","title":{"rendered":"\u00c9dition 2022"},"content":{"rendered":"\n<p><strong>Colloque du 10 f\u00e9vrier 2022<\/strong><\/p>\n\n\n\n<p>&nbsp;La 4e rencontre entre la Science et le Droit dans le Num\u00e9rique est l\u2019occasion de faire le point en mati\u00e8re de biom\u00e9trie. Souvent valoris\u00e9e pour les avantages qu\u2019elle constitue en termes de cybers\u00e9curit\u00e9, cette technologie repr\u00e9sente \u00e9galement un danger concret pour les individus (surveillance de masse, profilage, etc.). Comment concilier progr\u00e8s et s\u00e9curit\u00e9 ? C\u2019est de ce d\u00e9fi dont il sera question \u00e0 travers des interventions ax\u00e9es sur la technologie, ses diverses implications et des exemples de concr\u00e9tisations.<\/p>\n\n\n\n<p>The 4th encounter between Science and Law in a digitalized world provides an opportunity to reflect on the legal framework governing biometrics. Often valued for its advantages in terms of cybersecurity, biometrics also represent a concrete danger for individuals (massive surveillance, profiling, etc.) But how to reconcile progress and security ? This is the challenge that experts in the field of digitalization are facing today.<\/p>\n\n\n\n<p>Lieu : &nbsp;UNIL, B\u00e2timent Anthropole, Salle 1129<\/p>\n\n\n\n<h6 class=\"wp-block-heading\">Programme<\/h6>\n\n\n\n<figure class=\"wp-block-gallery has-nested-images columns-default is-cropped wp-block-gallery-1 is-layout-flex wp-block-gallery-is-layout-flex\">\n<figure class=\"wp-block-image size-large\"><img alt=\"\" loading=\"lazy\" decoding=\"async\" width=\"1024\" height=\"675\" data-id=\"956\" src=\"https:\/\/wp.unil.ch\/digiweek-fdca\/files\/2022\/02\/Capture-decran-2022-02-28-a-14.04.56-1024x675.png\" alt=\"\" class=\"wp-image-956\" srcset=\"https:\/\/wp.unil.ch\/digiweek-fdca\/files\/2022\/02\/Capture-decran-2022-02-28-a-14.04.56-1024x675.png 1024w, https:\/\/wp.unil.ch\/digiweek-fdca\/files\/2022\/02\/Capture-decran-2022-02-28-a-14.04.56-300x198.png 300w, https:\/\/wp.unil.ch\/digiweek-fdca\/files\/2022\/02\/Capture-decran-2022-02-28-a-14.04.56-768x506.png 768w, https:\/\/wp.unil.ch\/digiweek-fdca\/files\/2022\/02\/Capture-decran-2022-02-28-a-14.04.56-1536x1013.png 1536w, https:\/\/wp.unil.ch\/digiweek-fdca\/files\/2022\/02\/Capture-decran-2022-02-28-a-14.04.56.png 1960w\" sizes=\"auto, (max-width: 1024px) 100vw, 1024px\" \/><\/figure>\n<\/figure>\n\n\n\n<p><\/p>\n\n\n\n<p><\/p>\n","protected":false},"excerpt":{"rendered":"<p>Colloque du 10 f\u00e9vrier 2022 &nbsp;La 4e rencontre entre la Science et le Droit dans le Num\u00e9rique est l\u2019occasion de faire le point en mati\u00e8re de biom\u00e9trie. Souvent valoris\u00e9e pour les avantages qu\u2019elle constitue en termes de cybers\u00e9curit\u00e9, cette technologie<\/p>\n","protected":false},"author":1001864,"featured_media":0,"parent":766,"menu_order":0,"comment_status":"closed","ping_status":"closed","template":"","meta":{"_seopress_robots_primary_cat":"","_seopress_titles_title":"","_seopress_titles_desc":"","_seopress_robots_index":"","footnotes":""},"class_list":["post-901","page","type-page","status-publish"],"_links":{"self":[{"href":"https:\/\/wp.unil.ch\/digiweek-fdca\/wp-json\/wp\/v2\/pages\/901","targetHints":{"allow":["GET"]}}],"collection":[{"href":"https:\/\/wp.unil.ch\/digiweek-fdca\/wp-json\/wp\/v2\/pages"}],"about":[{"href":"https:\/\/wp.unil.ch\/digiweek-fdca\/wp-json\/wp\/v2\/types\/page"}],"author":[{"embeddable":true,"href":"https:\/\/wp.unil.ch\/digiweek-fdca\/wp-json\/wp\/v2\/users\/1001864"}],"replies":[{"embeddable":true,"href":"https:\/\/wp.unil.ch\/digiweek-fdca\/wp-json\/wp\/v2\/comments?post=901"}],"version-history":[{"count":0,"href":"https:\/\/wp.unil.ch\/digiweek-fdca\/wp-json\/wp\/v2\/pages\/901\/revisions"}],"up":[{"embeddable":true,"href":"https:\/\/wp.unil.ch\/digiweek-fdca\/wp-json\/wp\/v2\/pages\/766"}],"wp:attachment":[{"href":"https:\/\/wp.unil.ch\/digiweek-fdca\/wp-json\/wp\/v2\/media?parent=901"}],"curies":[{"name":"wp","href":"https:\/\/api.w.org\/{rel}","templated":true}]}}