{"id":155,"date":"2018-11-16T10:42:58","date_gmt":"2018-11-16T09:42:58","guid":{"rendered":"http:\/\/wp.unil.ch\/digiweek-fdca\/?page_id=155"},"modified":"2020-02-25T14:39:53","modified_gmt":"2020-02-25T13:39:53","slug":"colloque","status":"publish","type":"page","link":"https:\/\/wp.unil.ch\/digiweek-fdca\/colloque\/","title":{"rendered":"Programme et photos 2019"},"content":{"rendered":"<h5><span style=\"color: #1b8bbf\">14 f\u00e9vrier 2019<\/span><\/h5>\n<h3 style=\"text-align: center\"><a href=\"https:\/\/wp.unil.ch\/digiweek-fdca\/files\/2019\/02\/Capture-d\u2019\u00e9cran-2019-02-13-\u00e0-09.18.04.png\"><img alt=\"\" loading=\"lazy\" decoding=\"async\" class=\"aligncenter size-full wp-image-559\" src=\"https:\/\/wp.unil.ch\/digiweek-fdca\/files\/2019\/02\/Capture-d\u2019\u00e9cran-2019-02-13-\u00e0-09.18.04.png\" alt=\"\" width=\"909\" height=\"773\" srcset=\"https:\/\/wp.unil.ch\/digiweek-fdca\/files\/2019\/02\/Capture-d\u2019\u00e9cran-2019-02-13-\u00e0-09.18.04.png 909w, https:\/\/wp.unil.ch\/digiweek-fdca\/files\/2019\/02\/Capture-d\u2019\u00e9cran-2019-02-13-\u00e0-09.18.04-300x255.png 300w, https:\/\/wp.unil.ch\/digiweek-fdca\/files\/2019\/02\/Capture-d\u2019\u00e9cran-2019-02-13-\u00e0-09.18.04-768x653.png 768w\" sizes=\"auto, (max-width: 909px) 100vw, 909px\" \/><\/a><\/h3>\n<h3 style=\"text-align: center\"><span style=\"color: #333333\"><strong>\u00a0<\/strong><\/span><\/h3>\n<h4 style=\"text-align: left\">Intervenants :<\/h4>\n<p>&#8211; <a href=\"https:\/\/people.epfl.ch\/dominique.boullier\">Dominique Boullier<\/a>, EPFL<br \/>\n&#8211; <a href=\"https:\/\/www.letudiant.fr\/educpros\/responsables-enseignement-superieur\/cannarsa-michel-305848.html\">Michel Cannarsa<\/a>, Universit\u00e9 Catholique de Lyon<br \/>\n&#8211; <a href=\"https:\/\/sl.bfsu.edu.cn\/info\/1114\/1235.htm\">Julie Fang-Wang<\/a>, Beijing Foreign Studies University<br \/>\n&#8211; <a href=\"https:\/\/applicationspub.unil.ch\/interpub\/noauth\/php\/Un\/UnPers.php?PerNum=1187410&amp;LanCode=37\">Kevin Huguenin<\/a>, HEC\/UNIL<br \/>\n&#8211; <a href=\"https:\/\/people.epfl.ch\/friedhelm.hummel\">Friedhelm Hummel<\/a>, EPFL<br \/>\n&#8211; <a href=\"https:\/\/applicationspub.unil.ch\/interpub\/noauth\/php\/Un\/UnPers.php?PerNum=1044859&amp;LanCode=37\">David-Olivier Jaquet-Chiffelle<\/a>, FDCA\/UNIL<br \/>\n&#8211; <a href=\"https:\/\/wp.unil.ch\/esspace\/2017\/12\/florian-jaton\/\">Florian Jaton<\/a>, Mines ParisTech<br \/>\n&#8211; <a href=\"https:\/\/cercrid.univ-st-etienne.fr\/fr\/presentation\/les-membres\/les-enseignants-chercheurs\/jonas-knetsch\/jonas-knetsch-english.html\">Jonas Knetsch<\/a>, Universit\u00e9 de St-Etienne<br \/>\n&#8211; <a href=\"https:\/\/uclouvain.be\/repertoires\/christophe.lazaro\">Christophe Lazaro<\/a>, Universit\u00e9 Catholique de Louvain<br \/>\n&#8211; <a href=\"https:\/\/www.edoeb.admin.ch\/edoeb\/fr\/home.html\">Catherine Lennman<\/a>, D\u00e9l\u00e9gu\u00e9e aux affaires internationales et \u00e0 la Francophonie, PFPDT<br \/>\n&#8211; <a href=\"https:\/\/www.univ-brest.fr\/menu\/recherche-innovation\/pages-chercheurs\/MAZEAU-Laurene\/\">Laur\u00e8ne Mazeau<\/a>, Universit\u00e9 de Brest<br \/>\n&#8211; <a href=\"https:\/\/smetille.ch\">Sylvain M\u00e9tille<\/a>, FDCA\/UNIL<br \/>\n&#8211; <a href=\"https:\/\/people.epfl.ch\/vincent.moreau\">Vincent Moreau<\/a>, EPFL<br \/>\n&#8211; <a href=\"https:\/\/www.researchgate.net\/profile\/Jordan_Ninin\">Jordan Ninin<\/a>, ENSTA<br \/>\n&#8211; <a href=\"https:\/\/uclouvain.be\/fr\/repertoires\/genevieve.schamps\">Genevi\u00e8ve Schamps<\/a>, Universit\u00e9 Catholique de Louvain<br \/>\n&#8211; <a href=\"https:\/\/nove.ee\/karin-sein\/?lang=en\">Karin Sein<\/a>, Universit\u00e9 de Tartu<\/p>\n<p><a href=\"https:\/\/wp.unil.ch\/digiweek-fdca\/files\/2019\/03\/Capture-d\u2019\u00e9cran-2019-03-20-\u00e0-09.12.35.png\"><br \/>\n<\/a><\/p>\n","protected":false},"excerpt":{"rendered":"<p>14 f\u00e9vrier 2019 \u00a0 Intervenants : &#8211; Dominique Boullier, EPFL &#8211; Michel Cannarsa, Universit\u00e9 Catholique de Lyon &#8211; Julie Fang-Wang, Beijing Foreign Studies University &#8211; Kevin Huguenin, HEC\/UNIL &#8211; Friedhelm Hummel, EPFL &#8211; David-Olivier Jaquet-Chiffelle, FDCA\/UNIL &#8211; Florian Jaton, Mines<\/p>\n","protected":false},"author":1001864,"featured_media":0,"parent":0,"menu_order":0,"comment_status":"closed","ping_status":"closed","template":"","meta":{"_seopress_robots_primary_cat":"","_seopress_titles_title":"","_seopress_titles_desc":"","_seopress_robots_index":"","footnotes":""},"class_list":["post-155","page","type-page","status-publish"],"_links":{"self":[{"href":"https:\/\/wp.unil.ch\/digiweek-fdca\/wp-json\/wp\/v2\/pages\/155","targetHints":{"allow":["GET"]}}],"collection":[{"href":"https:\/\/wp.unil.ch\/digiweek-fdca\/wp-json\/wp\/v2\/pages"}],"about":[{"href":"https:\/\/wp.unil.ch\/digiweek-fdca\/wp-json\/wp\/v2\/types\/page"}],"author":[{"embeddable":true,"href":"https:\/\/wp.unil.ch\/digiweek-fdca\/wp-json\/wp\/v2\/users\/1001864"}],"replies":[{"embeddable":true,"href":"https:\/\/wp.unil.ch\/digiweek-fdca\/wp-json\/wp\/v2\/comments?post=155"}],"version-history":[{"count":0,"href":"https:\/\/wp.unil.ch\/digiweek-fdca\/wp-json\/wp\/v2\/pages\/155\/revisions"}],"wp:attachment":[{"href":"https:\/\/wp.unil.ch\/digiweek-fdca\/wp-json\/wp\/v2\/media?parent=155"}],"curies":[{"name":"wp","href":"https:\/\/api.w.org\/{rel}","templated":true}]}}