{"id":2295,"date":"2024-05-23T10:28:30","date_gmt":"2024-05-23T08:28:30","guid":{"rendered":"https:\/\/wp.unil.ch\/digitalskills\/?page_id=2295"},"modified":"2024-05-23T10:28:30","modified_gmt":"2024-05-23T08:28:30","slug":"conference-mychelle-pride","status":"publish","type":"page","link":"https:\/\/wp.unil.ch\/digitalskills\/enseignants\/conferences-ateliers\/conference-mychelle-pride\/","title":{"rendered":"Conf\u00e9rence et ateliers &#8211; Mychelle Pride"},"content":{"rendered":"\n<h2 class=\"wp-block-heading\">\u00ab\u00a0L&rsquo;excellence par la diversit\u00e9 : Am\u00e9liorer l&rsquo;apprentissage gr\u00e2ce \u00e0 des pratiques inclusives\u00a0\u00bb<\/h2>\n\n\n\n<div class=\"wp-block-columns are-vertically-aligned-top is-layout-flex wp-container-core-columns-is-layout-9d6595d7 wp-block-columns-is-layout-flex\">\n<div class=\"wp-block-column is-vertically-aligned-top is-layout-flow wp-block-column-is-layout-flow\" style=\"flex-basis:66.66%\">\n<h4 class=\"wp-block-heading\">Conf\u00e9renci\u00e8re : Mychelle Pride<br><br>11 juin 2024 <strong>\u00e0 Brigue (UniDistance Suisse) <\/strong><br><br>Conf\u00e9rence bimodale (pr\u00e9sence et en ligne)<br>Atelier bimodal (pr\u00e9sence et en ligne)<\/h4>\n\n\n\n<p><strong>Langue : anglais<\/strong><\/p>\n<\/div>\n\n\n\n<div class=\"wp-block-column is-vertically-aligned-top is-layout-flow wp-block-column-is-layout-flow\" style=\"flex-basis:33.33%\"><div class=\"wp-block-image\">\n<figure class=\"aligncenter size-large is-resized\"><img alt=\"\" loading=\"lazy\" decoding=\"async\" width=\"1024\" height=\"683\" src=\"https:\/\/wp.unil.ch\/digitalskills\/files\/2023\/06\/NEWS_hybridation-1024x683.jpg\" alt=\"\" class=\"wp-image-1498\" style=\"width:285px;height:auto\" srcset=\"https:\/\/wp.unil.ch\/digitalskills\/files\/2023\/06\/NEWS_hybridation-1024x683.jpg 1024w, https:\/\/wp.unil.ch\/digitalskills\/files\/2023\/06\/NEWS_hybridation-300x200.jpg 300w, https:\/\/wp.unil.ch\/digitalskills\/files\/2023\/06\/NEWS_hybridation-768x512.jpg 768w, https:\/\/wp.unil.ch\/digitalskills\/files\/2023\/06\/NEWS_hybridation-18x12.jpg 18w, https:\/\/wp.unil.ch\/digitalskills\/files\/2023\/06\/NEWS_hybridation-540x360.jpg 540w, https:\/\/wp.unil.ch\/digitalskills\/files\/2023\/06\/NEWS_hybridation-1080x720.jpg 1080w, https:\/\/wp.unil.ch\/digitalskills\/files\/2023\/06\/NEWS_hybridation.jpg 1200w\" sizes=\"auto, (max-width: 1024px) 100vw, 1024px\" \/><\/figure>\n<\/div><\/div>\n<\/div>\n\n\n\n<div class=\"wp-block-buttons alignwide is-vertical is-content-justification-center is-layout-flex wp-container-core-buttons-is-layout-1b05d9d1 wp-block-buttons-is-layout-flex\">\n<div class=\"wp-block-button has-custom-width wp-block-button__width-50 is-style-outline is-style-outline--1\"><a class=\"wp-block-button__link has-buttons-background-color has-text-color has-link-color wp-element-button\" href=\"https:\/\/unidistance.ch\/evenement\/excellence-through-diversity-enhancing-learning-through-inclusive-practices\" style=\"border-radius:40px\">Inscriptions (site UniDistance)<\/a><\/div>\n<\/div>\n\n\n\n<p>La diversit\u00e9 apporte une contribution essentielle \u00e0 l&rsquo;excellence de la recherche et de l&rsquo;enseignement en Suisse. La prise en compte et la promotion de l&rsquo;\u00e9galit\u00e9 des chances et de la diversit\u00e9 dans toutes leurs dimensions est donc \u00ab\u00a0une question transversale qui concerne toutes les universit\u00e9s suisses de la m\u00eame mani\u00e8re\u00a0\u00bb (Swissuniversities).<\/p>\n\n\n\n<p>Cet \u00e9v\u00e9nement vous permettra d&rsquo;acqu\u00e9rir des connaissances pratiques et des strat\u00e9gies innovantes pour am\u00e9liorer l&rsquo;accessibilit\u00e9 et l&rsquo;inclusion dans vos modules.<\/p>\n\n\n\n<p>Gr\u00e2ce \u00e0 de courtes activit\u00e9s, Maud Aspart et Vincent Groff vous aideront \u00e0 mieux comprendre certains des d\u00e9fis auxquels vos \u00e9tudiants peuvent \u00eatre confront\u00e9s. Ensuite, Mychelle Pride partagera son exp\u00e9rience en mati\u00e8re de soutien aux \u00e9tudiants en ligne et vous donnera des outils et des approches \u00e9prouv\u00e9s et faciles \u00e0 mettre en \u0153uvre pour mieux soutenir vos \u00e9tudiants.<\/p>\n\n\n\n<p>\u00c0 la fin de l&rsquo;\u00e9v\u00e9nement, vous aurez une meilleure connaissance de la question de la diversit\u00e9 et la confiance n\u00e9cessaire pour aborder ces questions.<\/p>\n\n\n\n<h2 class=\"wp-block-heading\">Programme&nbsp;<\/h2>\n\n\n\n<p><strong>9:00 &#8211; Accueil<\/strong><\/p>\n\n\n\n<p><strong>9:30 \u00e0 10:30 &#8211;<\/strong> <strong>Ateliers<\/strong> (bimodal &#8211; pr\u00e9sence et en ligne)<br><br>Dans ces ateliers, vous vous confronterez \u00e0 des situations de recherche ou de manipulation d&rsquo;informations avec diff\u00e9rentes contraintes, afin de vous aider \u00e0 penser \u00e0 comment vos mat\u00e9riels de cours, outils et plateformes peuvent \u00eatre per\u00e7us par les \u00e9tudiants.<br><\/p>\n\n\n\n<p><strong>10:50 \u00e0 12:00 &#8211;<\/strong> <strong>Conf\u00e9rence<\/strong> (bimodal &#8211; pr\u00e9sence et en ligne)<br><br>La conf\u00e9rence de Mychelle Pride sera centr\u00e9e autour d&rsquo;un partage d&rsquo;exp\u00e9riences et d&rsquo;outils ayant fait leurs preuves pour soutenir vos \u00e9tudiants.<br><\/p>\n\n\n\n<h2 class=\"wp-block-heading\">Intervenants<\/h2>\n\n\n\n<figure class=\"wp-block-image size-full is-resized\"><img alt=\"\" loading=\"lazy\" decoding=\"async\" width=\"600\" height=\"600\" src=\"https:\/\/wp.unil.ch\/digitalskills\/files\/2024\/05\/Pride_Mychelle_001-002.jpg\" alt=\"\" class=\"wp-image-2299\" style=\"width:272px;height:auto\" srcset=\"https:\/\/wp.unil.ch\/digitalskills\/files\/2024\/05\/Pride_Mychelle_001-002.jpg 600w, https:\/\/wp.unil.ch\/digitalskills\/files\/2024\/05\/Pride_Mychelle_001-002-300x300.jpg 300w, https:\/\/wp.unil.ch\/digitalskills\/files\/2024\/05\/Pride_Mychelle_001-002-150x150.jpg 150w, https:\/\/wp.unil.ch\/digitalskills\/files\/2024\/05\/Pride_Mychelle_001-002-12x12.jpg 12w, https:\/\/wp.unil.ch\/digitalskills\/files\/2024\/05\/Pride_Mychelle_001-002-540x540.jpg 540w\" sizes=\"auto, (max-width: 600px) 100vw, 600px\" \/><figcaption class=\"wp-element-caption\">Mychelle Pride &#8211; Conf\u00e9renci\u00e8re<\/figcaption><\/figure>\n\n\n\n<p>Avec plus de 20 ans d&rsquo;exp\u00e9rience dans le secteur, le travail de Mychelle Pride s&rsquo;est concentr\u00e9 sur l&rsquo;\u00e9largissement de la participation et sur la possibilit\u00e9 pour les \u00e9tudiants de donner le meilleur d&rsquo;eux-m\u00eames, avec un int\u00e9r\u00eat particulier pour l&rsquo;\u00e9quit\u00e9, la diversit\u00e9 et l&rsquo;inclusion. <br><br>Dans son r\u00f4le actuel de directrice acad\u00e9mique, Pro-Vice-Chancellor Students \u00e0 l&rsquo;Open University UK, Mychelle fournit des orientations en mati\u00e8re d&rsquo;apprentissage, d&rsquo;enseignement et d&rsquo;\u00e9valuation visant \u00e0 am\u00e9liorer l&rsquo;exp\u00e9rience d&rsquo;\u00e9tude. Au sein de l&rsquo;OU UK, Mychelle a mis en \u0153uvre un programme de d\u00e9veloppement du personnel intitul\u00e9 \u00ab\u00a0Unlearn and Learn\u00a0\u00bb (d\u00e9sapprendre et apprendre) qui permet au personnel de se perfectionner en mati\u00e8re de diversit\u00e9, d&rsquo;inclusion et d&rsquo;accessibilit\u00e9.<\/p>\n\n\n\n<figure class=\"wp-block-image size-full is-resized\"><img alt=\"\" loading=\"lazy\" decoding=\"async\" width=\"500\" height=\"500\" src=\"https:\/\/wp.unil.ch\/digitalskills\/files\/2022\/06\/Maud_Aspart.jpg\" alt=\"\" class=\"wp-image-651\" style=\"width:272px;height:auto\" srcset=\"https:\/\/wp.unil.ch\/digitalskills\/files\/2022\/06\/Maud_Aspart.jpg 500w, https:\/\/wp.unil.ch\/digitalskills\/files\/2022\/06\/Maud_Aspart-300x300.jpg 300w, https:\/\/wp.unil.ch\/digitalskills\/files\/2022\/06\/Maud_Aspart-150x150.jpg 150w\" sizes=\"auto, (max-width: 500px) 100vw, 500px\" \/><figcaption class=\"wp-element-caption\">Maud Aspart<\/figcaption><\/figure>\n\n\n\n<p>Formatrice de formateurs, Maud Aspart sp\u00e9cialiste de l&rsquo;ing\u00e9nierie de formation et de la communication (orale, \u00e9crite, num\u00e9rique), elle accompagne les enseignants dans leur r\u00e9flexion sur l&rsquo;utilisation du num\u00e9rique dans la conception de dispositifs et la conduite de projets p\u00e9dagogiques.<\/p>\n\n\n\n<figure class=\"wp-block-image size-full is-resized\"><img alt=\"\" loading=\"lazy\" decoding=\"async\" width=\"200\" height=\"200\" src=\"https:\/\/wp.unil.ch\/digitalskills\/files\/2024\/05\/csm_Groff_Vincent_web_fbbdee60ee.webp\" alt=\"\" class=\"wp-image-2300\" style=\"width:272px;height:auto\" srcset=\"https:\/\/wp.unil.ch\/digitalskills\/files\/2024\/05\/csm_Groff_Vincent_web_fbbdee60ee.webp 200w, https:\/\/wp.unil.ch\/digitalskills\/files\/2024\/05\/csm_Groff_Vincent_web_fbbdee60ee-150x150.webp 150w, https:\/\/wp.unil.ch\/digitalskills\/files\/2024\/05\/csm_Groff_Vincent_web_fbbdee60ee-12x12.webp 12w\" sizes=\"auto, (max-width: 200px) 100vw, 200px\" \/><figcaption class=\"wp-element-caption\">Vincent Groff<\/figcaption><\/figure>\n\n\n\n<p>Vincent Groff travaille pour EDUDL+ \u00e0 UniDistance en tant que collaborateur sp\u00e9cialis\u00e9 dans les aspects techno-p\u00e9dagogiques de l&rsquo;enseignement et de l&rsquo;apprentissage en ligne. Auparavant, il \u00e9tait neuropsychologue et psychoth\u00e9rapeute, sp\u00e9cialis\u00e9 dans les handicaps, les technologies d&rsquo;assistance et la r\u00e9adaptation. Il est membre de l&rsquo;Association internationale des professionnels de l&rsquo;accessibilit\u00e9.<\/p>\n\n\n\n<h2 class=\"wp-block-heading\"><strong>Infos pratiques<\/strong><\/h2>\n\n\n\n<div class=\"wp-block-columns is-layout-flex wp-container-core-columns-is-layout-9d6595d7 wp-block-columns-is-layout-flex\">\n<div class=\"wp-block-column is-layout-flow wp-block-column-is-layout-flow\">\n<p><strong>11 juin 2024<\/strong><\/p>\n\n\n\n<p><strong>UniDistance Suisse<\/strong><br>Schinerstrasse 18, <br>3900 Brig-Glis<\/p>\n\n\n\n<p><strong><em>Inscription obligatoire<\/em><\/strong><\/p>\n<\/div>\n\n\n\n<div class=\"wp-block-column is-layout-flow wp-block-column-is-layout-flow\">\n<!-- iframe plugin v.6.0 wordpress.org\/plugins\/iframe\/ -->\n<iframe src=\"https:\/\/www.google.com\/maps\/embed?pb=!1m14!1m8!1m3!1d4208.963729990035!2d7.988551487353927!3d46.318257718929985!3m2!1i1024!2i768!4f13.1!3m3!1m2!1s0x478f6f1f4ea38295%3A0x2c3b9ddccae1032c!2sUniDistance%20Suisse!5e0!3m2!1sfr!2sch!4v1707148794113!5m2!1sfr!2sch\" width=\"400\" height=\"300\" style=\"border:0;\" allowfullscreen loading=\"lazy\" referrerpolicy=\"no-referrer-when-downgrade\" scrolling=\"yes\" class=\"iframe-class\" frameborder=\"0\"><\/iframe>\n\n<\/div>\n<\/div>\n\n\n\n<p>Cette journ\u00e9e est financ\u00e9e dans le cadre du P8 \u2018DigitalSkills\u2019 de Swissuniversities qui regroupe UniDistance Suisse et l\u2019UNIL.<\/p>\n","protected":false},"excerpt":{"rendered":"<p>\u00ab\u00a0L&rsquo;excellence par la diversit\u00e9 : Am\u00e9liorer l&rsquo;apprentissage gr\u00e2ce \u00e0 des pratiques inclusives\u00a0\u00bb Conf\u00e9renci\u00e8re : Mychelle Pride 11 juin 2024 \u00e0 Brigue (UniDistance Suisse) Conf\u00e9rence bimodale (pr\u00e9sence et en&hellip;<\/p>\n","protected":false},"author":1002683,"featured_media":0,"parent":1756,"menu_order":0,"comment_status":"closed","ping_status":"closed","template":"template-full-width.php","meta":{"_seopress_robots_primary_cat":"","_seopress_titles_title":"","_seopress_titles_desc":"","_seopress_robots_index":"","footnotes":""},"class_list":["post-2295","page","type-page","status-publish","has-post-thumbnail"],"_links":{"self":[{"href":"https:\/\/wp.unil.ch\/digitalskills\/wp-json\/wp\/v2\/pages\/2295","targetHints":{"allow":["GET"]}}],"collection":[{"href":"https:\/\/wp.unil.ch\/digitalskills\/wp-json\/wp\/v2\/pages"}],"about":[{"href":"https:\/\/wp.unil.ch\/digitalskills\/wp-json\/wp\/v2\/types\/page"}],"author":[{"embeddable":true,"href":"https:\/\/wp.unil.ch\/digitalskills\/wp-json\/wp\/v2\/users\/1002683"}],"replies":[{"embeddable":true,"href":"https:\/\/wp.unil.ch\/digitalskills\/wp-json\/wp\/v2\/comments?post=2295"}],"version-history":[{"count":5,"href":"https:\/\/wp.unil.ch\/digitalskills\/wp-json\/wp\/v2\/pages\/2295\/revisions"}],"predecessor-version":[{"id":2303,"href":"https:\/\/wp.unil.ch\/digitalskills\/wp-json\/wp\/v2\/pages\/2295\/revisions\/2303"}],"up":[{"embeddable":true,"href":"https:\/\/wp.unil.ch\/digitalskills\/wp-json\/wp\/v2\/pages\/1756"}],"wp:attachment":[{"href":"https:\/\/wp.unil.ch\/digitalskills\/wp-json\/wp\/v2\/media?parent=2295"}],"curies":[{"name":"wp","href":"https:\/\/api.w.org\/{rel}","templated":true}]}}