{"id":6,"date":"2025-03-20T16:00:00","date_gmt":"2025-03-20T15:00:00","guid":{"rendered":"http:\/\/wp.unil.ch\/diesacademicus\/?page_id=6"},"modified":"2026-03-04T11:17:21","modified_gmt":"2026-03-04T10:17:21","slug":"home","status":"publish","type":"page","link":"https:\/\/wp.unil.ch\/diesacademicus-2025\/","title":{"rendered":"Dies Academicus 2025"},"content":{"rendered":"\n<div class=\"wp-block-group alignfull has-background uag-hide-mob has-global-padding is-layout-constrained wp-block-group-is-layout-constrained\" style=\"background-color:#000000\">\n<div class=\"wp-block-cover alignfull has-custom-content-position is-position-bottom-left\" style=\"border-radius:0px;margin-top:0;margin-bottom:0;padding-top:0;padding-right:var(--wp--preset--spacing--50);padding-bottom:0;padding-left:var(--wp--preset--spacing--50);min-height:996px;aspect-ratio:unset;\"><img loading=\"lazy\" decoding=\"async\" width=\"1696\" height=\"1459\" class=\"wp-block-cover__image-background wp-image-2044\" alt=\"dies25 v4\" src=\"https:\/\/wp.unil.ch\/diesacademicus-2025\/files\/2025\/04\/dies25-v4.webp\" style=\"object-position:50% 100%\" data-object-fit=\"cover\" data-object-position=\"50% 100%\" srcset=\"https:\/\/wp.unil.ch\/diesacademicus-2025\/files\/2025\/04\/dies25-v4.webp 1696w, https:\/\/wp.unil.ch\/diesacademicus-2025\/files\/2025\/04\/dies25-v4-300x258.webp 300w, https:\/\/wp.unil.ch\/diesacademicus-2025\/files\/2025\/04\/dies25-v4-1024x881.webp 1024w, https:\/\/wp.unil.ch\/diesacademicus-2025\/files\/2025\/04\/dies25-v4-768x661.webp 768w, https:\/\/wp.unil.ch\/diesacademicus-2025\/files\/2025\/04\/dies25-v4-1536x1321.webp 1536w, https:\/\/wp.unil.ch\/diesacademicus-2025\/files\/2025\/04\/dies25-v4-1320x1136.webp 1320w\" sizes=\"auto, (max-width: 1696px) 100vw, 1696px\" \/><span aria-hidden=\"true\" class=\"wp-block-cover__background has-background-dim-0 has-background-dim\" style=\"background-color:#37383e\"><\/span><div class=\"wp-block-cover__inner-container has-global-padding is-layout-constrained wp-container-core-cover-is-layout-cb151cc7 wp-block-cover-is-layout-constrained\">\n<div class=\"wp-block-group is-content-justification-center is-nowrap is-layout-flex wp-container-core-group-is-layout-23441af8 wp-block-group-is-layout-flex\">\n<div style=\"height:100px;width:53px\" aria-hidden=\"true\" class=\"wp-block-spacer wp-container-content-82ea18c2\"><\/div>\n\n\n\n<div class=\"wp-block-group alignwide has-global-padding is-content-justification-left is-layout-constrained wp-container-core-group-is-layout-12dd3699 wp-block-group-is-layout-constrained\">\n<div style=\"height:461px\" aria-hidden=\"true\" class=\"wp-block-spacer\"><\/div>\n\n\n\n<h2 class=\"wp-block-heading\">Vendredi 23 mai 2025 de 10h \u00e0 12h<\/h2>\n\n\n\n<p>Fr\u00e9d\u00e9ric Herman, Recteur de l\u2019Universit\u00e9 de Lausanne, a le plaisir de vous convier \u00e0 la c\u00e9r\u00e9monie du\u00a0<strong>Dies academicus 2025<\/strong> qui aura lieu le\u00a0<strong>vendredi 23 mai 2025 de 10h \u00e0 12h\u00a0<\/strong>\u00e0 l\u2019auditoire Erna Hamburger, dans le b\u00e2timent Amphimax (m\u00e9tro m1 \u2013 UNIL-Sorge).<\/p>\n\n\n\n<p>Cette \u00e9dition sera consacr\u00e9e \u00e0 la sant\u00e9, domaine dans lequel l\u2019UNIL s\u2019affirme comme un p\u00f4le d\u2019excellence international.<\/p>\n\n\n\n<p class=\"has-text-align-left has-buttons-text-color has-text-color\">Un buffet sera servi \u00e0 l\u2019issue de la c\u00e9r\u00e9monie.<\/p>\n\n\n\n<p class=\"has-text-align-left has-base-color has-text-color has-small-font-size\"><em>Cet \u00e9v\u00e9nement sera traduit en anglais et interpr\u00e9t\u00e9 en langue des signes<\/em>.<\/p>\n<\/div>\n<\/div>\n<\/div><\/div>\n\n\n\n<div class=\"wp-block-group alignfull is-style-default inscription has-background is-vertical is-content-justification-center is-layout-flex wp-container-core-group-is-layout-582cdc1d wp-block-group-is-layout-flex\" style=\"background-color:#000000;margin-top:0;margin-bottom:0\">\n<div style=\"height:0px\" aria-hidden=\"true\" class=\"wp-block-spacer wp-container-content-16d1eb73\"><\/div>\n\n\n\n<div style=\"height:0px\" aria-hidden=\"true\" class=\"wp-block-spacer wp-container-content-16d1eb73\"><\/div>\n<\/div>\n<\/div>\n\n\n\n<div class=\"wp-block-group alignfull has-background uag-hide-desktop uag-hide-tab has-global-padding is-layout-constrained wp-block-group-is-layout-constrained\" style=\"background-color:#000000;margin-top:0;margin-bottom:0\">\n<div class=\"wp-block-group alignwide has-base-color has-text-color has-link-color wp-elements-fced8b482cee2f5bc7325a38a9bf91a0 has-global-padding is-content-justification-left is-layout-constrained wp-container-core-group-is-layout-12dd3699 wp-block-group-is-layout-constrained\"><figure class=\"wp-block-post-featured-image\"><img loading=\"lazy\" decoding=\"async\" width=\"1200\" height=\"852\" src=\"https:\/\/wp.unil.ch\/diesacademicus-2025\/files\/2025\/04\/dies25-vmobile.webp\" class=\"attachment-post-thumbnail size-post-thumbnail wp-post-image\" alt=\"dies25 vmobile\" style=\"object-fit:cover;\" srcset=\"https:\/\/wp.unil.ch\/diesacademicus-2025\/files\/2025\/04\/dies25-vmobile.webp 1200w, https:\/\/wp.unil.ch\/diesacademicus-2025\/files\/2025\/04\/dies25-vmobile-300x213.webp 300w, https:\/\/wp.unil.ch\/diesacademicus-2025\/files\/2025\/04\/dies25-vmobile-1024x727.webp 1024w, https:\/\/wp.unil.ch\/diesacademicus-2025\/files\/2025\/04\/dies25-vmobile-768x545.webp 768w\" sizes=\"auto, (max-width: 1200px) 100vw, 1200px\" \/><\/figure>\n\n\n<h2 class=\"wp-block-heading\" style=\"font-size:clamp(19.481px, 1.218rem + ((1vw - 3.2px) * 1.129), 31px);\">Vendredi 23 mai 2025 de 10h \u00e0 12h<\/h2>\n\n\n\n<p>Fr\u00e9d\u00e9ric Herman, Recteur de l\u2019Universit\u00e9 de Lausanne, a le plaisir de vous convier \u00e0 la c\u00e9r\u00e9monie du\u00a0<strong>Dies academicus 2025<\/strong> qui aura lieu le\u00a0<strong>vendredi 23 mai 2025 de 10h \u00e0 12h\u00a0<\/strong>\u00e0 l\u2019auditoire Erna Hamburger, dans le b\u00e2timent Amphimax (m\u00e9tro m1 \u2013 UNIL-Sorge).<\/p>\n\n\n\n<p>Cette \u00e9dition sera consacr\u00e9e \u00e0 la sant\u00e9, domaine dans lequel l\u2019UNIL s\u2019affirme comme un p\u00f4le d\u2019excellence international.<\/p>\n\n\n\n<p class=\"has-text-align-left has-buttons-text-color has-text-color\">Un buffet sera servi \u00e0 l\u2019issue de la c\u00e9r\u00e9monie.<\/p>\n\n\n\n<p class=\"has-text-align-left has-base-color has-text-color has-small-font-size\"><em>Cet \u00e9v\u00e9nement sera traduit en anglais et interpr\u00e9t\u00e9 en langue des signes<\/em>.<\/p>\n<\/div>\n\n\n\n<div class=\"wp-block-group alignfull is-style-default inscription has-background is-vertical is-content-justification-center is-layout-flex wp-container-core-group-is-layout-582cdc1d wp-block-group-is-layout-flex\" style=\"background-color:#000000;margin-top:0;margin-bottom:0\">\n<div style=\"height:0px\" aria-hidden=\"true\" class=\"wp-block-spacer wp-container-content-16d1eb73\"><\/div>\n\n\n\n<div style=\"height:0px\" aria-hidden=\"true\" class=\"wp-block-spacer wp-container-content-16d1eb73\"><\/div>\n<\/div>\n<\/div>\n\n\n\n<div class=\"wp-block-group alignfull has-contrast-background-color has-background is-layout-flow wp-block-group-is-layout-flow\" style=\"margin-top:0;margin-bottom:0;padding-top:0;padding-bottom:0\">\n<div class=\"wp-block-columns is-layout-flex wp-container-core-columns-is-layout-28f84493 wp-block-columns-is-layout-flex\">\n<div class=\"wp-block-column uag-hide-mob is-layout-flow wp-block-column-is-layout-flow\" style=\"flex-basis:10%\"><\/div>\n\n\n\n<div class=\"wp-block-column is-layout-flow wp-block-column-is-layout-flow\" style=\"flex-basis:80%\">\n<figure class=\"wp-block-embed aligncenter is-type-video is-provider-youtube wp-block-embed-youtube wp-embed-aspect-16-9 wp-has-aspect-ratio\" style=\"margin-right:var(--wp--preset--spacing--70);margin-left:var(--wp--preset--spacing--70)\"><div class=\"wp-block-embed__wrapper\">\n<iframe loading=\"lazy\" title=\"UNIL | Dies academicus 2025\" width=\"500\" height=\"281\" src=\"https:\/\/www.youtube.com\/embed\/Ad-0qkqAxAA?feature=oembed\" frameborder=\"0\" allow=\"accelerometer; autoplay; clipboard-write; encrypted-media; gyroscope; picture-in-picture; web-share\" referrerpolicy=\"strict-origin-when-cross-origin\" allowfullscreen><\/iframe>\n<\/div><\/figure>\n<\/div>\n\n\n\n<div class=\"wp-block-column uag-hide-mob is-layout-flow wp-block-column-is-layout-flow\" style=\"flex-basis:10%\"><\/div>\n<\/div>\n<\/div>\n\n\n\n<div class=\"wp-block-group alignfull is-style-default has-contrast-color has-text-color has-background has-link-color wp-elements-421e7be701632db032d1e3f6180adfc5 has-global-padding is-layout-constrained wp-block-group-is-layout-constrained\" style=\"background-color:#b2b3b6;margin-top:0;margin-bottom:0;padding-top:var(--wp--preset--spacing--50);padding-bottom:var(--wp--preset--spacing--50)\">\n<div class=\"wp-block-group is-vertical is-layout-flex wp-container-core-group-is-layout-fe9cc265 wp-block-group-is-layout-flex\">\n<figure class=\"wp-block-image size-large is-resized\"><img loading=\"lazy\" decoding=\"async\" width=\"1024\" height=\"148\" src=\"https:\/\/wp.unil.ch\/diesacademicus-2025\/files\/2025\/03\/programme-1024x148.png\" alt=\"programme\" class=\"wp-image-1866\" style=\"width:643px;height:auto\" srcset=\"https:\/\/wp.unil.ch\/diesacademicus-2025\/files\/2025\/03\/programme-1024x148.png 1024w, https:\/\/wp.unil.ch\/diesacademicus-2025\/files\/2025\/03\/programme-300x43.png 300w, https:\/\/wp.unil.ch\/diesacademicus-2025\/files\/2025\/03\/programme-768x111.png 768w, https:\/\/wp.unil.ch\/diesacademicus-2025\/files\/2025\/03\/programme.png 1158w\" sizes=\"auto, (max-width: 1024px) 100vw, 1024px\" \/><\/figure>\n\n\n\n<div style=\"height:0px\" aria-hidden=\"true\" class=\"wp-block-spacer wp-container-content-16d1eb73\"><\/div>\n\n\n\n<h3 class=\"wp-block-heading is-style-default\">ALLOCUTIONS<\/h3>\n\n\n\n<p><strong>Madame Anne-Christel ZEITER-GRAU<\/strong><br>Pr\u00e9sidente du Conseil de l\u2019Universit\u00e9<\/p>\n\n\n\n<p><strong>Monsieur Maxime OSWALD<\/strong><br>Copr\u00e9sident de la F\u00e9d\u00e9ration&nbsp;des Associations<br>d\u2019\u00c9tudiant\u00b7e\u00b7x\u00b7s (FAE)<\/p>\n\n\n\n<p><strong>Monsieur Fr\u00e9d\u00e9ric BORLOZ<\/strong><br>Conseiller d\u2019\u00c9tat, Chef du D\u00e9partement de l&rsquo;enseignement et<br>de la formation professionnelle du canton de Vaud (DEF)<\/p>\n\n\n\n<p><strong>Professeur Fr\u00e9d\u00e9ric HERMAN<\/strong><br>Recteur de l&rsquo;Universit\u00e9 de Lausanne<\/p>\n<\/div>\n<\/div>\n\n\n\n<div class=\"wp-block-group alignfull is-style-default has-global-padding is-layout-constrained wp-block-group-is-layout-constrained\" style=\"margin-top:0;margin-bottom:0;padding-top:var(--wp--preset--spacing--50);padding-bottom:var(--wp--preset--spacing--50)\">\n<div class=\"wp-block-group is-vertical is-layout-flex wp-container-core-group-is-layout-fe9cc265 wp-block-group-is-layout-flex\">\n<h3 class=\"wp-block-heading is-style-default\">DOCTORATS HONORIS CAUSA<\/h3>\n\n\n\n<p>Facult\u00e9 des lettres&nbsp;<br><strong><a href=\"https:\/\/wp.unil.ch\/diesacademicus-2025\/professeur-jan-baetens\/\" data-type=\"post\" data-id=\"1817\">Professeur Jan BAETENS<\/a><\/strong><br>Katholieke Universiteit Leuven<\/p>\n\n\n\n<p>Facult\u00e9 des hautes \u00e9tudes commerciales<br><strong><a href=\"https:\/\/wp.unil.ch\/diesacademicus-2025\/professeure-amy-finkelstein\/\" data-type=\"post\" data-id=\"1819\">Professeure Amy FINKELSTEIN<\/a><\/strong><a href=\"https:\/\/wp.unil.ch\/diesacademicus-2025\/professeure-jocelyne-bloch\/\" data-type=\"post\" data-id=\"1923\">&nbsp;<\/a><br>Massachusetts Institute of Technology<\/p>\n\n\n\n<p>Facult\u00e9 des g\u00e9osciences et de l&rsquo;environnement&nbsp;<br><strong><a href=\"https:\/\/wp.unil.ch\/diesacademicus-2025\/docteur-carlos-f-c-dora\/\" data-type=\"post\" data-id=\"1821\">Docteur Carlos F. C. DORA<\/a><\/strong><br>Ancien coordinateur au D\u00e9partement sant\u00e9 publique et environnement de l\u2019OMS&nbsp;<\/p>\n\n\n\n<p>Direction de l\u2019Universit\u00e9 de Lausanne&nbsp;<br><strong><a href=\"https:\/\/wp.unil.ch\/uniscope\/un-usurpateur-aux-multiples-casquettes\/\">Docteur Bertrand KIEFER<\/a><\/strong><br>M\u00e9decin, \u00e9thicien et journaliste&nbsp;<\/p>\n<\/div>\n<\/div>\n\n\n\n<div class=\"wp-block-group alignfull is-style-default has-background has-global-padding is-layout-constrained wp-block-group-is-layout-constrained\" style=\"background-color:#e7e7e8;margin-top:0;margin-bottom:0;padding-top:var(--wp--preset--spacing--50);padding-bottom:var(--wp--preset--spacing--50)\">\n<div class=\"wp-block-group is-vertical is-layout-flex wp-container-core-group-is-layout-fe9cc265 wp-block-group-is-layout-flex\">\n<h3 class=\"wp-block-heading is-style-default\">REMISE DES PRIX<\/h3>\n\n\n\n<p>Prix de l\u2019Universit\u00e9 de Lausanne&nbsp;<br><a href=\"https:\/\/wp.unil.ch\/uniscope\/moi-seule-je-naurais-pu-avoir-une-telle-carriere\/\" target=\"_blank\" rel=\"noreferrer noopener\"><strong>Professeure Jocelyne BLOCH<\/strong>&nbsp;<\/a><br>Facult\u00e9 de biologie et de m\u00e9decine&nbsp;<\/p>\n\n\n\n<p>Prix de l\u2019\u00c9tat de Berne&nbsp;<br><strong><a href=\"https:\/\/wp.unil.ch\/diesacademicus-2025\/lapurla\/\" data-type=\"post\" data-id=\"1921\">Lapurla<\/a><\/strong>&nbsp;<\/p>\n\n\n\n<p>Prix de la Soci\u00e9t\u00e9 acad\u00e9mique vaudoise&nbsp;<br><strong><a href=\"https:\/\/wp.unil.ch\/diesacademicus-2025\/docteure-carlotta-manz\/\" data-type=\"post\" data-id=\"2149\">Docteure Carlotta MANZ<\/a><\/strong><br>Facult\u00e9 de droit, des sciences criminelles et d&rsquo;administration publique<\/p>\n<\/div>\n<\/div>\n","protected":false},"excerpt":{"rendered":"<p>Vendredi 23 mai 2025 de 10h \u00e0 12h Fr\u00e9d\u00e9ric Herman, Recteur de l\u2019Universit\u00e9 de Lausanne, a le plaisir de vous convier \u00e0 la c\u00e9r\u00e9monie du\u00a0Dies academicus 2025 qui aura lieu le\u00a0vendredi 23 mai 2025 de 10h \u00e0 12h\u00a0\u00e0 l\u2019auditoire Erna Hamburger, dans le b\u00e2timent Amphimax (m\u00e9tro m1 \u2013 UNIL-Sorge). Cette \u00e9dition sera consacr\u00e9e \u00e0 la [&hellip;]<\/p>\n","protected":false},"author":108,"featured_media":2069,"parent":0,"menu_order":0,"comment_status":"closed","ping_status":"closed","template":"","meta":{"_seopress_robots_primary_cat":"","_seopress_titles_title":"","_seopress_titles_desc":"","_seopress_robots_index":"","_uag_custom_page_level_css":"","footnotes":""},"class_list":["post-6","page","type-page","status-publish","has-post-thumbnail"],"uagb_featured_image_src":{"full":["https:\/\/wp.unil.ch\/diesacademicus-2025\/files\/2025\/04\/dies25-vmobile.webp",1200,852,false],"thumbnail":["https:\/\/wp.unil.ch\/diesacademicus-2025\/files\/2025\/04\/dies25-vmobile-150x150.webp",150,150,true],"medium":["https:\/\/wp.unil.ch\/diesacademicus-2025\/files\/2025\/04\/dies25-vmobile-300x213.webp",300,213,true],"medium_large":["https:\/\/wp.unil.ch\/diesacademicus-2025\/files\/2025\/04\/dies25-vmobile-768x545.webp",768,545,true],"large":["https:\/\/wp.unil.ch\/diesacademicus-2025\/files\/2025\/04\/dies25-vmobile-1024x727.webp",1024,727,true],"1536x1536":["https:\/\/wp.unil.ch\/diesacademicus-2025\/files\/2025\/04\/dies25-vmobile.webp",1200,852,false],"2048x2048":["https:\/\/wp.unil.ch\/diesacademicus-2025\/files\/2025\/04\/dies25-vmobile.webp",1200,852,false],"gform-image-choice-sm":["https:\/\/wp.unil.ch\/diesacademicus-2025\/files\/2025\/04\/dies25-vmobile.webp",300,213,false],"gform-image-choice-md":["https:\/\/wp.unil.ch\/diesacademicus-2025\/files\/2025\/04\/dies25-vmobile.webp",400,284,false],"gform-image-choice-lg":["https:\/\/wp.unil.ch\/diesacademicus-2025\/files\/2025\/04\/dies25-vmobile.webp",600,426,false],"bdpp-medium":["https:\/\/wp.unil.ch\/diesacademicus-2025\/files\/2025\/04\/dies25-vmobile-640x480.webp",640,480,true],"mailpoet_newsletter_max":["https:\/\/wp.unil.ch\/diesacademicus-2025\/files\/2025\/04\/dies25-vmobile.webp",1200,852,false]},"uagb_author_info":{"display_name":"centre informatique","author_link":"https:\/\/wp.unil.ch\/diesacademicus-2025\/author\/ci-unil\/"},"uagb_comment_info":0,"uagb_excerpt":"Vendredi 23 mai 2025 de 10h \u00e0 12h Fr\u00e9d\u00e9ric Herman, Recteur de l\u2019Universit\u00e9 de Lausanne, a le plaisir de vous convier \u00e0 la c\u00e9r\u00e9monie du\u00a0Dies academicus 2025 qui aura lieu le\u00a0vendredi 23 mai 2025 de 10h \u00e0 12h\u00a0\u00e0 l\u2019auditoire Erna Hamburger, dans le b\u00e2timent Amphimax (m\u00e9tro m1 \u2013 UNIL-Sorge). Cette \u00e9dition sera consacr\u00e9e \u00e0 la\u2026","_links":{"self":[{"href":"https:\/\/wp.unil.ch\/diesacademicus-2025\/wp-json\/wp\/v2\/pages\/6","targetHints":{"allow":["GET"]}}],"collection":[{"href":"https:\/\/wp.unil.ch\/diesacademicus-2025\/wp-json\/wp\/v2\/pages"}],"about":[{"href":"https:\/\/wp.unil.ch\/diesacademicus-2025\/wp-json\/wp\/v2\/types\/page"}],"author":[{"embeddable":true,"href":"https:\/\/wp.unil.ch\/diesacademicus-2025\/wp-json\/wp\/v2\/users\/108"}],"replies":[{"embeddable":true,"href":"https:\/\/wp.unil.ch\/diesacademicus-2025\/wp-json\/wp\/v2\/comments?post=6"}],"version-history":[{"count":5,"href":"https:\/\/wp.unil.ch\/diesacademicus-2025\/wp-json\/wp\/v2\/pages\/6\/revisions"}],"predecessor-version":[{"id":2254,"href":"https:\/\/wp.unil.ch\/diesacademicus-2025\/wp-json\/wp\/v2\/pages\/6\/revisions\/2254"}],"wp:featuredmedia":[{"embeddable":true,"href":"https:\/\/wp.unil.ch\/diesacademicus-2025\/wp-json\/wp\/v2\/media\/2069"}],"wp:attachment":[{"href":"https:\/\/wp.unil.ch\/diesacademicus-2025\/wp-json\/wp\/v2\/media?parent=6"}],"curies":[{"name":"wp","href":"https:\/\/api.w.org\/{rel}","templated":true}]}}