{"id":6,"date":"2019-11-28T16:00:19","date_gmt":"2019-11-28T15:00:19","guid":{"rendered":"http:\/\/wp.unil.ch\/decouverte\/?page_id=6"},"modified":"2025-12-15T16:26:37","modified_gmt":"2025-12-15T15:26:37","slug":"home","status":"publish","type":"page","link":"https:\/\/wp.unil.ch\/decouverte\/","title":{"rendered":"Journ\u00e9es D\u00e9couverte"},"content":{"rendered":"\n<div style=\"height:59px\" aria-hidden=\"true\" class=\"wp-block-spacer\"><\/div>\n\n\n\n<p>Les Journ\u00e9es D\u00e9couverte sont ouvertes \u00e0 toute personne int\u00e9ress\u00e9e \u00e0 entreprendre un Bachelor \u00e0 l&rsquo;Universit\u00e9 de Lausanne.<\/p>\n\n\n\n<p>La prochaine \u00e9dition aura lieu <strong>mercredi 2 et jeudi 3 d\u00e9cembre 2026.<\/strong><\/p>\n\n\n\n<p>En attendant, vous pouvez revoir en vid\u00e9o une grande partie des pr\u00e9sentations donn\u00e9es lors des Journ\u00e9es D\u00e9couverte 2025.<\/p>\n\n\n\n<div class=\"wp-block-buttons is-layout-flex wp-block-buttons-is-layout-flex\">\n<div class=\"wp-block-button\"><a class=\"wp-block-button__link wp-element-button\" href=\"https:\/\/wp.unil.ch\/decouverte\/videos-a-revoir\/\">Voir les vid\u00e9os<\/a><\/div>\n<\/div>\n\n\n\n<div class=\"wp-block-buttons is-layout-flex wp-block-buttons-is-layout-flex\">\n<div class=\"wp-block-button\"><a class=\"wp-block-button__link wp-element-button\" href=\"https:\/\/www.unil.ch\/unil\/fr\/home\/menuinst\/etudier\/bachelors.html\">Toutes les infos sur les Bachelors de l&rsquo;UNIL<\/a><\/div>\n<\/div>\n\n\n\n<div style=\"height:83px\" aria-hidden=\"true\" class=\"wp-block-spacer\"><\/div>\n\n\n\n<p><\/p>\n","protected":false},"excerpt":{"rendered":"<p>Les Journ\u00e9es D\u00e9couverte sont ouvertes \u00e0 toute personne int\u00e9ress\u00e9e \u00e0 entreprendre un Bachelor \u00e0 l&rsquo;Universit\u00e9 de Lausanne. La prochaine \u00e9dition aura lieu mercredi 2 et jeudi 3 d\u00e9cembre&hellip;<\/p>\n","protected":false},"author":1002120,"featured_media":3769,"parent":0,"menu_order":1,"comment_status":"closed","ping_status":"closed","template":"template-full-width-cover.php","meta":{"_seopress_robots_primary_cat":"","_seopress_titles_title":"","_seopress_titles_desc":"","_seopress_robots_index":"","_uag_custom_page_level_css":"","footnotes":""},"class_list":["post-6","page","type-page","status-publish","has-post-thumbnail"],"uagb_featured_image_src":{"full":["https:\/\/wp.unil.ch\/decouverte\/files\/2025\/09\/gettyimages-2164443051.jpg",1600,1200,false],"thumbnail":["https:\/\/wp.unil.ch\/decouverte\/files\/2025\/09\/gettyimages-2164443051-150x150.jpg",150,150,true],"medium":["https:\/\/wp.unil.ch\/decouverte\/files\/2025\/09\/gettyimages-2164443051-300x225.jpg",300,225,true],"medium_large":["https:\/\/wp.unil.ch\/decouverte\/files\/2025\/09\/gettyimages-2164443051-768x576.jpg",580,435,true],"large":["https:\/\/wp.unil.ch\/decouverte\/files\/2025\/09\/gettyimages-2164443051-1024x768.jpg",580,435,true],"1536x1536":["https:\/\/wp.unil.ch\/decouverte\/files\/2025\/09\/gettyimages-2164443051-1536x1152.jpg",1536,1152,true],"2048x2048":["https:\/\/wp.unil.ch\/decouverte\/files\/2025\/09\/gettyimages-2164443051.jpg",1600,1200,false],"post-thumbnail":["https:\/\/wp.unil.ch\/decouverte\/files\/2025\/09\/gettyimages-2164443051.jpg",1600,1200,false],"chaplin_preview_image_low_resolution":["https:\/\/wp.unil.ch\/decouverte\/files\/2025\/09\/gettyimages-2164443051-540x405.jpg",540,405,true],"chaplin_preview_image_high_resolution":["https:\/\/wp.unil.ch\/decouverte\/files\/2025\/09\/gettyimages-2164443051-1080x810.jpg",1080,810,true],"chaplin_fullscreen":["https:\/\/wp.unil.ch\/decouverte\/files\/2025\/09\/gettyimages-2164443051.jpg",1600,1200,false],"gform-image-choice-sm":["https:\/\/wp.unil.ch\/decouverte\/files\/2025\/09\/gettyimages-2164443051.jpg",300,225,false],"gform-image-choice-md":["https:\/\/wp.unil.ch\/decouverte\/files\/2025\/09\/gettyimages-2164443051.jpg",400,300,false],"gform-image-choice-lg":["https:\/\/wp.unil.ch\/decouverte\/files\/2025\/09\/gettyimages-2164443051.jpg",600,450,false],"mailpoet_newsletter_max":["https:\/\/wp.unil.ch\/decouverte\/files\/2025\/09\/gettyimages-2164443051-1320x990.jpg",1320,990,true]},"uagb_author_info":{"display_name":"Magali Monnier","author_link":"https:\/\/wp.unil.ch\/decouverte\/author\/mmonnier\/"},"uagb_comment_info":0,"uagb_excerpt":"Les Journ\u00e9es D\u00e9couverte sont ouvertes \u00e0 toute personne int\u00e9ress\u00e9e \u00e0 entreprendre un Bachelor \u00e0 l&rsquo;Universit\u00e9 de Lausanne. La prochaine \u00e9dition aura lieu mercredi 2 et jeudi 3 d\u00e9cembre&hellip;","_links":{"self":[{"href":"https:\/\/wp.unil.ch\/decouverte\/wp-json\/wp\/v2\/pages\/6","targetHints":{"allow":["GET"]}}],"collection":[{"href":"https:\/\/wp.unil.ch\/decouverte\/wp-json\/wp\/v2\/pages"}],"about":[{"href":"https:\/\/wp.unil.ch\/decouverte\/wp-json\/wp\/v2\/types\/page"}],"author":[{"embeddable":true,"href":"https:\/\/wp.unil.ch\/decouverte\/wp-json\/wp\/v2\/users\/1002120"}],"replies":[{"embeddable":true,"href":"https:\/\/wp.unil.ch\/decouverte\/wp-json\/wp\/v2\/comments?post=6"}],"version-history":[{"count":5,"href":"https:\/\/wp.unil.ch\/decouverte\/wp-json\/wp\/v2\/pages\/6\/revisions"}],"predecessor-version":[{"id":4050,"href":"https:\/\/wp.unil.ch\/decouverte\/wp-json\/wp\/v2\/pages\/6\/revisions\/4050"}],"wp:featuredmedia":[{"embeddable":true,"href":"https:\/\/wp.unil.ch\/decouverte\/wp-json\/wp\/v2\/media\/3769"}],"wp:attachment":[{"href":"https:\/\/wp.unil.ch\/decouverte\/wp-json\/wp\/v2\/media?parent=6"}],"curies":[{"name":"wp","href":"https:\/\/api.w.org\/{rel}","templated":true}]}}