{"id":95,"date":"2011-02-22T17:52:35","date_gmt":"2011-02-22T16:52:35","guid":{"rendered":"http:\/\/wp.unil.ch\/dday\/"},"modified":"2017-03-20T08:50:34","modified_gmt":"2017-03-20T07:50:34","slug":"d-day-2006","status":"publish","type":"page","link":"https:\/\/wp.unil.ch\/dday\/previous-ddays\/d-day-2006\/","title":{"rendered":"D.Day 2006"},"content":{"rendered":"<p><a href=\"https:\/\/wp.unil.ch\/dday\/files\/2011\/02\/DDAY2006final.gif\"><img alt=\"\" loading=\"lazy\" decoding=\"async\" class=\"alignnone size-full wp-image-123\" src=\"https:\/\/wp.unil.ch\/dday\/files\/2011\/02\/DDAY2006final.gif\" alt=\"\" width=\"620\" height=\"874\" srcset=\"https:\/\/wp.unil.ch\/dday\/files\/2011\/02\/DDAY2006final.gif 620w, https:\/\/wp.unil.ch\/dday\/files\/2011\/02\/DDAY2006final-212x300.gif 212w\" sizes=\"auto, (max-width: 620px) 100vw, 620px\" \/><\/a><br \/>\n\u00a0<\/p>\n<h3>Program D.Day 2006<\/h3>\n<table>\n<tbody>\n<tr>\n<td>8:00<\/td>\n<td>Registration and mounting of posters, coffee and croissants<\/td>\n<\/tr>\n<tr>\n<td>8:45<\/td>\n<td><strong>&#8220;Evolutionary ecology of a sexually transmitted plant disease&#8221;<\/strong>, Jacqui Shykoff, Laboratoire d&#8217;Ecologie, Syst\u00e9matique et Evolution, Orsay, Paris<\/td>\n<\/tr>\n<tr>\n<td>9:45<\/td>\n<td><strong>&#8220;Is medicine becoming genetic?&#8221;<\/strong>, Jacques Beckmann, D\u00e9partement de G\u00e9n\u00e9tique M\u00e9dicale, FBM-UNIL<\/td>\n<\/tr>\n<tr>\n<td>10:45<\/td>\n<td>Poster session 1 (odd numbers)<\/td>\n<\/tr>\n<tr>\n<td>12:00<\/td>\n<td>Lunch<\/td>\n<\/tr>\n<tr>\n<td>13:30<\/td>\n<td><strong>&#8220;Evolutionary genomics of microbes&#8221;<\/strong>, Siv Andersson, Department of Evolution, Genomics and Systematics, Uppsala<\/td>\n<\/tr>\n<tr>\n<td>14:30<\/td>\n<td>Poster session 2 (even numbers)<\/td>\n<\/tr>\n<tr>\n<td>16:00<\/td>\n<td><strong>&#8220;Le probl\u00e8me du plaisir&#8221;<\/strong>, Jacques Besson, D\u00e9partement Universitaire de Psychiatrie Adulte, FBM-UNIL<\/td>\n<\/tr>\n<tr>\n<td>17:00<\/td>\n<td>Poster awards and ap\u00e9ritif<\/td>\n<\/tr>\n<\/tbody>\n<\/table>\n<p>&nbsp;<\/p>\n<h3>Photos<\/h3>\nngg_shortcode_0_placeholder\n","protected":false},"excerpt":{"rendered":"<p>\u00a0 Program D.Day 2006 8:00 Registration and mounting of posters, coffee and croissants 8:45 &#8220;Evolutionary ecology of a sexually transmitted plant disease&#8221;, Jacqui Shykoff, Laboratoire d&#8217;Ecologie, Syst\u00e9matique et Evolution, Orsay, &hellip; <\/p>\n","protected":false},"author":832,"featured_media":0,"parent":22,"menu_order":9,"comment_status":"closed","ping_status":"closed","template":"","meta":{"_seopress_robots_primary_cat":"","_seopress_titles_title":"","_seopress_titles_desc":"","_seopress_robots_index":"","ngg_post_thumbnail":0,"footnotes":""},"class_list":["post-95","page","type-page","status-publish"],"_links":{"self":[{"href":"https:\/\/wp.unil.ch\/dday\/wp-json\/wp\/v2\/pages\/95","targetHints":{"allow":["GET"]}}],"collection":[{"href":"https:\/\/wp.unil.ch\/dday\/wp-json\/wp\/v2\/pages"}],"about":[{"href":"https:\/\/wp.unil.ch\/dday\/wp-json\/wp\/v2\/types\/page"}],"author":[{"embeddable":true,"href":"https:\/\/wp.unil.ch\/dday\/wp-json\/wp\/v2\/users\/832"}],"replies":[{"embeddable":true,"href":"https:\/\/wp.unil.ch\/dday\/wp-json\/wp\/v2\/comments?post=95"}],"version-history":[{"count":0,"href":"https:\/\/wp.unil.ch\/dday\/wp-json\/wp\/v2\/pages\/95\/revisions"}],"up":[{"embeddable":true,"href":"https:\/\/wp.unil.ch\/dday\/wp-json\/wp\/v2\/pages\/22"}],"wp:attachment":[{"href":"https:\/\/wp.unil.ch\/dday\/wp-json\/wp\/v2\/media?parent=95"}],"curies":[{"name":"wp","href":"https:\/\/api.w.org\/{rel}","templated":true}]}}