{"id":677,"date":"2021-05-26T20:21:43","date_gmt":"2021-05-26T18:21:43","guid":{"rendered":"https:\/\/wp.unil.ch\/dawn\/?page_id=677"},"modified":"2026-04-08T17:35:09","modified_gmt":"2026-04-08T15:35:09","slug":"outreach","status":"publish","type":"page","link":"https:\/\/wp.unil.ch\/dawn\/outreach\/","title":{"rendered":"Outreach"},"content":{"rendered":"\n<div class=\"wp-block-columns is-layout-flex wp-container-core-columns-is-layout-9d6595d7 wp-block-columns-is-layout-flex\">\n<div class=\"wp-block-column is-vertically-aligned-center is-layout-flow wp-block-column-is-layout-flow\" style=\"flex-basis:100%\">\n<p>(Mar 2026) <a href=\"https:\/\/www.youtube.com\/watch?v=-yBYYdloC_Q\">L&#8217;intelligence artificielle au service des sciences du climat<\/a>. <em>\u00c9tudes et Recherche Auteuil<\/em>. <\/p>\n\n\n\n<p>(Mar 2025) <a href=\"https:\/\/www.youtube.com\/watch?v=ayyZeSSVXgk&amp;t=4068s\">&#8220;L&#8217;heure H'&#8221; : L\u2019IA et le climat : amis ou ennemis?<\/a> <em>EPFL Outreach Event. Speaker<\/em>. [<a href=\"https:\/\/feeds.podcastics.com\/podcastics\/podcasts\/rss\/8098_24f4b906c039453f23add4d69a88de1e.rss\">podcast<\/a>]\n\n\n\n<p>(May 2024) <a href=\"https:\/\/wp.unil.ch\/uniscope\/climat-ia-et-lois-physiques-un-partenariat-gagnant\/\">Climat, IA et lois physiques, un partenariat gagnant<\/a>. <em>Co-author<\/em>.<\/p>\n\n\n\n<p>(Mar 2024) <a href=\"https:\/\/wp.unil.ch\/geoblog\/2024\/03\/modeliser-la-physique-atmospherique-prevoir-la-formation-de-cyclones-tropicaux-et-predire-le-climat-futur\/\">Mod\u00e9liser la physique atmosph\u00e9rique, pr\u00e9voir la formation de cyclones tropicaux, et pr\u00e9dire le climat futur<\/a>. <em>Co-author, as part of a contribution to<\/em>: <a href=\"https:\/\/wp.unil.ch\/geoblog\/2024\/03\/les-geosciences-evoluent-avec-les-progres-de-lintelligence-artificielle\/\">\u00c9valuer les risques naturels, simuler le devenir des glaciers ou encore appr\u00e9hender la complexit\u00e9 des r\u00e9seaux urbains : les g\u00e9osciences \u00e9voluent avec les progr\u00e8s de l\u2019intelligence artificielle<\/a>.<\/p>\n\n\n\n<p>(Feb 2024) <a href=\"https:\/\/climact.ch\/post\/ai-and-climate-science\">AI and Climate Science<\/a>\/<a href=\"https:\/\/climact.ch\/fr\/post\/anticiper-l-avenir-climatique-grace-a-l-ai\">Anticiper l\u2019avenir climatique gr\u00e2ce \u00e0 l\u2019AI<\/a>. <em>Co-author<\/em><\/p>\n\n\n\n<p>(Sep 2023) <a href=\"https:\/\/rec.unil.ch\/videos\/ceremonie-douverture-des-cours-de-la-faculte-des-geosciences-et-de-lenvironnement-2023\/\">L&#8217;intelligence artificielle au service des sciences du climat.<\/a> <em>UNIL FGSE Academic Year Opening Ceremony<\/em><\/p>\n\n\n\n<p>(Jun 2023) <a href=\"https:\/\/climact.ch\/post\/atmospheric-science-day-2023\">CLIMACT Atmospheric Science Day 2023 (includes a list of atmospheric science research groups &amp; courses at UNIL\/EPFL)<\/a> <em>Author<\/em><\/p>\n\n\n\n<p>(Dec 2022) <a href=\"https:\/\/wp.unil.ch\/blogdurecteur\/intelligence-artificielle-quels-enjeux-pour-luniversite\/\">Intelligence artificielle&nbsp;: quels enjeux pour l\u2019universit\u00e9&nbsp;?<\/a> <em>Contributor<\/em><\/p>\n\n\n\n<p>(Mar 2021)&nbsp;<a href=\"https:\/\/physics.aps.org\/articles\/v14\/s25\">Teaching a Neural Network the Hard Way<\/a>.&nbsp;<em>APS&nbsp;Physics&nbsp;14&nbsp;<\/em><\/p>\n\n\n\n<p>(Jun 2020-Jun 2021)&nbsp;<a href=\"https:\/\/www.youtube.com\/watch?v=Q_3VkgJk0zA&amp;list=PLxJW_0B8xcRIHPuwc5bnGSi47yJ5yTba_&amp;index=3\">US CLIVAR Data Science Webinar Series<\/a>.&nbsp;<em>Co-organizer and Moderator<\/em><\/p>\n\n\n\n<p>(Nov 2020)&nbsp;<a href=\"https:\/\/cacm.acm.org\/news\/248925-modelling-clouds-and-climate\/fulltext\">Modelling Clouds and Climate<\/a>.&nbsp;<em>Communications of the ACM<\/em><\/p>\n\n\n\n<p>(Aug 2020)&nbsp;<a href=\"https:\/\/e3sm.org\/outsourcing-sub-grid-cloud-physics-to-neural-networks\/\">Outsourcing Sub-Grid Cloud Physics to Neural Networks.<\/a>&nbsp;<em>E3SM Blog Post<\/em><\/p>\n\n\n\n<p>(Jun 2018)&nbsp;<a href=\"https:\/\/youtu.be\/rDp4UiF7jVU?t=1020\">When the Wind Blows: Predicting how Hurricanes Change with Climate<\/a>.&nbsp;<em>Caf\u00e9Sci Boston<\/em><\/p>\n\n\n\n<p>(Jan 2018)&nbsp;<a href=\"https:\/\/www.youtube.com\/watch?v=2WhzERlMBZk\">Higher Grounds<\/a>.&nbsp;<em>MIT Climate Changed Ideas Competition<\/em><\/p>\n<\/div>\n<\/div>\n","protected":false},"excerpt":{"rendered":"<p>(Mar 2026) L&#8217;intelligence artificielle au service des sciences du climat. \u00c9tudes et Recherche Auteuil. (Mar 2025) &#8220;L&#8217;heure H&#8217;&#8221; : L\u2019IA et le climat : amis ou ennemis? EPFL Outreach Event. Speaker. [podcast] (May 2024) Climat, IA et lois physiques, un partenariat gagnant. Co-author. (Mar 2024) Mod\u00e9liser la physique atmosph\u00e9rique, pr\u00e9voir la formation de cyclones tropicaux, [&hellip;]<\/p>\n","protected":false},"author":1002254,"featured_media":707,"parent":0,"menu_order":0,"comment_status":"closed","ping_status":"closed","template":"templates\/template-cover.php","meta":{"_seopress_robots_primary_cat":"","_seopress_titles_title":"","_seopress_titles_desc":"","_seopress_robots_index":"","footnotes":""},"class_list":["post-677","page","type-page","status-publish","has-post-thumbnail"],"_links":{"self":[{"href":"https:\/\/wp.unil.ch\/dawn\/wp-json\/wp\/v2\/pages\/677","targetHints":{"allow":["GET"]}}],"collection":[{"href":"https:\/\/wp.unil.ch\/dawn\/wp-json\/wp\/v2\/pages"}],"about":[{"href":"https:\/\/wp.unil.ch\/dawn\/wp-json\/wp\/v2\/types\/page"}],"author":[{"embeddable":true,"href":"https:\/\/wp.unil.ch\/dawn\/wp-json\/wp\/v2\/users\/1002254"}],"replies":[{"embeddable":true,"href":"https:\/\/wp.unil.ch\/dawn\/wp-json\/wp\/v2\/comments?post=677"}],"version-history":[{"count":4,"href":"https:\/\/wp.unil.ch\/dawn\/wp-json\/wp\/v2\/pages\/677\/revisions"}],"predecessor-version":[{"id":3916,"href":"https:\/\/wp.unil.ch\/dawn\/wp-json\/wp\/v2\/pages\/677\/revisions\/3916"}],"wp:featuredmedia":[{"embeddable":true,"href":"https:\/\/wp.unil.ch\/dawn\/wp-json\/wp\/v2\/media\/707"}],"wp:attachment":[{"href":"https:\/\/wp.unil.ch\/dawn\/wp-json\/wp\/v2\/media?parent=677"}],"curies":[{"name":"wp","href":"https:\/\/api.w.org\/{rel}","templated":true}]}}