{"id":1333,"date":"2022-09-13T13:10:07","date_gmt":"2022-09-13T11:10:07","guid":{"rendered":"https:\/\/wp.unil.ch\/dawn\/?page_id=1333"},"modified":"2023-11-27T15:09:33","modified_gmt":"2023-11-27T14:09:33","slug":"sig_etape1","status":"publish","type":"page","link":"https:\/\/wp.unil.ch\/dawn\/sig_etape1\/","title":{"rendered":"\u00c9tape I : Cr\u00e9ation d&#8217;une g\u00e9odatabase ouverte"},"content":{"rendered":"\n<details class=\"wp-block-details is-layout-flow wp-block-details-is-layout-flow\"><summary>Introduction<\/summary>\n<div class=\"wp-block-group\"><div class=\"wp-block-group__inner-container is-layout-constrained wp-block-group-is-layout-constrained\">\n<figure class=\"wp-block-image size-large\"><img alt=\"\" loading=\"lazy\" decoding=\"async\" width=\"1024\" height=\"347\" src=\"https:\/\/wp.unil.ch\/dawn\/files\/2022\/10\/fair_data_principles-1024x347.jpg\" alt=\"\" class=\"wp-image-1634\" srcset=\"https:\/\/wp.unil.ch\/dawn\/files\/2022\/10\/fair_data_principles-1024x347.jpg 1024w, https:\/\/wp.unil.ch\/dawn\/files\/2022\/10\/fair_data_principles-300x102.jpg 300w, https:\/\/wp.unil.ch\/dawn\/files\/2022\/10\/fair_data_principles-768x260.jpg 768w, https:\/\/wp.unil.ch\/dawn\/files\/2022\/10\/fair_data_principles.jpg 1200w\" sizes=\"auto, (max-width: 1024px) 100vw, 1024px\" \/><figcaption class=\"wp-element-caption\"><a href=\"https:\/\/kib.ki.se\/en\/publish-analyse\/publish-your-article-open-access\/fair-principles\">Source<\/a><\/figcaption><\/figure>\n\n\n\n<p>L&#8217;objectif du projet individuel est de cr\u00e9er une carte th\u00e9matique sur une probl\u00e9matique qui te passionne avec une g\u00e9odatabase ouverte et conforme aux <a href=\"https:\/\/fr.wikipedia.org\/wiki\/Fair_data\">principes FAIR<\/a>. Le rendu de ton projet sera accessible au public apr\u00e8s la fin du semestre sur le <a href=\"https:\/\/wp.unil.ch\/dawn\/teaching\/#SIG\">site du cours<\/a>.<\/p>\n\n\n\n<p>Dans cette premi\u00e8re \u00e9tape, nous allons te guider pour cr\u00e9er ta g\u00e9odatabase ouverte. Le rendu final sera un hyperlien ouvert qui permettra au public de t\u00e9l\u00e9charger ta g\u00e9odatabase sans effort.  <\/p>\n\n\n\n<p><em>(Image de couverture) &#8220;Digital cyberspace with particles and Digital data network connections concept&#8221; de KanawatTH. <\/em><\/p>\n<\/div><\/div>\n<\/details>\n\n\n\n<details class=\"wp-block-details is-layout-flow wp-block-details-is-layout-flow\"><summary>1. D\u00e9finition du projet<\/summary>\n<div class=\"wp-block-group\"><div class=\"wp-block-group__inner-container is-layout-constrained wp-block-group-is-layout-constrained\">\n<p>1a) Identifies un ph\u00e9nom\u00e8ne spatial \u00e0 \u00e9tudier et une probl\u00e9matique simple (analyse de risque, aires d\u2019attraction, analyse de tendance, mod\u00e9lisation spatiale, d\u00e9couverte de motifs dans les donn\u00e9es, etc.). <\/p>\n\n\n\n<details class=\"wp-block-details is-layout-flow wp-block-details-is-layout-flow\"><summary>Si tu manques d&#8217;inspiration&#8230;<\/summary>\n<div class=\"wp-block-group\"><div class=\"wp-block-group__inner-container is-layout-constrained wp-block-group-is-layout-constrained\">\n<ul class=\"wp-block-list\">\n<li>Utilises la probl\u00e9matique de ta th\u00e8se de Bachelor<\/li>\n\n\n\n<li>Consulte le <a href=\"https:\/\/www.cairn.info\/introduction-aux-systemes-d-information-geographiq--9782200617189-page-222.htm\">chapitre 6 du manuel de cours<\/a><\/li>\n\n\n\n<li>Discutes-en (pas trop fort) avec tes voisin.e.s<\/li>\n\n\n\n<li>Parcours la <a href=\"https:\/\/mapgallery.esri.com\/\">gallerie des cartes d&#8217;ESRI<\/a> <\/li>\n<\/ul>\n\n\n\n<p>On pr\u00e9f\u00e8re ne pas te donner de projets &#8220;tout fait&#8221; pour encourager la cr\u00e9ativit\u00e9 ?<\/p>\n<\/div><\/div>\n<\/details>\n\n\n\n<p>1b) D\u00e9veloppe un plan d&#8217;\u00e9tude incluant au moins une, pr\u00e9ferentiellement plusieurs op\u00e9rations spatiales, par exemple:<\/p>\n\n\n\n<ul class=\"wp-block-list\">\n<li>Des op\u00e9ration de g\u00e9otraitement list\u00e9es <a href=\"https:\/\/pro.arcgis.com\/fr\/pro-app\/latest\/help\/analysis\/geoprocessing\/basics\/find-geoprocessing-tools.htm\">au lien suivant<\/a>.<\/li>\n\n\n\n<li>Des outils d&#8217;interpolation list\u00e9s <a href=\"https:\/\/pro.arcgis.com\/fr\/pro-app\/latest\/tool-reference\/spatial-analyst\/an-overview-of-the-interpolation-tools.htm\">au lien suivant<\/a>.<\/li>\n\n\n\n<li>Des outils d&#8217;analyse de distance list\u00e9s <a href=\"https:\/\/pro.arcgis.com\/fr\/pro-app\/latest\/tool-reference\/spatial-analyst\/an-overview-of-the-distance-tools.htm\">au lien suivant<\/a>.<\/li>\n\n\n\n<li>Des outils d&#8217;analyse de densit\u00e9 list\u00e9s <a href=\"https:\/\/pro.arcgis.com\/fr\/pro-app\/latest\/tool-reference\/spatial-analyst\/an-overview-of-the-density-tools.htm\">au lien suivant<\/a>.<\/li>\n\n\n\n<li>Des outils hydrologiques list\u00e9s <a href=\"https:\/\/pro.arcgis.com\/fr\/pro-app\/latest\/tool-reference\/spatial-analyst\/an-overview-of-the-hydrology-tools.htm\">au lien suivant<\/a>.<\/li>\n<\/ul>\n\n\n\n<p>Nous encourageons l&#8217;inventivit\u00e9 dans le choix de tes op\u00e9rations spatiales. ?\u200d?<\/p>\n<\/div><\/div>\n<\/details>\n\n\n\n<details class=\"wp-block-details is-layout-flow wp-block-details-is-layout-flow\"><summary>2. Recherche et t\u00e9l\u00e9chargement des g\u00e9odonn\u00e9es<\/summary>\n<div class=\"wp-block-group\"><div class=\"wp-block-group__inner-container is-layout-constrained wp-block-group-is-layout-constrained\">\n<figure class=\"wp-block-image size-large\"><img alt=\"\" loading=\"lazy\" decoding=\"async\" width=\"1024\" height=\"455\" src=\"https:\/\/wp.unil.ch\/dawn\/files\/2022\/10\/AdobeStock_321999244-1024x455.jpeg\" alt=\"\" class=\"wp-image-1663\" srcset=\"https:\/\/wp.unil.ch\/dawn\/files\/2022\/10\/AdobeStock_321999244-1024x455.jpeg 1024w, https:\/\/wp.unil.ch\/dawn\/files\/2022\/10\/AdobeStock_321999244-300x133.jpeg 300w, https:\/\/wp.unil.ch\/dawn\/files\/2022\/10\/AdobeStock_321999244-768x342.jpeg 768w, https:\/\/wp.unil.ch\/dawn\/files\/2022\/10\/AdobeStock_321999244-1536x683.jpeg 1536w, https:\/\/wp.unil.ch\/dawn\/files\/2022\/10\/AdobeStock_321999244-1200x534.jpeg 1200w, https:\/\/wp.unil.ch\/dawn\/files\/2022\/10\/AdobeStock_321999244.jpeg 1920w\" sizes=\"auto, (max-width: 1024px) 100vw, 1024px\" \/><figcaption class=\"wp-element-caption\">&#8220;Business intelligence analyst dashboard on virtual screen. Big data Graphs Charts&#8221; par WrightStudio<\/figcaption><\/figure>\n\n\n\n<p>2a) Il est d\u00e9sormais temps de rechercher et t\u00e9l\u00e9charger les g\u00e9odonn\u00e9es utiles \u00e0 ton projet. Nous avons regroup\u00e9 des liens utiles ci-dessous, mais n&#8217;h\u00e9site surtout pas \u00e0 mener tes propres recherches de sources de g\u00e9odonn\u00e9es. Bien s\u00fbr, <a href=\"https:\/\/support.google.com\/chrome\/answer\/95617?hl=fr\">\u00e9vite les sites non s\u00e9curis\u00e9s<\/a> et note bien la source des g\u00e9odonn\u00e9es que tu t\u00e9l\u00e9charges pour l&#8217;inclure dans les m\u00e9tadonn\u00e9es de ta g\u00e9odatabase.<\/p>\n\n\n\n<ul class=\"wp-block-list\">\n<li>Office f\u00e9d\u00e9rale de topographie: <a href=\"https:\/\/www.swisstopo.admin.ch\/fr\/home.html\">Swisstopo<\/a>&nbsp;<\/li>\n\n\n\n<li><a href=\"https:\/\/map.geo.admin.ch\/\">G\u00e9oportail Suisse<\/a><\/li>\n\n\n\n<li><a href=\"https:\/\/opendata.swiss\/fr\">Donn\u00e9es ouvertes de l\u2019administration publique suisse<\/a><\/li>\n\n\n\n<li><a href=\"https:\/\/www.geocat.admin.ch\/fr\/home.html\">Catalogue g\u00e9ographique de la Suisse<\/a>&nbsp;<\/li>\n\n\n\n<li><a href=\"https:\/\/www.openstreetmap.org\/#map=8\/46.825\/8.224\">Open Street Map<\/a> : Une base de donn\u00e9es ouvertes du monde<\/li>\n\n\n\n<li><a href=\"https:\/\/hub.arcgis.com\/search\">Hub de donn\u00e9es ouvertes d&#8217;ArcGIS Pro<\/a><\/li>\n\n\n\n<li><a href=\"https:\/\/github.com\/nickrsan\/awesome-public-datasets\/\">Hyperlien 1 groupant de nombreuses g\u00e9odonn\u00e9es ouvertes<\/a><\/li>\n\n\n\n<li><a href=\"https:\/\/freegisdata.rtwilson.com\/\">Hyperlien 2 groupant de nombreuses g\u00e9odonn\u00e9es ouvertes<\/a><\/li>\n\n\n\n<li><a href=\"https:\/\/github.com\/nickrsan\/awesome-public-datasets\/\">Hyperlien 3 groupant de nombreuses g\u00e9odonn\u00e9es ouvertes<\/a><\/li>\n\n\n\n<li><a href=\"https:\/\/download.geofabrik.de\">GeoFabrik<\/a> (en allemand!)<\/li>\n\n\n\n<li><a href=\"https:\/\/www.unil.ch\/gis\/fr\/home\/menuinst\/geodonnees.html\">G\u00e9odonn\u00e9es de l\u2019UNIL<\/a>&nbsp;&nbsp;<\/li>\n<\/ul>\n\n\n\n<p>2b) T\u00e9l\u00e9charge les g\u00e9odonn\u00e9es dans un dossier facilement accessible de ta machine virtuelle. \u00c0 ce stade, il se peut que tu te rendes compte que les g\u00e9odonn\u00e9es ont des probl\u00e8mes ou ne correspondent pas exactement \u00e0 tes objectifs, donc nous te d\u00e9conseillons de directement les t\u00e9l\u00e9charger sur <em>SWITCHdrive<\/em>. Il te faudra t\u00e9l\u00e9charger les donn\u00e9es:<\/p>\n\n\n\n<ul class=\"wp-block-list\">\n<li>du fond de carte (qui est souvent d\u00e9j\u00e0 disponible depuis le menu d&#8217;ouverture d&#8217;<em>ArcGIS Pro<\/em>)<\/li>\n\n\n\n<li>du ph\u00e9nom\u00e8ne spatial li\u00e9 \u00e0 ton plan d&#8217;\u00e9tude.<\/li>\n<\/ul>\n<\/div><\/div>\n<\/details>\n\n\n\n<details class=\"wp-block-details is-layout-flow wp-block-details-is-layout-flow\"><summary>3. Combinaison des donn\u00e9es dans une g\u00e9odatabase structur\u00e9e<\/summary>\n<div class=\"wp-block-group\"><div class=\"wp-block-group__inner-container is-layout-constrained wp-block-group-is-layout-constrained\">\n<figure class=\"wp-block-image size-large\"><img alt=\"\" loading=\"lazy\" decoding=\"async\" width=\"1024\" height=\"683\" src=\"https:\/\/wp.unil.ch\/dawn\/files\/2022\/10\/AdobeStock_299680759-1024x683.jpeg\" alt=\"\" class=\"wp-image-1664\" srcset=\"https:\/\/wp.unil.ch\/dawn\/files\/2022\/10\/AdobeStock_299680759-1024x683.jpeg 1024w, https:\/\/wp.unil.ch\/dawn\/files\/2022\/10\/AdobeStock_299680759-300x200.jpeg 300w, https:\/\/wp.unil.ch\/dawn\/files\/2022\/10\/AdobeStock_299680759-768x512.jpeg 768w, https:\/\/wp.unil.ch\/dawn\/files\/2022\/10\/AdobeStock_299680759-1536x1024.jpeg 1536w, https:\/\/wp.unil.ch\/dawn\/files\/2022\/10\/AdobeStock_299680759-1200x800.jpeg 1200w, https:\/\/wp.unil.ch\/dawn\/files\/2022\/10\/AdobeStock_299680759.jpeg 1800w\" sizes=\"auto, (max-width: 1024px) 100vw, 1024px\" \/><figcaption class=\"wp-element-caption\">&#8220;Abstract of world network&#8221; par TAW4<\/figcaption><\/figure>\n\n\n\n<p>3a) Ouvre&nbsp;<em>ArcGIS Pro<\/em>&nbsp;et&nbsp;<a href=\"https:\/\/pro.arcgis.com\/fr\/pro-app\/latest\/help\/projects\/create-a-new-project.htm\">cr\u00e9e un nouveau projet \u201cCarte\u201d (Map)<\/a>. N&#8217;h\u00e9site pas \u00e0 utiliser un des <a href=\"https:\/\/pro.arcgis.com\/fr\/pro-app\/latest\/help\/projects\/what-is-a-project-template.htm\">mod\u00e8les de projets<\/a> pr\u00e9-d\u00e9finis par <em>ArcGIS Pro<\/em> (<a href=\"https:\/\/pro.arcgis.com\/en\/pro-app\/latest\/help\/mapping\/map-authoring\/maps.htm\">maps<\/a>, <a href=\"https:\/\/pro.arcgis.com\/en\/pro-app\/latest\/help\/mapping\/map-authoring\/scenes.htm\">scenes<\/a>) pour commencer avec un fond de carte pr\u00e9-rempli. <\/p>\n\n\n\n<p>3b) En utilisant les connaissances acquises pendant le <a href=\"https:\/\/wp.unil.ch\/dawn\/sig_tp3\/\">TP3<\/a>, cr\u00e9e une <a href=\"https:\/\/pro.arcgis.com\/fr\/pro-app\/latest\/help\/data\/geodatabases\/manage-file-gdb\/create-file-geodatabase.htm\">g\u00e9odatabase<\/a> contenant des <a href=\"https:\/\/pro.arcgis.com\/fr\/pro-app\/latest\/help\/data\/geodatabases\/overview\/feature-class-basics.htm\">classes d&#8217;entit\u00e9s<\/a> (<em><a href=\"https:\/\/pro.arcgis.com\/en\/pro-app\/latest\/help\/data\/geodatabases\/overview\/feature-class-basics.htm\">Feature class<\/a><\/em>) group\u00e9es en <a href=\"https:\/\/pro.arcgis.com\/fr\/pro-app\/latest\/help\/data\/feature-datasets\/feature-datasets-in-arcgis-pro.htm#:~:text=A%20feature%20dataset%20is%20a,%2C%20topology%2C%20or%20utility%20network.\">jeux de classes d&#8217;entit\u00e9s<\/a> (<em><a href=\"https:\/\/pro.arcgis.com\/en\/pro-app\/latest\/help\/data\/feature-datasets\/feature-datasets-in-arcgis-pro.htm#:~:text=A%20feature%20dataset%20is%20a,%2C%20topology%2C%20or%20utility%20network.\">Feature dataset<\/a><\/em>). <\/p>\n\n\n\n<p>3c) \u26a0\ufe0fN&#8217;oublie pas de d\u00e9finir ta g\u00e9odatabase comme celle par d\u00e9faut afin que celle-ci soit bien enregistr\u00e9e avec le projet.<\/p>\n\n\n\n<p>3d) Importe les g\u00e9odonn\u00e9es que tu as t\u00e9l\u00e9charg\u00e9es, par exemple en suivant la documentation <a href=\"https:\/\/pro.arcgis.com\/fr\/pro-app\/latest\/help\/data\/geodatabases\/overview\/import-data.htm\">\u00e0 ce lien<\/a>, et ajoute les aux diff\u00e9rentes classes d&#8217;entit\u00e9s que tu as cr\u00e9\u00e9es.   <\/p>\n\n\n\n<p>3e) Une fois ta g\u00e9odatabase organis\u00e9e vient une \u00e9tape extr\u00eamement importante pour que ton jeu de donn\u00e9es public soit conforme aux <a href=\"https:\/\/fr.wikipedia.org\/wiki\/Fair_data\">principes FAIR<\/a> : L&#8217;actualisation des m\u00e9tadonn\u00e9es. Suis donc les instructions <a href=\"https:\/\/pro.arcgis.com\/fr\/pro-app\/latest\/help\/metadata\/view-and-edit-metadata.htm\">\u00e0 ce lien<\/a> pour afficher les <a href=\"https:\/\/fr.wikipedia.org\/wiki\/M%C3%A9tadonn%C3%A9e\">m\u00e9tadonn\u00e9es<\/a>. V\u00e9rifie que les m\u00e9tadonn\u00e9es suivantes sont bien incluses:<\/p>\n\n\n\n<ul class=\"wp-block-list\">\n<li>Source des donn\u00e9es<\/li>\n\n\n\n<li><a href=\"https:\/\/www.unil.ch\/openscience\/fr\/home\/menuinst\/open-research-data\/conformite--exigences\/licences-dutilisation.html\">Licence d&#8217;utilisation<\/a><\/li>\n\n\n\n<li>(Br\u00e8ve) description des donn\u00e9es<\/li>\n<\/ul>\n\n\n\n<p>3f) Si possible, ajoute les m\u00e9tadonn\u00e9es qui ne sont pas incluses en modifiant directement les m\u00e9tadonn\u00e9es sur <em>ArcGIS Pro<\/em> (la documentation correspondante est <a href=\"https:\/\/pro.arcgis.com\/fr\/pro-app\/latest\/help\/metadata\/best-practices-for-editing-metadata.htm\">\u00e0 ce lien<\/a>). Cela peut \u00eatre tr\u00e8s compliqu\u00e9 selon les g\u00e9odonn\u00e9es que tu as choisies, donc si tu n&#8217;arrives pas \u00e0 modifier les m\u00e9tadonn\u00e9es facilement, note les bien pour pouvoir les ajouter manuellement dans ton rapport final (<a href=\"https:\/\/wp.unil.ch\/dawn\/sig_etape4\/\">\u00c9tape IV<\/a>).<\/p>\n\n\n\n<details class=\"wp-block-details is-layout-flow wp-block-details-is-layout-flow\"><summary>Solution<\/summary>\n<div class=\"wp-block-group\"><div class=\"wp-block-group__inner-container is-layout-constrained wp-block-group-is-layout-constrained\">\n<figure class=\"wp-block-image size-full\"><img alt=\"\" loading=\"lazy\" decoding=\"async\" width=\"1533\" height=\"692\" src=\"https:\/\/wp.unil.ch\/dawn\/files\/2022\/10\/E1_1.gif\" alt=\"\" class=\"wp-image-1673\" \/><\/figure>\n<\/div><\/div>\n<\/details>\n\n\n\n<p>3g) Dans tous les cas, \u00e9dite les m\u00e9tadonn\u00e9es de ta g\u00e9odatabase pour inclure la source des donn\u00e9es, leur licence d&#8217;utilisation, et une br\u00e8ve description du processus d&#8217;extraction que tu as utilis\u00e9 pour cr\u00e9er ta g\u00e9odatabase.<\/p>\n\n\n\n<details class=\"wp-block-details is-layout-flow wp-block-details-is-layout-flow\"><summary>Solutions<\/summary>\n<div class=\"wp-block-group\"><div class=\"wp-block-group__inner-container is-layout-constrained wp-block-group-is-layout-constrained\">\n<figure class=\"wp-block-image size-full\"><img alt=\"\" loading=\"lazy\" decoding=\"async\" width=\"1533\" height=\"692\" src=\"https:\/\/wp.unil.ch\/dawn\/files\/2022\/10\/E1_2.gif\" alt=\"\" class=\"wp-image-1674\" \/><\/figure>\n<\/div><\/div>\n<\/details>\n<\/div><\/div>\n<\/details>\n\n\n\n<details class=\"wp-block-details is-layout-flow wp-block-details-is-layout-flow\"><summary>4. Paquetage et rendu de ta g\u00e9odatabase<\/summary>\n<div class=\"wp-block-group\"><div class=\"wp-block-group__inner-container is-layout-constrained wp-block-group-is-layout-constrained\">\n<figure class=\"wp-block-image size-large\"><img alt=\"\" loading=\"lazy\" decoding=\"async\" width=\"1024\" height=\"683\" src=\"https:\/\/wp.unil.ch\/dawn\/files\/2022\/10\/AdobeStock_102257130-1024x683.jpeg\" alt=\"\" class=\"wp-image-1662\" srcset=\"https:\/\/wp.unil.ch\/dawn\/files\/2022\/10\/AdobeStock_102257130-1024x683.jpeg 1024w, https:\/\/wp.unil.ch\/dawn\/files\/2022\/10\/AdobeStock_102257130-300x200.jpeg 300w, https:\/\/wp.unil.ch\/dawn\/files\/2022\/10\/AdobeStock_102257130-768x512.jpeg 768w, https:\/\/wp.unil.ch\/dawn\/files\/2022\/10\/AdobeStock_102257130-1536x1024.jpeg 1536w, https:\/\/wp.unil.ch\/dawn\/files\/2022\/10\/AdobeStock_102257130-1200x800.jpeg 1200w, https:\/\/wp.unil.ch\/dawn\/files\/2022\/10\/AdobeStock_102257130.jpeg 1800w\" sizes=\"auto, (max-width: 1024px) 100vw, 1024px\" \/><figcaption class=\"wp-element-caption\">&#8220;Distribution warehouse, international package shipping, global freight transportation business, logistics and delivery concept, background with heap of cardboard boxes, parcels and Earth globe&#8221; par Cybrain<\/figcaption><\/figure>\n\n\n\n<p>4a) Cr\u00e9e un paquetage de projet \u00e0 partager en suivant les instructions <a href=\"https:\/\/pro.arcgis.com\/fr\/pro-app\/latest\/help\/sharing\/overview\/project-package.htm\">\u00e0 ce lien<\/a>. N&#8217;oublie pas d&#8217;inclure un r\u00e9sum\u00e9 (<em>summary<\/em>) et des balises ou mots-cl\u00e9s (<em>tags<\/em>) contenant les m\u00e9tadonn\u00e9es identifi\u00e9es pr\u00e9c\u00e9demment. Tu peux cliquer la case &#8220;<em>Share outside of organization<\/em>&#8221; et le bouton &#8220;<em>Analyze<\/em>&#8221; pour optimiser ton paquetage pour un partage public.<\/p>\n\n\n\n<details class=\"wp-block-details is-layout-flow wp-block-details-is-layout-flow\"><summary>Solution<\/summary>\n<div class=\"wp-block-group\"><div class=\"wp-block-group__inner-container is-layout-constrained wp-block-group-is-layout-constrained\">\n<figure class=\"wp-block-image size-full\"><img alt=\"\" loading=\"lazy\" decoding=\"async\" width=\"1915\" height=\"898\" src=\"https:\/\/wp.unil.ch\/dawn\/files\/2022\/10\/E1_3.gif\" alt=\"\" class=\"wp-image-1675\" \/><\/figure>\n<\/div><\/div>\n<\/details>\n\n\n\n<p>4b) Une fois le projet paquet\u00e9, v\u00e9rifie que le fichier <em>.ppkx<\/em> que tu viens de cr\u00e9er te permet bien de r\u00e9ouvrir le projet avec la g\u00e9odatabase compl\u00e8te (par exemple en double-cliquant dessus).<\/p>\n\n\n\n<details class=\"wp-block-details is-layout-flow wp-block-details-is-layout-flow\"><summary>Solution<\/summary>\n<div class=\"wp-block-group\"><div class=\"wp-block-group__inner-container is-layout-constrained wp-block-group-is-layout-constrained\">\n<figure class=\"wp-block-image size-full\"><img alt=\"\" loading=\"lazy\" decoding=\"async\" width=\"1553\" height=\"782\" src=\"https:\/\/wp.unil.ch\/dawn\/files\/2022\/10\/E1_4.gif\" alt=\"\" class=\"wp-image-1676\" \/><\/figure>\n<\/div><\/div>\n<\/details>\n\n\n\n<p>4c) Copie le fichier <em>.ppkx<\/em> de la machine virtuelle sur ton compte <em>SWITCHdrive<\/em>.<\/p>\n\n\n\n<details class=\"wp-block-details is-layout-flow wp-block-details-is-layout-flow\"><summary>Solution<\/summary>\n<div class=\"wp-block-group\"><div class=\"wp-block-group__inner-container is-layout-constrained wp-block-group-is-layout-constrained\">\n<figure class=\"wp-block-image size-full\"><img alt=\"\" loading=\"lazy\" decoding=\"async\" width=\"1806\" height=\"904\" src=\"https:\/\/wp.unil.ch\/dawn\/files\/2022\/10\/E1_5.gif\" alt=\"\" class=\"wp-image-1677\" \/><\/figure>\n<\/div><\/div>\n<\/details>\n\n\n\n<p>4d) Depuis <em>SWITCHdrive<\/em>, cr\u00e9e un lien public de partage de ta g\u00e9odatabase en suivant par exemple les instructions <a href=\"https:\/\/wwwfbm.unil.ch\/wiki\/si\/_export\/pdf\/fr:technique:knowledge_base:switch:switchdrive_partager_document\">\u00e0 ce lien<\/a>. Fais bien attention \u00e0 ne pas donner de droits d&#8217;\u00e9dition de ta g\u00e9odatabase pour \u00e9viter que le public puisse la modifier. <\/p>\n\n\n\n<p><span style=\"text-decoration: underline\">Astuce<\/span> : Nous te conseillons de v\u00e9rifier que ton lien puisse \u00eatre ouvert sans autorisation sp\u00e9ciale en effectuant un copier-coller de ton lien dans un onglet web en mode incognito (sans <a href=\"https:\/\/fr.wikipedia.org\/wiki\/Cookie_(informatique)\">cookies<\/a>). <\/p>\n\n\n\n<details class=\"wp-block-details is-layout-flow wp-block-details-is-layout-flow\"><summary>Solution<\/summary>\n<div class=\"wp-block-group\"><div class=\"wp-block-group__inner-container is-layout-constrained wp-block-group-is-layout-constrained\">\n<figure class=\"wp-block-image size-full\"><img alt=\"\" loading=\"lazy\" decoding=\"async\" width=\"1908\" height=\"854\" src=\"https:\/\/wp.unil.ch\/dawn\/files\/2022\/10\/E1_6.gif\" alt=\"\" class=\"wp-image-1678\" \/><\/figure>\n<\/div><\/div>\n<\/details>\n\n\n\n<p>4e) Copie-colle le lien de partage g\u00e9n\u00e9r\u00e9 par <em>SWITCHdrive<\/em> sur Moodle (<a href=\"https:\/\/moodle.unil.ch\/mod\/quiz\/view.php?id=1400123\">Projet_\u00c9tape1Quiz<\/a>).<\/p>\n\n\n\n<p>4f) V\u00e9rifie que tu es satisfait.e de ton rendu compte tenu des crit\u00e8res d&#8217;\u00e9valuation de l&#8217;\u00e9tape I list\u00e9s ci-dessous : <\/p>\n\n\n\n<p>(25% de la note) Le lien de partage existe,<\/p>\n\n\n\n<p>(25% de la note) Le lien m\u00e8ne \u00e0 une g\u00e9odatabase t\u00e9l\u00e9chargeable,<\/p>\n\n\n\n<p>(25% de la note) La g\u00e9odatabase peut \u00eatre ouverte sur ArcGIS Pro,<\/p>\n\n\n\n<p>(25% de la note) Les m\u00e9tadonn\u00e9es de la g\u00e9odatabase sont renseign\u00e9es.<\/p>\n\n\n\n<p>F\u00e9licitations! Tu as cr\u00e9\u00e9 et partag\u00e9 une g\u00e9odatabase ouverte, a priori conforme aux <a href=\"https:\/\/fr.wikipedia.org\/wiki\/Fair_data\">principes FAIR<\/a>. ?<\/p>\n<\/div><\/div>\n<\/details>\n","protected":false},"excerpt":{"rendered":"","protected":false},"author":1002254,"featured_media":1630,"parent":0,"menu_order":0,"comment_status":"closed","ping_status":"closed","template":"templates\/template-cover.php","meta":{"_seopress_robots_primary_cat":"","_seopress_titles_title":"","_seopress_titles_desc":"","_seopress_robots_index":"","footnotes":""},"class_list":["post-1333","page","type-page","status-publish","has-post-thumbnail"],"_links":{"self":[{"href":"https:\/\/wp.unil.ch\/dawn\/wp-json\/wp\/v2\/pages\/1333","targetHints":{"allow":["GET"]}}],"collection":[{"href":"https:\/\/wp.unil.ch\/dawn\/wp-json\/wp\/v2\/pages"}],"about":[{"href":"https:\/\/wp.unil.ch\/dawn\/wp-json\/wp\/v2\/types\/page"}],"author":[{"embeddable":true,"href":"https:\/\/wp.unil.ch\/dawn\/wp-json\/wp\/v2\/users\/1002254"}],"replies":[{"embeddable":true,"href":"https:\/\/wp.unil.ch\/dawn\/wp-json\/wp\/v2\/comments?post=1333"}],"version-history":[{"count":1,"href":"https:\/\/wp.unil.ch\/dawn\/wp-json\/wp\/v2\/pages\/1333\/revisions"}],"predecessor-version":[{"id":2903,"href":"https:\/\/wp.unil.ch\/dawn\/wp-json\/wp\/v2\/pages\/1333\/revisions\/2903"}],"wp:featuredmedia":[{"embeddable":true,"href":"https:\/\/wp.unil.ch\/dawn\/wp-json\/wp\/v2\/media\/1630"}],"wp:attachment":[{"href":"https:\/\/wp.unil.ch\/dawn\/wp-json\/wp\/v2\/media?parent=1333"}],"curies":[{"name":"wp","href":"https:\/\/api.w.org\/{rel}","templated":true}]}}