{"id":1039,"date":"2022-09-08T10:19:43","date_gmt":"2022-09-08T08:19:43","guid":{"rendered":"https:\/\/wp.unil.ch\/dawn\/?page_id=1039"},"modified":"2025-11-22T11:45:17","modified_gmt":"2025-11-22T10:45:17","slug":"teaching-evaluation","status":"publish","type":"page","link":"https:\/\/wp.unil.ch\/dawn\/teaching-evaluation\/","title":{"rendered":"Teaching Evaluations"},"content":{"rendered":"\n<details class=\"wp-block-details is-layout-flow wp-block-details-is-layout-flow\"><summary>Fall 2025<\/summary>\n<p><a href=\"https:\/\/wp.unil.ch\/dawn\/files\/2025\/11\/review_ml_ees_2025.pdf\">Machine Learning for Earth and Environmental Sciences (UNIL, FGSE)<\/a><\/p>\n\n\n\n<p><a href=\"https:\/\/wp.unil.ch\/dawn\/files\/2025\/11\/intro_python_reviews_2025.pdf\">Introduction to Scientific Programming with Python (UNIL, FGSE)<\/a><\/p>\n\n\n\n<p><a href=\"https:\/\/wp.unil.ch\/dawn\/files\/2025\/11\/2025_geomatique_sig_revues_plus_cse.pdf\">G\u00e9omatique et Syst\u00e8mes d&#8217;Information G\u00e9ographique (UNIL, FGSE)<\/a><\/p>\n<\/details>\n\n\n\n<details class=\"wp-block-details is-layout-flow wp-block-details-is-layout-flow\"><summary>Fall 2024<\/summary>\n<p><a href=\"https:\/\/wp.unil.ch\/dawn\/files\/2025\/11\/2024_fall_ml_ees.pdf\">Machine Learning for Earth and Environmental Sciences (UNIL, FGSE)<\/a><\/p>\n\n\n\n<p><a href=\"https:\/\/wp.unil.ch\/dawn\/files\/2025\/11\/2024_fall_intro_python.pdf\">Introduction to Scientific Programming with Python (UNIL, FGSE)<\/a><\/p>\n\n\n\n<p><a href=\"https:\/\/wp.unil.ch\/dawn\/files\/2025\/11\/retours_sig_2024.pdf\">G\u00e9omatique et Syst\u00e8mes d&#8217;Information G\u00e9ographique (UNIL, FGSE)<\/a><\/p>\n\n\n\n<p>(Course newly launched in 2024; now taught by Dr. Christian KAISER) G\u00e9oinformatique I (UNIL, FGSE)<\/p>\n<\/details>\n\n\n\n<details class=\"wp-block-details is-layout-flow wp-block-details-is-layout-flow\"><summary>Fall 2023<\/summary>\n<p><a href=\"https:\/\/wp.unil.ch\/dawn\/files\/2024\/08\/Intro_Python_F23_Evaluation.pdf\">Machine Learning for Earth and Environmental Sciences (UNIL, FGSE)<\/a><\/p>\n\n\n\n<p><a href=\"https:\/\/wp.unil.ch\/dawn\/files\/2024\/08\/ML_EES_F23_Evaluation.pdf\">Introduction to Scientific Programming with Python (UNIL, FGSE)<\/a><\/p>\n\n\n\n<p>(Course delegated to Dr. Simon MARTIN) <a href=\"https:\/\/wp.unil.ch\/dawn\/files\/2024\/08\/SIG_F23_Evaluation.pdf\">G\u00e9omatique et Syst\u00e8mes d\u2019Information G\u00e9ographique (UNIL, FGSE)<\/a><\/p>\n<\/details>\n\n\n\n<details class=\"wp-block-details is-layout-flow wp-block-details-is-layout-flow\"><summary>Fall 2022<\/summary>\n<div class=\"wp-block-group\"><div class=\"wp-block-group__inner-container is-layout-constrained wp-block-group-is-layout-constrained\">\n<p><a href=\"https:\/\/wp.unil.ch\/dawn\/files\/2023\/01\/E2223_0148_RES.pdf\">Machine Learning for Earth and Environmental Sciences (UNIL, FGSE)<\/a><\/p>\n\n\n\n<p><a href=\"https:\/\/wp.unil.ch\/dawn\/files\/2022\/11\/Intro_Programming_Fall_2022_E2223_0004_RES.pdf\">Introduction to Scientific Programming with Python (UNIL, FGSE)<\/a><\/p>\n\n\n\n<p><a href=\"https:\/\/wp.unil.ch\/dawn\/files\/2022\/11\/GIS_Fall_2022_E2223_0006_RES.pdf\">G\u00e9omatique et Syst\u00e8mes d\u2019Information G\u00e9ographique (UNIL, FGSE)<\/a><\/p>\n<\/div><\/div>\n<\/details>\n\n\n\n<details class=\"wp-block-details is-layout-flow wp-block-details-is-layout-flow\"><summary>Spring 2022<\/summary>\n<div class=\"wp-block-group\"><div class=\"wp-block-group__inner-container is-layout-constrained wp-block-group-is-layout-constrained\">\n<p><a href=\"https:\/\/wp.unil.ch\/dawn\/files\/2022\/09\/2022_Spring_ML_EES.pdf\">Machine Learning for Earth and Environmental Sciences (UNIL, FGSE)<\/a><\/p>\n<\/div><\/div>\n<\/details>\n","protected":false},"excerpt":{"rendered":"","protected":false},"author":1002254,"featured_media":1040,"parent":0,"menu_order":0,"comment_status":"closed","ping_status":"closed","template":"templates\/template-cover.php","meta":{"_seopress_robots_primary_cat":"","_seopress_titles_title":"","_seopress_titles_desc":"","_seopress_robots_index":"","footnotes":""},"class_list":["post-1039","page","type-page","status-publish","has-post-thumbnail"],"_links":{"self":[{"href":"https:\/\/wp.unil.ch\/dawn\/wp-json\/wp\/v2\/pages\/1039","targetHints":{"allow":["GET"]}}],"collection":[{"href":"https:\/\/wp.unil.ch\/dawn\/wp-json\/wp\/v2\/pages"}],"about":[{"href":"https:\/\/wp.unil.ch\/dawn\/wp-json\/wp\/v2\/types\/page"}],"author":[{"embeddable":true,"href":"https:\/\/wp.unil.ch\/dawn\/wp-json\/wp\/v2\/users\/1002254"}],"replies":[{"embeddable":true,"href":"https:\/\/wp.unil.ch\/dawn\/wp-json\/wp\/v2\/comments?post=1039"}],"version-history":[{"count":5,"href":"https:\/\/wp.unil.ch\/dawn\/wp-json\/wp\/v2\/pages\/1039\/revisions"}],"predecessor-version":[{"id":3856,"href":"https:\/\/wp.unil.ch\/dawn\/wp-json\/wp\/v2\/pages\/1039\/revisions\/3856"}],"wp:featuredmedia":[{"embeddable":true,"href":"https:\/\/wp.unil.ch\/dawn\/wp-json\/wp\/v2\/media\/1040"}],"wp:attachment":[{"href":"https:\/\/wp.unil.ch\/dawn\/wp-json\/wp\/v2\/media?parent=1039"}],"curies":[{"name":"wp","href":"https:\/\/api.w.org\/{rel}","templated":true}]}}