{"id":6,"date":"2017-10-11T10:32:19","date_gmt":"2017-10-11T08:32:19","guid":{"rendered":"http:\/\/wp.unil.ch\/davisgroup\/?page_id=6"},"modified":"2018-11-26T13:15:02","modified_gmt":"2018-11-26T12:15:02","slug":"bienvenue","status":"publish","type":"page","link":"https:\/\/wp.unil.ch\/davisgroup\/","title":{"rendered":"Welcome"},"content":{"rendered":"<p>The main research focus of the Davis group is to develop quantitative and spatially explicit reconstructions of late Quaternary climate and environmental change in order to improve our understanding of the Earth system. Our team spans many disciplines including archaeology, palaeo-ecology, palaeo-climatology, palaeo-oceanography and computing science. One of our main tasks is to test the ability of climate models to simulate past climates, so that we can have a better idea about how reliable models may be in simulating our future climate.<\/p>\n<p>The group is led by Dr Basil Davis and we are based at the University of Lausanne (<a href=\"https:\/\/unil.ch\/central\/en\/home.html\" target=\"_blank\" rel=\"noopener\">UNIL<\/a>), within the Institute of Earth Surface Dynamics (<a href=\"https:\/\/www.unil.ch\/idyst\/home.html\" target=\"_blank\" rel=\"noopener\">IDYST<\/a>), which is part of the Faculty of Geosciences and Environment (<a href=\"https:\/\/www.unil.ch\/gse\/home.html\" target=\"_blank\" rel=\"noopener\">FGSE<\/a>).<\/p>\n<p>&nbsp;<\/p>\n<h1>Bienvenue<\/h1>\n<p>Le principal objectif de recherche du groupe Davis est de d\u00e9velopper des reconstructions quantitatives et spatialement explicites du changement climatique et environnemental du Quaternaire tardif afin d&#8217;am\u00e9liorer notre compr\u00e9hension du syst\u00e8me terrestre. Notre \u00e9quipe couvre de nombreuses disciplines dont l&#8217;arch\u00e9ologie, la pal\u00e9o\u00e9cologie, la pal\u00e9o-climatologie, la pal\u00e9o-oc\u00e9anographie et la science informatique. L&#8217;une de nos principales t\u00e2ches consiste \u00e0 tester la capacit\u00e9 des mod\u00e8les climatiques \u00e0 simuler les climats pass\u00e9s, afin que nous puissions avoir une meilleure id\u00e9e de la fiabilit\u00e9 des mod\u00e8les dans la simulation de notre climat futur.<\/p>\n<p>Le groupe est dirig\u00e9 par le Dr Basil Davis et nous sommes bas\u00e9s \u00e0 l&#8217;Universit\u00e9 de Lausanne (<a href=\"https:\/\/unil.ch\/central\/en\/home.html\" target=\"_blank\" rel=\"noopener\">UNIL<\/a>), au sein de l&#8217;Institut de la Dynamique de la Terre (<a href=\"https:\/\/www.unil.ch\/idyst\/home.html\" target=\"_blank\" rel=\"noopener\">IDYST<\/a>), qui fait partie de la Facult\u00e9 des G\u00e9osciences et de l&#8217;Environnement (<a href=\"https:\/\/www.unil.ch\/gse\/home.html\" target=\"_blank\" rel=\"noopener\">FGSE<\/a>).<\/p>\n","protected":false},"excerpt":{"rendered":"<p>The main research focus of the Davis group is to develop quantitative and spatially explicit reconstructions of late Quaternary climate and environmental change in order to improve our understanding of the Earth system. Our team spans many disciplines including archaeology,<\/p>\n","protected":false},"author":108,"featured_media":0,"parent":0,"menu_order":0,"comment_status":"closed","ping_status":"closed","template":"page-templates\/contact.php","meta":{"_seopress_robots_primary_cat":"","_seopress_titles_title":"","_seopress_titles_desc":"","_seopress_robots_index":"","footnotes":""},"class_list":["post-6","page","type-page","status-publish"],"_links":{"self":[{"href":"https:\/\/wp.unil.ch\/davisgroup\/wp-json\/wp\/v2\/pages\/6","targetHints":{"allow":["GET"]}}],"collection":[{"href":"https:\/\/wp.unil.ch\/davisgroup\/wp-json\/wp\/v2\/pages"}],"about":[{"href":"https:\/\/wp.unil.ch\/davisgroup\/wp-json\/wp\/v2\/types\/page"}],"author":[{"embeddable":true,"href":"https:\/\/wp.unil.ch\/davisgroup\/wp-json\/wp\/v2\/users\/108"}],"replies":[{"embeddable":true,"href":"https:\/\/wp.unil.ch\/davisgroup\/wp-json\/wp\/v2\/comments?post=6"}],"version-history":[{"count":0,"href":"https:\/\/wp.unil.ch\/davisgroup\/wp-json\/wp\/v2\/pages\/6\/revisions"}],"wp:attachment":[{"href":"https:\/\/wp.unil.ch\/davisgroup\/wp-json\/wp\/v2\/media?parent=6"}],"curies":[{"name":"wp","href":"https:\/\/api.w.org\/{rel}","templated":true}]}}