{"id":522,"date":"2021-02-22T01:07:40","date_gmt":"2021-02-22T00:07:40","guid":{"rendered":"https:\/\/wp.unil.ch\/culture-videoludique\/?page_id=522"},"modified":"2024-04-13T00:43:51","modified_gmt":"2024-04-12T22:43:51","slug":"2019-les-langages-du-jeu-video","status":"publish","type":"page","link":"https:\/\/wp.unil.ch\/culture-videoludique\/anciennes-editions\/2019-les-langages-du-jeu-video\/","title":{"rendered":"2019 &#8211; Les Langages du jeu vid\u00e9o"},"content":{"rendered":"\n<div class=\"wp-block-columns alignwide is-layout-flex wp-container-core-columns-is-layout-9d6595d7 wp-block-columns-is-layout-flex\">\n<div class=\"wp-block-column is-layout-flow wp-block-column-is-layout-flow\" style=\"flex-basis:100%\">\n<div class=\"wp-block-columns alignfull is-layout-flex wp-container-core-columns-is-layout-9d6595d7 wp-block-columns-is-layout-flex\" id=\"2019\">\n<div class=\"wp-block-column is-layout-flow wp-block-column-is-layout-flow\">\n<div class=\"wp-block-button is-style-fill\"><a class=\"wp-block-button__link has-very-light-gray-color has-text-color has-background wp-element-button\" href=\"https:\/\/wp.unil.ch\/culture-videoludique\/anciennes-editions\/2019-les-langages-du-jeu-video\/\" style=\"background-color:#0c5b08\">Accueil<\/a><\/div>\n<\/div>\n\n\n\n<div class=\"wp-block-column is-layout-flow wp-block-column-is-layout-flow\">\n<div class=\"wp-block-button is-style-fill\"><a class=\"wp-block-button__link has-very-dark-gray-color has-very-light-gray-background-color has-text-color has-background wp-element-button\" href=\"https:\/\/wp.unil.ch\/culture-videoludique\/anciennes-editions\/2019-les-langages-du-jeu-video\/programme\/\">Programme<\/a><\/div>\n<\/div>\n\n\n\n<div class=\"wp-block-column is-layout-flow wp-block-column-is-layout-flow\">\n<div class=\"wp-block-button is-style-fill\"><a class=\"wp-block-button__link has-very-dark-gray-color has-very-light-gray-background-color has-text-color has-background wp-element-button\" href=\"https:\/\/wp.unil.ch\/culture-videoludique\/anciennes-editions\/2019-les-langages-du-jeu-video\/contributions\/\">Contributions<\/a><\/div>\n<\/div>\n\n\n\n<div class=\"wp-block-column is-layout-flow wp-block-column-is-layout-flow\">\n<div class=\"wp-block-button is-style-fill\"><a class=\"wp-block-button__link has-very-dark-gray-color has-very-light-gray-background-color has-text-color has-background wp-element-button\" href=\"https:\/\/wp.unil.ch\/culture-videoludique\/anciennes-editions\/2019-les-langages-du-jeu-video\/appel\/\">Appel<\/a><\/div>\n<\/div>\n\n\n\n<div class=\"wp-block-column is-layout-flow wp-block-column-is-layout-flow\">\n<div class=\"wp-block-button is-style-fill\"><a class=\"wp-block-button__link has-very-dark-gray-color has-very-light-gray-background-color has-text-color has-background wp-element-button\" href=\"https:\/\/wp.unil.ch\/culture-videoludique\/anciennes-editions\/2019-les-langages-du-jeu-video\/organisation\/\">Organisation<\/a><\/div>\n<\/div>\n<\/div>\n<\/div>\n<\/div>\n\n\n\n<hr class=\"wp-block-separator has-text-color has-black-color has-alpha-channel-opacity has-black-background-color has-background is-style-wide\" \/>\n\n\n\n<h3 class=\"wp-block-heading\">Bienvenue sur le site du colloque international \u00ab <strong>Les langages du jeu vid\u00e9o : codes, discours et images en jeu<\/strong> \u00bb<\/h3>\n\n\n\n<p><em>Le jeu vid\u00e9o, qu\u2019il soit envisag\u00e9 comme artefact mat\u00e9riel, g\u00e9n\u00e9rateur de r\u00e9gimes d\u2019exp\u00e9rience, ou champ de pratiques culturelles et sociales, repose sur une diversit\u00e9 de langages qui fa\u00e7onnent son intelligibilit\u00e9. En sa qualit\u00e9 de m\u00e9dium audiovisuel et num\u00e9rique, le jeu vid\u00e9o mobilise diff\u00e9rents syst\u00e8mes s\u00e9miotiques, tout en reconduisant fr\u00e9quemment des codes et des conventions g\u00e9n\u00e9riques, culturels et m\u00e9diatiques.<\/em><\/p>\n\n\n\n<p><em>Ce colloque souhaite regrouper des travaux qui s\u2019efforceront de penser la diversit\u00e9 des langages impliqu\u00e9s dans l\u2019activit\u00e9 (vid\u00e9o)ludique en vue de \u00ab d\u00e9coder \u00bb les stratifications discursives qui d\u00e9terminent l\u2019exp\u00e9rience du joueur ou de la joueuse.<\/em><\/p>\n\n\n\n<p>Les derni\u00e8res nouvelles se trouvent <a href=\"https:\/\/wp.unil.ch\/culture-videoludique\/news\/\">sur cette page<\/a>.<\/p>\n\n\n\n<p><a href=\"https:\/\/wp.unil.ch\/culture-videoludique\/files\/2019\/10\/Colloque_Programme.pdf\">Le programme \u00e0 t\u00e9l\u00e9charger en PDF<\/a>.<\/p>\n\n\n\n<p>Pour les autres informations:<\/p>\n\n\n\n<ul class=\"wp-block-list\">\n<li><a href=\"https:\/\/wp.unil.ch\/culture-videoludique\/programme\/\">Le programme<\/a><\/li>\n\n\n\n<li><a href=\"https:\/\/wp.unil.ch\/culture-videoludique\/contributions\/\">Les communications<\/a><\/li>\n\n\n\n<li><a href=\"https:\/\/wp.unil.ch\/culture-videoludique\/venir\/\">Comment venir \u00e0 la conf\u00e9rence<\/a><\/li>\n\n\n\n<li><a href=\"https:\/\/wp.unil.ch\/culture-videoludique\/appel\/\">L&rsquo;appel \u00e0 communications<\/a><\/li>\n\n\n\n<li><a href=\"https:\/\/wp.unil.ch\/culture-videoludique\/organisation\/\">Le comit\u00e9 scientifique<\/a><\/li>\n<\/ul>\n\n\n\n<p>Bonne visite !<\/p>\n\n\n<div class=\"wp-block-image\">\n<figure class=\"aligncenter\"><img alt=\"\" loading=\"lazy\" decoding=\"async\" width=\"724\" height=\"1024\" src=\"https:\/\/wp.unil.ch\/culture-videoludique\/files\/2019\/10\/Colloque-GameLabe-2019-724x1024.png\" alt=\"\" class=\"wp-image-333\" srcset=\"https:\/\/wp.unil.ch\/culture-videoludique\/files\/2019\/10\/Colloque-GameLabe-2019-724x1024.png 724w, https:\/\/wp.unil.ch\/culture-videoludique\/files\/2019\/10\/Colloque-GameLabe-2019-212x300.png 212w, https:\/\/wp.unil.ch\/culture-videoludique\/files\/2019\/10\/Colloque-GameLabe-2019-768x1087.png 768w, https:\/\/wp.unil.ch\/culture-videoludique\/files\/2019\/10\/Colloque-GameLabe-2019.png 848w\" sizes=\"auto, (max-width: 724px) 100vw, 724px\" \/><\/figure>\n<\/div>","protected":false},"excerpt":{"rendered":"<p>Bienvenue sur le site du colloque international \u00ab Les langages du jeu vid\u00e9o : codes, discours et images en jeu \u00bb Le jeu vid\u00e9o, qu\u2019il soit envisag\u00e9 comme artefact mat\u00e9riel, g\u00e9n\u00e9rateur de r\u00e9gimes d\u2019exp\u00e9rience, ou champ de pratiques culturelles et<\/p>\n","protected":false},"author":1001461,"featured_media":0,"parent":452,"menu_order":0,"comment_status":"closed","ping_status":"closed","template":"","meta":{"_seopress_robots_primary_cat":"","_seopress_titles_title":"","_seopress_titles_desc":"","_seopress_robots_index":"","footnotes":""},"class_list":["post-522","page","type-page","status-publish"],"_links":{"self":[{"href":"https:\/\/wp.unil.ch\/culture-videoludique\/wp-json\/wp\/v2\/pages\/522","targetHints":{"allow":["GET"]}}],"collection":[{"href":"https:\/\/wp.unil.ch\/culture-videoludique\/wp-json\/wp\/v2\/pages"}],"about":[{"href":"https:\/\/wp.unil.ch\/culture-videoludique\/wp-json\/wp\/v2\/types\/page"}],"author":[{"embeddable":true,"href":"https:\/\/wp.unil.ch\/culture-videoludique\/wp-json\/wp\/v2\/users\/1001461"}],"replies":[{"embeddable":true,"href":"https:\/\/wp.unil.ch\/culture-videoludique\/wp-json\/wp\/v2\/comments?post=522"}],"version-history":[{"count":3,"href":"https:\/\/wp.unil.ch\/culture-videoludique\/wp-json\/wp\/v2\/pages\/522\/revisions"}],"predecessor-version":[{"id":797,"href":"https:\/\/wp.unil.ch\/culture-videoludique\/wp-json\/wp\/v2\/pages\/522\/revisions\/797"}],"up":[{"embeddable":true,"href":"https:\/\/wp.unil.ch\/culture-videoludique\/wp-json\/wp\/v2\/pages\/452"}],"wp:attachment":[{"href":"https:\/\/wp.unil.ch\/culture-videoludique\/wp-json\/wp\/v2\/media?parent=522"}],"curies":[{"name":"wp","href":"https:\/\/api.w.org\/{rel}","templated":true}]}}