{"id":194,"date":"2021-02-08T17:35:29","date_gmt":"2021-02-08T16:35:29","guid":{"rendered":"https:\/\/wp.unil.ch\/covid-crime-workingroup\/?page_id=194"},"modified":"2023-05-24T19:32:54","modified_gmt":"2023-05-24T17:32:54","slug":"publications","status":"publish","type":"page","link":"https:\/\/wp.unil.ch\/covid-crime-workingroup\/publications\/","title":{"rendered":"Publications"},"content":{"rendered":"\n<p>Tatti, D. (2023). Municipal administrative sanctions in Brussels in the face of the COVID-19 crisis. Brussels Studies, n\u00b0 180. <a href=\"https:\/\/doi.org\/10.4000\/brussels.6845\" data-type=\"URL\" data-id=\"https:\/\/doi.org\/10.4000\/brussels.6845\">https:\/\/doi.org\/10.4000\/brussels.6845<\/a><\/p>\n\n\n\n<p>Molnar, L., &amp; Hashimoto, Y. Z. (2022). Homelessness during the Coronavirus Pandemic. Exploratory Study in Switzerland. <em>Deviant Behavior<\/em>, 0(0), 1\u201316. <a href=\"https:\/\/doi.org\/10.1080\/01639625.2022.2039045\">https:\/\/doi.org\/10.1080\/01639625.2022.2039045<\/a><\/p>\n\n\n\n<p>Molnar, L., &amp; Ros, J. (2022). Sex Workers\u2019 Work-Related Victimisation and Drug Use During the First Year of the COVID-19 Pandemic in Switzerland.<em> International Criminology<\/em>.&nbsp;<a rel=\"noreferrer noopener\" href=\"https:\/\/doi.org\/10.1007\/s43576-022-00045-2\" target=\"_blank\">https:\/\/doi.org\/10.1007\/s43576-022-00045-2<\/a><\/p>\n\n\n\n<p class=\"has-normal-font-size\">Aebi, M.F. Molnar, L. &amp; Baquerizas, F. (2022) Contra todo pron\u00f3stico, el femicidio no aument\u00f3 durante el primer a\u00f1o de la pandemia de COVID-19: Evidencia emp\u00edrica de Argentina, Chile, Espa\u00f1a, M\u00e9xico, Panam\u00e1 y Paraguay. La Ley, 98. <a href=\"https:\/\/www.researchgate.net\/publication\/360965079_Contra_todo_pronostico_el_femicidio_no_aumento_durante_el_primer_ano_de_la_pandemia_de_COVID-19_Evidencia_empirica_de_Argentina_Chile_Espana_Mexico_Panama_y_Paraguay\">https:\/\/www.researchgate.net\/publication\/360965079_Contra_todo_pronostico_el_femicidio_no_aumento_durante_el_primer_ano_de_la_pandemia_de_COVID-19_Evidencia_empirica_de_Argentina_Chile_Espana_Mexico_Panama_y_Paraguay<\/a><\/p>\n\n\n\n<p>Levi, M. (2022). Fraud, Pandemics and Policing Responses. European Law <em>Enforcement Research Bulletin<\/em>, (SCE 5), 23-31. <a href=\"https:\/\/doi.org\/https:\/\/doi.org\/10.7725\/eulerb.v0iSCE%205.486\">https:\/\/doi.org\/https:\/\/doi.org\/10.7725\/eulerb.v0iSCE%205.486<\/a><\/p>\n\n\n\n<p>Aebi, M. F., Molnar, L., &amp; Baquerizas, F. (2021). Against All Odds, Femicide Did Not Increase During the First Year of the COVID-19 Pandemic: Evidence From Six Spanish-Speaking Countries, <em>Journal of Contemporary Criminal Justice<\/em>, <em>37<\/em>(4), 615\u2013644. <a href=\"https:\/\/doi.org\/10.1177\/10439862211054237\">https:\/\/doi.org\/10.1177\/10439862211054237<\/a><\/p>\n\n\n\n<p>Levi, M., &amp; Smith, R. G. (2021), Fraud and pandemics, <em>Journal of Financial Crime<\/em>. <a href=\"https:\/\/doi.org\/10.1108\/JFC-06-2021-0137\">https:\/\/doi.org\/10.1108\/JFC-06-2021-0137<\/a><\/p>\n\n\n\n<p>Levi, M., &amp; Smith R. G. (2021). <em>Fraud and its relationship to pandemics and economic crises: From Spanish flu to COVID-19<\/em>. Research Report no. 19. Canberra: Australian Institute of Criminology. <a href=\"https:\/\/doi.org\/10.52922\/rr78115\">https:\/\/doi.org\/10.52922\/rr78115<\/a><\/p>\n\n\n\n<p>Katona, N. &amp; Mayer, E. (2021). Open Research behind closed doors: Assessing the impact of COVID-19 measures on persons with psychosocial and intellectual disabilities deprived of liberty. Ludwig Boltzmann Institute of Fundamental and Human Rights. <a href=\"https:\/\/bim.lbg.ac.at\/sites\/files\/bim\/attachments\/factsheet_en_final_0.pdf\">https:\/\/bim.lbg.ac.at\/sites\/files\/bim\/attachments\/factsheet_en_final_0.pdf<\/a><\/p>\n\n\n\n<p>Lach, A. (2021). Prevention of crime, tort and epidemy: The use of criminal procedure for preventive purposes in Poland during Covid-19, <em>Criminology &amp; Criminal Justice<\/em>. <a rel=\"noreferrer noopener\" href=\"https:\/\/doi.org\/10.1177\/17488958211056775\" target=\"_blank\">https:\/\/doi.org\/10.1177\/17488958211056775<\/a><\/p>\n\n\n\n<p>Brown, J., &amp; Fleming, J. (2021). The Impact of changing working patterns for police officers and police staff in England and Wales during the COVID19 lockdown, <em>The Police Journal, Theory, Practice and Principles <\/em>(Special Issue &#8211; Police Wellbeing), 1-23. <a href=\"https:\/\/doi.org\/10.1177\/0032258X211052891\">https:\/\/doi.org\/10.1177\/0032258X211052891<\/a><\/p>\n\n\n\n<p>Buil-Gil, D., Zeng, Y., &amp; Kemp, S. (2021). Offline crime bounces back to pre-COVID levels, cyber stays high: interrupted time-series analysis in Northern Ireland.&nbsp;<em>Crime Science<\/em>, <em>10<\/em>(26).&nbsp;<a rel=\"noreferrer noopener\" href=\"https:\/\/doi.org\/10.1186\/s40163-021-00162-9\" target=\"_blank\">https:\/\/doi.org\/10.1186\/s40163-021-00162-9<\/a><\/p>\n\n\n\n<p>Jaccoud, L., Burkhardt, C., &amp; Caneppele, S. (2021). COVID-19, Crime and Policing: A first snapshot of academic publishing on crime trends and police activity during COVID-19 academic. Research Briefs, Series <em>UNILCRIM<\/em>, (5). <a href=\"https:\/\/serval.unil.ch\/fr\/notice\/serval:BIB_D5CD48C13EBC\">https:\/\/serval.unil.ch\/fr\/notice\/serval:BIB_D5CD48C13EBC<\/a><\/p>\n\n\n\n<p>Ribeiro, S., Burkhardt, C., &amp; Caneppele, S. (2021). COVID-19, Crime and Criminal Justice: Mapping Criminological Research Projects around the World. Research Briefs, Series <em>UNILCRIM<\/em>, (7). <a rel=\"noreferrer noopener\" href=\"https:\/\/serval.unil.ch\/fr\/notice\/serval:BIB_8D794DDA3C3D\" target=\"_blank\">https:\/\/serval.unil.ch\/fr\/notice\/serval:BIB_8D794DDA3C3D<\/a><\/p>\n\n\n\n<p>Fleming, J., &amp; Brown, J. (2021). Policewomen&#8217;s experiences of working during lockdown: Results of a survey with officers from England and Wales, <em>Policing: a journal of Policy and Practice<\/em>, <em>15<\/em>(3), 1977\u20131992. <a href=\"https:\/\/doi.org\/10.1093\/police\/paab027\">https:\/\/doi.org\/10.1093\/police\/paab027<\/a><\/p>\n\n\n\n<p>Aziani, A., Bertoni, G. A., Jofre, M., &amp; Riccardi, M. (2021). COVID\u201119 and Organized Crime: Strategies employed by criminal groups to increase their profits and power in the first months of the pandemic, Trends in Organized Crime. <a rel=\"noreferrer noopener\" href=\"https:\/\/link.springer.com\/article\/10.1007\/s12117-021-09434-x\" target=\"_blank\">https:\/\/link.springer.com\/article\/10.1007\/s12117-021-09434-x<\/a>   <\/p>\n\n\n\n<p>Fleming, J., &amp; Brown, J. (2021). Staffing the force: police staff in England and Wales&#8217; experiences of working through a COVID-19 lockdown. <em>Police Practice and Research<\/em>, 1-18. <a href=\"https:\/\/doi.org\/10.1080\/15614263.2021.1938048\">https:\/\/doi.org\/10.1080\/15614263.2021.1938048<\/a> <\/p>\n\n\n\n<p>Kemp, S., Buil-Gil, D., Moneva, A., Mir\u00f3-Llinares, F., &amp; D\u00edaz-Casta\u00f1o, N. (2021). Empty streets, busy internet: A time-series analysis of cybercrime and fraud trends during COVID-19.&nbsp;<em>Journal of Contemporary Criminal Justice.<\/em>&nbsp;<a rel=\"noreferrer noopener\" href=\"https:\/\/doi.org\/10.1177\/10439862211027986\" target=\"_blank\">https:\/\/doi.org\/10.1177\/10439862211027986<\/a><\/p>\n\n\n\n<p>Buil-Gil, D., &amp; Zeng, Y. (2021). Meeting you was a fake: Investigating the increase in romance fraud during COVID-19.&nbsp;<em>Journal of Financial Crime<\/em>.&nbsp;<a rel=\"noreferrer noopener\" href=\"https:\/\/doi.org\/10.1108\/JFC-02-2021-0042\" target=\"_blank\">https:\/\/doi.org\/10.1108\/JFC-02-2021-0042<\/a><\/p>\n\n\n\n<p>Dearden, T., Parti, K., &amp; Hawdon, J. (2021). Institutional Anomie Theory and Cybercrime\u2014Cybercrime and the American Dream, <em>Journal of Contemporary Criminal Justice<\/em>. <a href=\"https:\/\/doi.org\/10.1177\/10439862211001590\">https:\/\/doi.org\/10.1177\/10439862211001590<\/a><\/p>\n\n\n\n<p>Lavorgna, A. (2021).&nbsp;Information pollution as social harm: Investigating the digital drift of medical misinformation in a time of crisis. <a href=\"https:\/\/books.emeraldinsight.com\/page\/detail\/Information-pollution-as-social-harmInformation-Pollution-as-Social-Harm\/?k=9781800715226\">Emerald Publishing<\/a>.<\/p>\n\n\n\n<p>Campedelli, G. M., &amp; D\u2019Orsogna, M. R. (2021). Temporal clustering of disorder events during the COVID-19 pandemic. <em>PLOS ONE<\/em>, 16(4), e0250433. <a href=\"https:\/\/doi.org\/10.1371\/journal.pone.0250433\">https:\/\/doi.org\/10.1371\/journal.pone.0250433<\/a><\/p>\n\n\n\n<p>Aldridge, J., Garius, L., Spicer, J., Harris, M., Moore, K. &amp; Eastwood, N. (2021)&nbsp;<em>Drugs in the Time of COVID: The UK Drug Market Response to Lockdown Restrictions<\/em>, London: Release. &nbsp;<a rel=\"noreferrer noopener\" href=\"https:\/\/www.release.org.uk\/publications\/covid-drugs-market-survey\" target=\"_blank\">https:\/\/www.release.org.uk\/publications\/covid-drugs-market-survey<\/a>.<\/p>\n\n\n\n<p>Lavorgna A., &amp; Myles, H. (2021). Science denial and medical misinformation in pandemic times: a micro-level analysis of \u201calternative lifestyle\u201d subcultural groups.&nbsp;<em>European Journal of Criminology<\/em>. <a href=\"https:\/\/doi.org\/10.1177%2F1477370820988832\">https:\/\/doi.org\/10.1177\/1477370820988832<\/a><\/p>\n\n\n\n<p>Buil-Gil, D., Mir\u00f3-Llinares, F., Moneva, A., Kemp, S., &amp; D\u00edaz-Casta\u00f1o, I. (2021). Cybercrime and shifts in opportunities during Covid-19: a preliminary analysis in the UK.  <em>European Societies<\/em>, 23(sup1), S47-S59 <a href=\"https:\/\/doi.org\/10.1080\/14616696.2020.1804973\">https:\/\/doi.org\/10.1080\/14616696.2020.1804973<\/a><\/p>\n\n\n\n<p>Travaini, G., Caruso, P., &amp; Merzagora, I. (2020). Crime in Italy at the time of the pandemic. Acta Biomedica, <em>91<\/em>(2), 199-203. <a href=\"https:\/\/doi.org\/10.23750\/abm.v91i2.9596\">https:\/\/doi.org\/10.23750\/abm.v91i2.9596<\/a><\/p>\n\n\n\n<p>Hawdon, J. Parti, K., &amp; Dearden, T. (2020). Cybercrime in America amid COVID-19: The Initial Results from a Natural Experiment, <em>American Journal of Criminal Justice<\/em> <em>45<\/em>(4), 546\u201362. <a href=\"https:\/\/10.1007\/s12103-020-09534-4\">https:\/\/10.1007\/s12103-020-09534-4<\/a><\/p>\n\n\n\n<p>Aebi, M. F. &amp; Tiago, M. M. (2020). Prisons and Prisoners in Europe in Pandemic Times: An evaluation of the medium-term impact of the COVID-19 on prison populations. Strasbourg: Council of Europe. <a href=\"https:\/\/wp.unil.ch\/space\/files\/2021\/02\/Prisons-and-the-COVID-19_2nd-Publication_201109.pdf\">https:\/\/wp.unil.ch\/space\/files\/2021\/02\/Prisons-and-the-COVID-19_2nd-Publication_201109.pdf<\/a><\/p>\n\n\n\n<p>Campedelli, G. M., Favarin, S., Aziani, A., &amp; Piquero, A. R. (2020). Disentangling community-level changes in crime trends during the COVID-19 pandemic in Chicago, <em>Crime Science<\/em>, <em>9<\/em>(21), 1-18. <a href=\"https:\/\/doi.org\/10.1186\/s40163-020-00131-8\">https:\/\/doi.org\/10.1186\/s40163-020-00131-8<\/a><\/p>\n\n\n\n<p>Campedelli, G. M., Aziani, A., &amp; Favarin, S. (2020). Exploring the Immediate Effects of COVID-19 Containment Policies on Crime: an Empirical Analysis of the Short-Term Aftermath in Los Angeles, <em>American Journal Of Criminal Justice<\/em>. <a href=\"https:\/\/doi.org\/10.1007\/s12103-020-09578-6\">https:\/\/doi.org\/10.1007\/s12103-020-09578-6<\/a><\/p>\n\n\n<p>OMA-UMAR (2020). <em>Femicide in Portugal during the COVID-19 pandemic<\/em>. UMAR -Women\u2019s Association Alternative and Response. https:\/\/www.umarfeminismos.org\/images\/stories\/oma\/Femicide_in_Portugal_during_the_COVID-19_pandemic.pdf<\/p>\n\n\n<p>UNODC (2020). The impact of COVID-19 on organized crime. Vienna: UNODC. <a href=\"https:\/\/www.transcrime.it\/pubblicazioni\/the-impact-of-covid-19-on-organized-crime\/\">https:\/\/www.transcrime.it\/pubblicazioni\/the-impact-of-covid-19-on-organized-crime\/<\/a><\/p>\n\n\n\n<p>Aebi, M. F. &amp; Tiago, M. M. (2020). Prisons and Prisoners in Europe in Pandemic Times: An evaluation of the shortterm impact of the COVID-19 on prison populations. Strasbourg: Council of Europe. <a href=\"https:\/\/wp.unil.ch\/space\/files\/2020\/06\/Prisons-and-the-COVID-19_200617_FINAL.pdf\">https:\/\/wp.unil.ch\/space\/files\/2020\/06\/Prisons-and-the-COVID-19_200617_FINAL.pdf<\/a><\/p>\n","protected":false},"excerpt":{"rendered":"<p>Tatti, D. (2023). Municipal administrative sanctions in Brussels in the face of the COVID-19 crisis. Brussels Studies, n\u00b0 180. https:\/\/doi.org\/10.4000\/brussels.6845 Molnar, L., &amp; Hashimoto, Y. Z. (2022). Homelessness during the Coronavirus Pandemic. Exploratory Study in Switzerland. Deviant Behavior, 0(0), 1\u201316. https:\/\/doi.org\/10.1080\/01639625.2022.2039045 Molnar, L., &amp; Ros, J. (2022). Sex Workers\u2019 Work-Related Victimisation and Drug Use During [&hellip;]<\/p>\n","protected":false},"author":1001841,"featured_media":0,"parent":0,"menu_order":0,"comment_status":"closed","ping_status":"closed","template":"","meta":{"_seopress_robots_primary_cat":"","_seopress_titles_title":"","_seopress_titles_desc":"","_seopress_robots_index":"","footnotes":""},"class_list":["post-194","page","type-page","status-publish"],"_links":{"self":[{"href":"https:\/\/wp.unil.ch\/covid-crime-workingroup\/wp-json\/wp\/v2\/pages\/194","targetHints":{"allow":["GET"]}}],"collection":[{"href":"https:\/\/wp.unil.ch\/covid-crime-workingroup\/wp-json\/wp\/v2\/pages"}],"about":[{"href":"https:\/\/wp.unil.ch\/covid-crime-workingroup\/wp-json\/wp\/v2\/types\/page"}],"author":[{"embeddable":true,"href":"https:\/\/wp.unil.ch\/covid-crime-workingroup\/wp-json\/wp\/v2\/users\/1001841"}],"replies":[{"embeddable":true,"href":"https:\/\/wp.unil.ch\/covid-crime-workingroup\/wp-json\/wp\/v2\/comments?post=194"}],"version-history":[{"count":0,"href":"https:\/\/wp.unil.ch\/covid-crime-workingroup\/wp-json\/wp\/v2\/pages\/194\/revisions"}],"wp:attachment":[{"href":"https:\/\/wp.unil.ch\/covid-crime-workingroup\/wp-json\/wp\/v2\/media?parent=194"}],"curies":[{"name":"wp","href":"https:\/\/api.w.org\/{rel}","templated":true}]}}