{"id":7814,"date":"2016-01-26T15:56:37","date_gmt":"2016-01-26T14:56:37","guid":{"rendered":"http:\/\/wp.unil.ch\/connaissance3\/?page_id=7814"},"modified":"2025-06-12T10:51:37","modified_gmt":"2025-06-12T08:51:37","slug":"adhesion-et-avantages","status":"publish","type":"page","link":"https:\/\/wp.unil.ch\/connaissance3\/adherer\/adhesion-et-avantages\/","title":{"rendered":"Adh\u00e9sion et avantages"},"content":{"rendered":"\n<p>Adh\u00e9rer n\u2019est pas n\u00e9cessaire pour participer, mais peut s\u2019av\u00e9rer rentable tr\u00e8s rapidement si vous suivez r\u00e9guli\u00e8rement nos activit\u00e9s.<\/p>\n\n\n\n<div style=\"height:24px\" aria-hidden=\"true\" class=\"wp-block-spacer\"><\/div>\n\n\n\n<h2 class=\"wp-block-heading has-text-color\" style=\"color:#00acc8;text-transform:uppercase\">1. Prix des adh\u00e9sions<\/h2>\n\n\n\n<figure class=\"wp-block-table\"><table><tbody><tr><td>Carte d&rsquo;adh\u00e9sion <span style=\"color: #ff0000\">*<\/span><\/td><td>75 fr.<\/td><\/tr><tr><td>Carte d&rsquo;abonnemment <span style=\"color: #ff0000\">*<\/span><\/td><td>300 fr.<\/td><\/tr><tr><td>Abonnement de sponsor <span style=\"color: #ff0000\">*<\/span><\/td><td>500 fr.<\/td><\/tr><tr><td>Carte institutionnelle<span style=\"color: #ff0000\">*<\/span><\/td><td>500 fr.<\/td><\/tr><\/tbody><\/table><\/figure>\n\n\n\n<p>Les cartes d&rsquo;adh\u00e9sion peuvent \u00eatre offertes sous forme de <strong><a href=\"https:\/\/wp.unil.ch\/connaissance3\/offrez-une-adhesion\/\">bons cadeau<\/a><\/strong>, par des priv\u00e9s mais \u00e9galement par les communes ou les entreprises \u00e0 leurs jeunes retrait\u00e9\u00b7es. <a href=\"https:\/\/wp.unil.ch\/connaissance3\/offrez-une-adhesion\/\">Plus d&rsquo;informations<\/a><\/p>\n\n\n\n<p>Une carte institutionnelle peut \u00e9galement \u00eatre \u00e9mise pour permettre \u00e0 plusieurs personnes d&rsquo;une institution de se rendre en groupe aux conf\u00e9rences. Renseignements aupr\u00e8s du <a href=\"mailto:info@connaissance3.ch\">secr\u00e9tariat<\/a>. <\/p>\n\n\n\n<p><strong><span style=\"color: #ff0000\"><em>* Validit\u00e9: de septembre \u00e0 ao\u00fbt.<\/em><\/span><br><em><span style=\"color: #808080\">Veuillez noter que les cartes sont renouvel\u00e9es automatiquement. Si vous renoncez \u00e0 votre adh\u00e9sion, merci de nous contacter avant le renouvellement (\u00e0 savoir avant mi-ao\u00fbt).<\/span><\/em><\/strong><\/p>\n\n\n\n<div style=\"height:29px\" aria-hidden=\"true\" class=\"wp-block-spacer\"><\/div>\n\n\n\n<div class=\"wp-block-columns is-layout-flex wp-container-core-columns-is-layout-9d6595d7 wp-block-columns-is-layout-flex\">\n<div class=\"wp-block-column is-layout-flow wp-block-column-is-layout-flow\" style=\"flex-basis:15%\">\n<div style=\"height:18px\" aria-hidden=\"true\" class=\"wp-block-spacer\"><\/div>\n\n\n\n<figure class=\"wp-block-image size-full is-resized is-style-default\"><a href=\"https:\/\/wp.unil.ch\/connaissance3\/culture-pour-tous\/\"><img alt=\"\" loading=\"lazy\" decoding=\"async\" width=\"929\" height=\"928\" src=\"https:\/\/wp.unil.ch\/connaissance3\/files\/2023\/02\/CPT_web-1.png\" alt=\"\" class=\"wp-image-24281\" srcset=\"https:\/\/wp.unil.ch\/connaissance3\/files\/2023\/02\/CPT_web-1.png 929w, https:\/\/wp.unil.ch\/connaissance3\/files\/2023\/02\/CPT_web-1-300x300.png 300w, https:\/\/wp.unil.ch\/connaissance3\/files\/2023\/02\/CPT_web-1-150x150.png 150w, https:\/\/wp.unil.ch\/connaissance3\/files\/2023\/02\/CPT_web-1-768x767.png 768w, https:\/\/wp.unil.ch\/connaissance3\/files\/2023\/02\/CPT_web-1-230x230.png 230w, https:\/\/wp.unil.ch\/connaissance3\/files\/2023\/02\/CPT_web-1-365x365.png 365w\" sizes=\"auto, (max-width: 929px) 100vw, 929px\" \/><\/a><\/figure>\n<\/div>\n\n\n\n<div class=\"wp-block-column is-layout-flow wp-block-column-is-layout-flow\" style=\"flex-basis:66.66%\">\n<h3 class=\"wp-block-heading\">B\u00e9n\u00e9ficiaires de prestations compl\u00e9mentaires ou subsides<\/h3>\n\n\n\n<p>Les b\u00e9n\u00e9ficiaires de prestations compl\u00e9mentaires (AVS-PC) ou les retrait\u00e9\u00b7e\u00b7s au b\u00e9n\u00e9fice de subside \u00e0 l&rsquo;assurance maladie peuvent obtenir une <strong>\u00ab\u00a0carte d&rsquo;abonnement\u00a0\u00bb<\/strong>, moyennant une participation de <strong>25 fr.<\/strong>; cette carte permet notamment d&rsquo;entrer librement aux conf\u00e9rences de Connaissance 3 et de b\u00e9n\u00e9ficier de rabais sur les cours et visite labellis\u00e9s \u00ab\u00a0Culture pour tous\u00a0\u00bb. <a href=\"https:\/\/wp.unil.ch\/connaissance3\/culture-pour-tous\/\">Pour plus de renseignements<\/a><\/p>\n<\/div>\n<\/div>\n\n\n\n<div style=\"height:58px\" aria-hidden=\"true\" class=\"wp-block-spacer\"><\/div>\n\n\n\n<div class=\"wp-block-buttons is-content-justification-center is-layout-flex wp-container-core-buttons-is-layout-16018d1d wp-block-buttons-is-layout-flex\">\n<div class=\"wp-block-button\"><a class=\"wp-block-button__link has-background wp-element-button\" href=\"https:\/\/wp.unil.ch\/connaissance3\/adherer\/\" style=\"background-color:#00acc8\">Remplir le formulaire d&rsquo;adh\u00e9sion<\/a><\/div>\n<\/div>\n\n\n\n<p class=\"has-text-align-center\"><strong><a href=\"https:\/\/wp.unil.ch\/connaissance3\/adherer\/\"><\/a><\/strong><\/p>\n\n\n\n<p class=\"has-text-align-center\"><em>Adh\u00e9rer \u00e0 Connaissance 3 est aussi une fa\u00e7on de soutenir <a href=\"https:\/\/wp.unil.ch\/connaissance3\/portrait\/#missions\" target=\"_blank\" rel=\"noreferrer noopener\">sa mission<\/a>.<\/em><\/p>\n\n\n\n<hr class=\"wp-block-separator has-alpha-channel-opacity is-style-wide\" \/>\n\n\n\n<div style=\"height:30px\" aria-hidden=\"true\" class=\"wp-block-spacer\"><\/div>\n\n\n\n<h2 class=\"wp-block-heading has-text-color\" style=\"color:#00acc8;text-transform:uppercase\">2. Avantages d&rsquo;adh\u00e9rer<\/h2>\n\n\n\n<figure id=\"__mce\" class=\"wp-block-table\"><table><tbody><tr><td>&nbsp;<\/td><td><strong>Carte d&rsquo;adh\u00e9sion<\/strong><\/td><td><strong>Carte d&rsquo;abonnement \/ sponsor<\/strong><\/td><\/tr><tr><td>Tarif pr\u00e9f\u00e9rentiel sur toutes les activit\u00e9s.<\/td><td>\u221a<\/td><td>\u221a<\/td><\/tr><tr><td>Gratuit\u00e9 des conf\u00e9rences Connaissances 3.<\/td><td><\/td><td>\u221a<\/td><\/tr><tr><td>Possibilit\u00e9 d&rsquo;acheter un carnet de six entr\u00e9es aux conf\u00e9rences pour 50 fr. (= une entr\u00e9e offerte). <span style=\"color: #ff0000\">*<\/span><\/td><td>\u221a<\/td><td>&nbsp;<\/td><\/tr><tr><td>Programmes envoy\u00e9s \u00e0 domicile.<\/td><td>\u221a<\/td><td>\u221a<\/td><\/tr><tr><td>Un num\u00e9ro offert du magazine <em>G\u00e9n\u00e9rations<\/em>.<\/td><td>\u221a<\/td><td>\u221a<\/td><\/tr><tr><td>Acc\u00e8s en qualit\u00e9 d&rsquo;auditeur\u00b7trice aux cours de l&rsquo;<a href=\"https:\/\/www.unil.ch\/immat\/fr\/home\/menuinst\/other-candidates\/auditeurs.html\" target=\"_blank\" rel=\"noopener noreferrer\">UNIL<\/a>, de l&rsquo;<a href=\"https:\/\/studying.epfl.ch\/auditeurs\" target=\"_blank\" rel=\"noopener noreferrer\">EPFL,<\/a> de la <a href=\"https:\/\/www.ecolelasource.ch\" target=\"_blank\" rel=\"noopener noreferrer\">HES-La Source<\/a>, et de la <a href=\"https:\/\/heig-vd.ch\/formations\" target=\"_blank\" rel=\"noopener noreferrer\">HEIG-VD<\/a> (conditions sp\u00e9cifiques \u00e0 chaque institution).<\/td><td>&nbsp;<\/td><td>\u221a<\/td><\/tr><tr><td>Traitement privil\u00e9gi\u00e9 aupr\u00e8s de nos partenaires culturels (p.ex. invitation \u00e0 un spectacle, offres de derni\u00e8re minute).<\/td><td>\u00a0<\/td><td>\u221a<\/td><\/tr><tr><td>Rapport annuel de Connaissance 3 envoy\u00e9 \u00e0 domicile.<\/td><td>&nbsp;<\/td><td>\u221a<\/td><\/tr><\/tbody><\/table><\/figure>\n\n\n\n<p><em><span style=\"color: #ff0000\">* Les carnets d&rsquo;entr\u00e9es aux conf\u00e9rences (50 fr. pour 6 entr\u00e9es) sont valables pour l&rsquo;ann\u00e9e acad\u00e9mique (de septembre \u00e0 ao\u00fbt).<br><\/span><span style=\"color: #808080\">Les carnets ne sont ni repris ni \u00e9chang\u00e9s. Ils<\/span> <span style=\"color: #808080\">sont \u00e0 utiliser pour les entr\u00e9es aux conf\u00e9rences <span style=\"text-decoration: underline\">exclusivement par et pour les adh\u00e9rent\u00b7es<\/span>&nbsp;qui peuvent \u00e9galement inviter une personne \u00e0 les accompagner afin de d\u00e9couvrir les conf\u00e9rences de Connaissance 3.<br><\/span><\/em><\/p>\n","protected":false},"excerpt":{"rendered":"<p>Adh\u00e9rer n\u2019est pas n\u00e9cessaire pour participer, mais peut s\u2019av\u00e9rer rentable tr\u00e8s rapidement si vous suivez r\u00e9guli\u00e8rement nos activit\u00e9s. 1. Prix des adh\u00e9sions Carte d&rsquo;adh\u00e9sion * 75 fr. Carte d&rsquo;abonnemment * 300 fr. Abonnement de sponsor * 500 fr. Carte institutionnelle*<\/p>\n","protected":false},"author":1136,"featured_media":0,"parent":1145,"menu_order":0,"comment_status":"closed","ping_status":"closed","template":"","meta":{"_seopress_robots_primary_cat":"","_seopress_titles_title":"","_seopress_titles_desc":"","_seopress_robots_index":"","footnotes":""},"class_list":["post-7814","page","type-page","status-publish"],"_links":{"self":[{"href":"https:\/\/wp.unil.ch\/connaissance3\/wp-json\/wp\/v2\/pages\/7814","targetHints":{"allow":["GET"]}}],"collection":[{"href":"https:\/\/wp.unil.ch\/connaissance3\/wp-json\/wp\/v2\/pages"}],"about":[{"href":"https:\/\/wp.unil.ch\/connaissance3\/wp-json\/wp\/v2\/types\/page"}],"author":[{"embeddable":true,"href":"https:\/\/wp.unil.ch\/connaissance3\/wp-json\/wp\/v2\/users\/1136"}],"replies":[{"embeddable":true,"href":"https:\/\/wp.unil.ch\/connaissance3\/wp-json\/wp\/v2\/comments?post=7814"}],"version-history":[{"count":4,"href":"https:\/\/wp.unil.ch\/connaissance3\/wp-json\/wp\/v2\/pages\/7814\/revisions"}],"predecessor-version":[{"id":30644,"href":"https:\/\/wp.unil.ch\/connaissance3\/wp-json\/wp\/v2\/pages\/7814\/revisions\/30644"}],"up":[{"embeddable":true,"href":"https:\/\/wp.unil.ch\/connaissance3\/wp-json\/wp\/v2\/pages\/1145"}],"wp:attachment":[{"href":"https:\/\/wp.unil.ch\/connaissance3\/wp-json\/wp\/v2\/media?parent=7814"}],"curies":[{"name":"wp","href":"https:\/\/api.w.org\/{rel}","templated":true}]}}