{"id":5701,"date":"2015-01-27T13:23:34","date_gmt":"2015-01-27T12:23:34","guid":{"rendered":"http:\/\/wp.unil.ch\/connaissance3\/?page_id=5701"},"modified":"2025-12-01T17:18:05","modified_gmt":"2025-12-01T16:18:05","slug":"evaluations","status":"publish","type":"page","link":"https:\/\/wp.unil.ch\/connaissance3\/cours\/evaluations\/","title":{"rendered":"\u00c9valuations"},"content":{"rendered":"\n<h2 class=\"wp-block-heading\">Garantir la qualit\u00e9<\/h2>\n\n\n\n<p>Soucieuse de garantir la qualit\u00e9 de son offre, Connaissance 3 effectue r\u00e9guli\u00e8rement l\u2019\u00e9valuation de ses activit\u00e9s par l\u2019interm\u00e9diaire d\u2019un questionnaire rempli anonymement par les participant\u00b7es. Ce travail est confi\u00e9 au <a href=\"https:\/\/www.google.ch\/url?sa=t&amp;rct=j&amp;q=&amp;esrc=s&amp;source=web&amp;cd=1&amp;cad=rja&amp;uact=8&amp;ved=0ahUKEwi-5vzUxpDOAhWHA8AKHa9QCBcQFggeMAA&amp;url=https%3A%2F%2Fwww.unil.ch%2Fcse%2Ffr%2Fhome.html&amp;usg=AFQjCNFJ_CBYKxF105853mGF8dHkliq-Ew&amp;sig2=hen8itkXGgQDzueiU9C7JQ\" target=\"_blank\" rel=\"noopener\">Centre de soutien \u00e0 l\u2019enseignement de l\u2019UNIL<\/a> (CSE) que nous remercions ici.<\/p>\n\n\n\n<h3 class=\"wp-block-heading\">\u00c9valuations des cours<\/h3>\n\n\n\n<p>Les cours de Connaissance 3 sont particuli\u00e8rement appr\u00e9ci\u00e9s pour les aspects suivants:<\/p>\n\n\n\n<ul class=\"wp-block-list\">\n<li>comp\u00e9tences p\u00e9dagogiques et qualit\u00e9s personnelles des enseignant\u00b7es<\/li>\n\n\n\n<li>Interactivit\u00e9 et dynamisme<\/li>\n\n\n\n<li>clart\u00e9 de l\u2019enseignement ainsi que la qualit\u00e9 de la documentation fournie<\/li>\n<\/ul>\n\n\n\n<div style=\"height:33px\" aria-hidden=\"true\" class=\"wp-block-spacer\"><\/div>\n\n\n\n<h4 class=\"wp-block-heading\">Commentaire g\u00e9n\u00e9ral de l&rsquo;\u00e9valuation 2023-2024<\/h4>\n\n\n\n<p>De mani\u00e8re globale, les enseignements de Connaissance 3 \u00e9valu\u00e9s durant l\u2019ann\u00e9e acad\u00e9mique 2023-2024 semblent tr\u00e8s bien r\u00e9pondre aux attentes des participant\u00b7es. Ils\/elles expriment ainsi leur appr\u00e9ciation globale des enseignements suivis tant dans les donn\u00e9es quantitatives que dans leurs commentaires.<\/p>\n\n\n\n<div class=\"wp-block-columns is-layout-flex wp-container-core-columns-is-layout-9d6595d7 wp-block-columns-is-layout-flex\">\n<div class=\"wp-block-column is-layout-flow wp-block-column-is-layout-flow\" style=\"flex-basis:100%\">\n<div style=\"height:31px\" aria-hidden=\"true\" class=\"wp-block-spacer\"><\/div>\n\n\n\n<div class=\"wp-block-buttons is-content-justification-center is-layout-flex wp-container-core-buttons-is-layout-16018d1d wp-block-buttons-is-layout-flex\">\n<div class=\"wp-block-button is-style-fill\"><a class=\"wp-block-button__link has-white-color has-text-color has-background has-link-color has-text-align-center wp-element-button\" href=\"https:\/\/wp.unil.ch\/connaissance3\/files\/2025\/12\/eval-cours-2024-2025-3.pdf\" style=\"background-color:#00acc8\" target=\"_blank\" rel=\"noreferrer noopener\">Lire le rapport 2024-2025<\/a><\/div>\n<\/div>\n<\/div>\n<\/div>\n\n\n\n<div style=\"height:50px\" aria-hidden=\"true\" class=\"wp-block-spacer\"><\/div>\n\n\n\n<h4 class=\"wp-block-heading\">Consulter les rapports des ann\u00e9es pr\u00e9c\u00e9dentes<\/h4>\n\n\n\n<ul class=\"wp-block-list\">\n<li><a href=\"https:\/\/wp.unil.ch\/connaissance3\/files\/2025\/01\/EVAL-Cours_2023-2024.pdf\" data-type=\"link\" data-id=\"https:\/\/wp.unil.ch\/connaissance3\/files\/2025\/01\/EVAL-Cours_2023-2024.pdf\">Evaluation 2023-2024<\/a> (PDF)<\/li>\n\n\n\n<li><a href=\"https:\/\/wp.unil.ch\/connaissance3\/files\/2022\/09\/EVAL-Cours_2021-2022.pdf\" target=\"_blank\" rel=\"noopener\">Evaluation 2022-2023<\/a> (PDF)<\/li>\n\n\n\n<li><a rel=\"noopener\" href=\"https:\/\/wp.unil.ch\/connaissance3\/files\/2022\/09\/EVAL-Cours_2021-2022.pdf\" target=\"_blank\">Evaluation 2021-2022<\/a> (PDF)<\/li>\n\n\n\n<li><a rel=\"noopener\" href=\"https:\/\/wp.unil.ch\/connaissance3\/files\/2021\/12\/2021_C3_SYN.pdf\" target=\"_blank\">Evaluation 2020-2021<\/a> (PDF)<\/li>\n\n\n\n<li><a rel=\"noopener\" href=\"https:\/\/wp.unil.ch\/connaissance3\/files\/2021\/12\/EVAL-Cours_2018-2019.pdf\" target=\"_blank\">Evaluation 2018-2019<\/a> (PDF)<\/li>\n\n\n\n<li><a rel=\"noopener\" href=\"https:\/\/wp.unil.ch\/connaissance3\/files\/2018\/08\/EVAL-Cours-2017-18.pdf\" target=\"_blank\">Evaluation 2017-2018<\/a> (PDF)<\/li>\n\n\n\n<li><a href=\"https:\/\/wp.unil.ch\/connaissance3\/files\/2018\/08\/EVAL-Cours_2016-2017.pdf\" target=\"_blank\" rel=\"noopener\">Evaluation 2016-2017<\/a> (PDF)<\/li>\n<\/ul>\n","protected":false},"excerpt":{"rendered":"<p>Garantir la qualit\u00e9 Soucieuse de garantir la qualit\u00e9 de son offre, Connaissance 3 effectue r\u00e9guli\u00e8rement l\u2019\u00e9valuation de ses activit\u00e9s par l\u2019interm\u00e9diaire d\u2019un questionnaire rempli anonymement par les participant\u00b7es. Ce travail est confi\u00e9 au Centre de soutien \u00e0 l\u2019enseignement de l\u2019UNIL<\/p>\n","protected":false},"author":1136,"featured_media":0,"parent":3602,"menu_order":0,"comment_status":"closed","ping_status":"closed","template":"","meta":{"_seopress_robots_primary_cat":"","_seopress_titles_title":"","_seopress_titles_desc":"","_seopress_robots_index":"","footnotes":""},"class_list":["post-5701","page","type-page","status-publish"],"_links":{"self":[{"href":"https:\/\/wp.unil.ch\/connaissance3\/wp-json\/wp\/v2\/pages\/5701","targetHints":{"allow":["GET"]}}],"collection":[{"href":"https:\/\/wp.unil.ch\/connaissance3\/wp-json\/wp\/v2\/pages"}],"about":[{"href":"https:\/\/wp.unil.ch\/connaissance3\/wp-json\/wp\/v2\/types\/page"}],"author":[{"embeddable":true,"href":"https:\/\/wp.unil.ch\/connaissance3\/wp-json\/wp\/v2\/users\/1136"}],"replies":[{"embeddable":true,"href":"https:\/\/wp.unil.ch\/connaissance3\/wp-json\/wp\/v2\/comments?post=5701"}],"version-history":[{"count":5,"href":"https:\/\/wp.unil.ch\/connaissance3\/wp-json\/wp\/v2\/pages\/5701\/revisions"}],"predecessor-version":[{"id":31288,"href":"https:\/\/wp.unil.ch\/connaissance3\/wp-json\/wp\/v2\/pages\/5701\/revisions\/31288"}],"up":[{"embeddable":true,"href":"https:\/\/wp.unil.ch\/connaissance3\/wp-json\/wp\/v2\/pages\/3602"}],"wp:attachment":[{"href":"https:\/\/wp.unil.ch\/connaissance3\/wp-json\/wp\/v2\/media?parent=5701"}],"curies":[{"name":"wp","href":"https:\/\/api.w.org\/{rel}","templated":true}]}}