{"id":3916,"date":"2014-07-08T14:10:56","date_gmt":"2014-07-08T12:10:56","guid":{"rendered":"http:\/\/wp.unil.ch\/connaissance3\/?page_id=3916"},"modified":"2025-03-03T13:41:14","modified_gmt":"2025-03-03T12:41:14","slug":"publications","status":"publish","type":"page","link":"https:\/\/wp.unil.ch\/connaissance3\/portrait\/publications\/","title":{"rendered":"Publications"},"content":{"rendered":"\n<h2 class=\"wp-block-heading\">&nbsp;Documentation de Connaissance 3<\/h2>\n\n\n\n<div class=\"wp-block-columns is-layout-flex wp-container-core-columns-is-layout-9d6595d7 wp-block-columns-is-layout-flex\">\n<div class=\"wp-block-column is-vertically-aligned-center is-layout-flow wp-block-column-is-layout-flow\"><div class=\"wp-block-image\">\n<figure class=\"aligncenter size-large is-resized\"><a href=\"https:\/\/wp.unil.ch\/connaissance3\/portrait\/publications\/programmes\/\"><img alt=\"\" loading=\"lazy\" decoding=\"async\" width=\"558\" height=\"1024\" src=\"https:\/\/wp.unil.ch\/connaissance3\/files\/2025\/01\/PE25-2-558x1024.png\" alt=\"\" class=\"wp-image-29897\" style=\"width:151px;height:300px\" srcset=\"https:\/\/wp.unil.ch\/connaissance3\/files\/2025\/01\/PE25-2-558x1024.png 558w, https:\/\/wp.unil.ch\/connaissance3\/files\/2025\/01\/PE25-2-164x300.png 164w, https:\/\/wp.unil.ch\/connaissance3\/files\/2025\/01\/PE25-2-98x180.png 98w, https:\/\/wp.unil.ch\/connaissance3\/files\/2025\/01\/PE25-2-768x1409.png 768w, https:\/\/wp.unil.ch\/connaissance3\/files\/2025\/01\/PE25-2-837x1536.png 837w, https:\/\/wp.unil.ch\/connaissance3\/files\/2025\/01\/PE25-2.png 992w\" sizes=\"auto, (max-width: 558px) 100vw, 558px\" \/><\/a><\/figure>\n<\/div>\n\n\n<div class=\"wp-block-buttons alignwide is-content-justification-center is-layout-flex wp-container-core-buttons-is-layout-16018d1d wp-block-buttons-is-layout-flex\">\n<div class=\"wp-block-button has-custom-width wp-block-button__width-100 has-custom-font-size is-style-outline has-small-font-size is-style-outline--1\" style=\"text-transform:uppercase\"><a class=\"wp-block-button__link has-white-color has-text-color has-background wp-element-button\" href=\"https:\/\/wp.unil.ch\/connaissance3\/programmes\/\" style=\"background-color:#f28c00\">PROGRAMMES D&rsquo;ACTIVIT\u00c9S<\/a><\/div>\n<\/div>\n<\/div>\n\n\n\n<div class=\"wp-block-column is-vertically-aligned-center is-layout-flow wp-block-column-is-layout-flow\"><div class=\"wp-block-image\">\n<figure class=\"aligncenter size-large is-resized\"><a href=\"https:\/\/wp.unil.ch\/connaissance3\/portrait\/publications\/rapports-annuels\/\"><img alt=\"\" loading=\"lazy\" decoding=\"async\" width=\"723\" height=\"1024\" src=\"https:\/\/wp.unil.ch\/connaissance3\/files\/2025\/02\/RA2023-2024-723x1024.png\" alt=\"\" class=\"wp-image-30255\" style=\"width:211px;height:297px\" srcset=\"https:\/\/wp.unil.ch\/connaissance3\/files\/2025\/02\/RA2023-2024-723x1024.png 723w, https:\/\/wp.unil.ch\/connaissance3\/files\/2025\/02\/RA2023-2024-212x300.png 212w, https:\/\/wp.unil.ch\/connaissance3\/files\/2025\/02\/RA2023-2024-127x180.png 127w, https:\/\/wp.unil.ch\/connaissance3\/files\/2025\/02\/RA2023-2024-768x1087.png 768w, https:\/\/wp.unil.ch\/connaissance3\/files\/2025\/02\/RA2023-2024-1085x1536.png 1085w, https:\/\/wp.unil.ch\/connaissance3\/files\/2025\/02\/RA2023-2024.png 1290w\" sizes=\"auto, (max-width: 723px) 100vw, 723px\" \/><\/a><\/figure>\n<\/div>\n\n\n<div class=\"wp-block-buttons alignwide is-content-justification-center is-layout-flex wp-container-core-buttons-is-layout-16018d1d wp-block-buttons-is-layout-flex\">\n<div class=\"wp-block-button has-custom-width wp-block-button__width-100 has-custom-font-size is-style-outline has-small-font-size is-style-outline--2\" style=\"text-transform:uppercase\"><a class=\"wp-block-button__link has-white-color has-text-color has-background wp-element-button\" href=\"https:\/\/wp.unil.ch\/connaissance3\/portrait\/rapports-annuels\/\" style=\"background-color:#00acc8\">RAPPORTS ANNUELS<\/a><\/div>\n<\/div>\n<\/div>\n\n\n\n<div class=\"wp-block-column is-vertically-aligned-center is-layout-flow wp-block-column-is-layout-flow\"><div class=\"wp-block-image\">\n<figure class=\"aligncenter size-large is-resized\"><a href=\"https:\/\/wp.unil.ch\/connaissance3\/portrait\/publications\/programmes-strategiques\/\"><img alt=\"\" loading=\"lazy\" decoding=\"async\" width=\"713\" height=\"1024\" src=\"https:\/\/wp.unil.ch\/connaissance3\/files\/2023\/03\/PS22-27-713x1024.png\" alt=\"\" class=\"wp-image-24435\" style=\"width:206px;height:302px\" srcset=\"https:\/\/wp.unil.ch\/connaissance3\/files\/2023\/03\/PS22-27-713x1024.png 713w, https:\/\/wp.unil.ch\/connaissance3\/files\/2023\/03\/PS22-27-209x300.png 209w, https:\/\/wp.unil.ch\/connaissance3\/files\/2023\/03\/PS22-27-104x150.png 104w, https:\/\/wp.unil.ch\/connaissance3\/files\/2023\/03\/PS22-27-768x1103.png 768w, https:\/\/wp.unil.ch\/connaissance3\/files\/2023\/03\/PS22-27-1069x1536.png 1069w, https:\/\/wp.unil.ch\/connaissance3\/files\/2023\/03\/PS22-27-1320x1896.png 1320w, https:\/\/wp.unil.ch\/connaissance3\/files\/2023\/03\/PS22-27.png 1332w\" sizes=\"auto, (max-width: 713px) 100vw, 713px\" \/><\/a><\/figure>\n<\/div>\n\n\n<div class=\"wp-block-buttons alignwide is-content-justification-center is-layout-flex wp-container-core-buttons-is-layout-51f7783f wp-block-buttons-is-layout-flex\">\n<div class=\"wp-block-button has-custom-width wp-block-button__width-100 has-custom-font-size is-style-outline has-small-font-size is-style-outline--3\" style=\"text-transform:uppercase\"><a class=\"wp-block-button__link has-white-color has-text-color has-background wp-element-button\" href=\"https:\/\/wp.unil.ch\/connaissance3\/portrait\/publications\/programmes-strategiques\/\" style=\"background-color:#94c11f\">ProgrAMMES STRAT\u00c9GIQUES<\/a><\/div>\n<\/div>\n<\/div>\n<\/div>\n\n\n\n<div style=\"height:100px\" aria-hidden=\"true\" class=\"wp-block-spacer\"><\/div>\n\n\n\n<p><a href=\"https:\/\/wp.unil.ch\/connaissance3\/files\/2018\/01\/enquete-candidats-gd-conseilVD.pdf\" target=\"_blank\" rel=\"noopener noreferrer\">\u00ab\u00a0On est toujours le vieux de quelqu&rsquo;un\u00a0\u00bb. Campagne de sensibilisation aupr\u00e8s des candidat-e-s aux \u00e9lections cantonales vaudoises, mars 2017<\/a> \u2013 PDF<\/p>\n\n\n\n<hr class=\"wp-block-separator has-alpha-channel-opacity\" \/>\n\n\n\n<h2 class=\"wp-block-heading\">Apprentissage la vie durant \u2013 Lifelong learning<\/h2>\n\n\n\n<p>En plus de ses activit\u00e9s semestrielles, Connaissance 3 <a href=\"https:\/\/wp.unil.ch\/connaissance3\/recherche-citoyenne\/\">participe ou initie des projets de recherche<\/a>. Elle souhaite en effet avoir une part active dans la r\u00e9flexion autour des questions li\u00e9es au vieillissement.<\/p>\n\n\n\n<ul class=\"wp-block-list\">\n<li><a href=\"https:\/\/www.antipodes.ch\/produit\/a-la-retraite-les-cahiers-au-feu\/\" target=\"_blank\" rel=\"noopener noreferrer\">A la retraite, les cahiers au feu? Apprendre tout au long de la vie: enjeux et d\u00e9fis,<\/a> sous la dir. de Roland J. Campiche et Yves Dunant, \u00e9ds Antipodes, 2017<\/li>\n\n\n\n<li><a href=\"https:\/\/www.antipodes.ch\/produit\/adultes-aines-les-oublies-de-la-formation\/\" target=\"_blank\" rel=\"noopener noreferrer\">Adultes a\u00een\u00e9s. Les oubli\u00e9s de la formation<\/a>, Roland J. Campiche, Afi Sika Kuzeawu, \u00e9ds Antipodes, 2014<\/li>\n<\/ul>\n\n\n\n<hr class=\"wp-block-separator has-alpha-channel-opacity\" \/>\n\n\n\n<h2 class=\"wp-block-heading\">Collaboration \u00e9dition scientifique<\/h2>\n\n\n\n<p>Dans le cadre d\u2019un partenariat avec la <a rel=\"noopener noreferrer\" href=\"https:\/\/www.reiso.org\/\" target=\"_blank\">Revue d\u2019information sociale REISO<\/a>, les conf\u00e9renci\u00e8res et les conf\u00e9renciers de Connaissance 3, dont les th\u00e9matiques touchent \u00e0 l\u2019action sociale et \u00e0 la sant\u00e9 publique, proposent des articles autour de leur intervention.<\/p>\n\n\n\n<div class=\"wp-block-buttons is-layout-flex wp-block-buttons-is-layout-flex\">\n<div class=\"wp-block-button\"><a class=\"wp-block-button__link has-background wp-element-button\" href=\"https:\/\/wp.unil.ch\/connaissance3\/2019\/02\/articles-reiso\/\" style=\"background-color:#00aece\">Lire les articles REISO<\/a><\/div>\n<\/div>\n\n\n\n<hr class=\"wp-block-separator has-alpha-channel-opacity\" \/>\n\n\n\n<h3 class=\"wp-block-heading\">Partenariat avec l&rsquo;ECAL<\/h3>\n\n\n\n<p>En 2017-2018, pour f\u00eater le 20e anniversaire de sa constitution en fondation ind\u00e9pendante, Connaissance 3 a sollicit\u00e9 le D\u00e9partement cin\u00e9ma de l&rsquo;Ecole cantonal d&rsquo;art de Lausanne (ECAL) pour la r\u00e9alisation de courts-m\u00e9trages autour de la th\u00e9matique du vieillissement. Les \u00e9tudiants de premi\u00e8re ann\u00e9e de Bachelor Cin\u00e9ma ont ainsi propos\u00e9 onze films, onze regards jeunes sur le vieillissement, \u00e0 d\u00e9couvrir <a href=\"https:\/\/www.youtube.com\/playlist?list=PL4FfktLBgFV4en7mggp0AkshJrbyeEIVl\" target=\"_blank\" rel=\"noopener noreferrer\">sur notre cha\u00eene YouTube.<\/a> | En savoir plus sur ce projet: <a href=\"https:\/\/wp.unil.ch\/connaissance3\/files\/2018\/04\/1.CP-20ans-avril18.pdf\" target=\"_blank\" rel=\"noopener noreferrer\">communiqu\u00e9 de presse<\/a> (PDF)<\/p>\n\n\n\n<hr class=\"wp-block-separator has-alpha-channel-opacity\" \/>\n\n\n\n<h2 class=\"wp-block-heading\">Participation \u00e0 la production<\/h2>\n\n\n\n<p>Documentaire <a href=\"https:\/\/www.swissfilms.ch\/fr\/movie\/les-annees-schwarzenbach\/DECE9B9776984CB8961BC366C26AB07A\" target=\"_blank\" rel=\"noreferrer noopener\">Les ann\u00e9es Schwarzenbach<\/a>, 2010, 54 min<\/p>\n","protected":false},"excerpt":{"rendered":"<p>&nbsp;Documentation de Connaissance 3 \u00ab\u00a0On est toujours le vieux de quelqu&rsquo;un\u00a0\u00bb. Campagne de sensibilisation aupr\u00e8s des candidat-e-s aux \u00e9lections cantonales vaudoises, mars 2017 \u2013 PDF Apprentissage la vie durant \u2013 Lifelong learning En plus de ses activit\u00e9s semestrielles, Connaissance 3<\/p>\n","protected":false},"author":1136,"featured_media":0,"parent":1655,"menu_order":0,"comment_status":"closed","ping_status":"closed","template":"","meta":{"_seopress_robots_primary_cat":"","_seopress_titles_title":"","_seopress_titles_desc":"","_seopress_robots_index":"","footnotes":""},"class_list":["post-3916","page","type-page","status-publish"],"_links":{"self":[{"href":"https:\/\/wp.unil.ch\/connaissance3\/wp-json\/wp\/v2\/pages\/3916","targetHints":{"allow":["GET"]}}],"collection":[{"href":"https:\/\/wp.unil.ch\/connaissance3\/wp-json\/wp\/v2\/pages"}],"about":[{"href":"https:\/\/wp.unil.ch\/connaissance3\/wp-json\/wp\/v2\/types\/page"}],"author":[{"embeddable":true,"href":"https:\/\/wp.unil.ch\/connaissance3\/wp-json\/wp\/v2\/users\/1136"}],"replies":[{"embeddable":true,"href":"https:\/\/wp.unil.ch\/connaissance3\/wp-json\/wp\/v2\/comments?post=3916"}],"version-history":[{"count":5,"href":"https:\/\/wp.unil.ch\/connaissance3\/wp-json\/wp\/v2\/pages\/3916\/revisions"}],"predecessor-version":[{"id":30339,"href":"https:\/\/wp.unil.ch\/connaissance3\/wp-json\/wp\/v2\/pages\/3916\/revisions\/30339"}],"up":[{"embeddable":true,"href":"https:\/\/wp.unil.ch\/connaissance3\/wp-json\/wp\/v2\/pages\/1655"}],"wp:attachment":[{"href":"https:\/\/wp.unil.ch\/connaissance3\/wp-json\/wp\/v2\/media?parent=3916"}],"curies":[{"name":"wp","href":"https:\/\/api.w.org\/{rel}","templated":true}]}}