{"id":27606,"date":"2024-03-18T17:30:31","date_gmt":"2024-03-18T16:30:31","guid":{"rendered":"https:\/\/wp.unil.ch\/connaissance3\/?page_id=27606"},"modified":"2024-09-04T11:32:50","modified_gmt":"2024-09-04T09:32:50","slug":"vieillir2030","status":"publish","type":"page","link":"https:\/\/wp.unil.ch\/connaissance3\/plaidoyer\/vieillir2030\/","title":{"rendered":"Vieillir 2030: implication dans la politique de vieillesse cantonale"},"content":{"rendered":"\n<div class=\"wp-block-group\"><div class=\"wp-block-group__inner-container is-layout-constrained wp-block-group-is-layout-constrained\">\n<figure class=\"wp-block-image size-full is-resized\"><img alt=\"\" loading=\"lazy\" decoding=\"async\" width=\"1080\" height=\"700\" src=\"https:\/\/wp.unil.ch\/connaissance3\/files\/2024\/03\/Vieillir2030_plaidoyer.png\" alt=\"\" class=\"wp-image-27619\" style=\"width:300px\" srcset=\"https:\/\/wp.unil.ch\/connaissance3\/files\/2024\/03\/Vieillir2030_plaidoyer.png 1080w, https:\/\/wp.unil.ch\/connaissance3\/files\/2024\/03\/Vieillir2030_plaidoyer-300x194.png 300w, https:\/\/wp.unil.ch\/connaissance3\/files\/2024\/03\/Vieillir2030_plaidoyer-1024x664.png 1024w, https:\/\/wp.unil.ch\/connaissance3\/files\/2024\/03\/Vieillir2030_plaidoyer-180x117.png 180w, https:\/\/wp.unil.ch\/connaissance3\/files\/2024\/03\/Vieillir2030_plaidoyer-768x498.png 768w\" sizes=\"auto, (max-width: 1080px) 100vw, 1080px\" \/><\/figure>\n\n\n\n<p><strong>Connaissance 3 est int\u00e9gr\u00e9e au processus participatif au c\u0153ur de la strat\u00e9gie cantonale <a href=\"https:\/\/www.vd.ch\/themes\/population\/seniors\/politique-cantonale-de-la-vieillesse\" target=\"_blank\" rel=\"noreferrer noopener\">Vieillir 2030<\/a>. Depuis 2022, ce sont plus d&rsquo;une dizaine de personnes de la fondation qui s&rsquo;engagent dans la mise en place de cette politique.<\/strong><\/p>\n\n\n\n<div style=\"height:46px\" aria-hidden=\"true\" class=\"wp-block-spacer\"><\/div>\n\n\n\n<h2 class=\"wp-block-heading\"><mark style=\"background-color:#ffffff;color:#00acc8\" class=\"has-inline-color\">Vieillir 2030 en bref<\/mark><\/h2>\n\n\n\n<p>Cette strat\u00e9gie est \u00e9labor\u00e9e par le D\u00e9partement de la sant\u00e9 et de l\u2019action sociale (DSAS) afin de renforcer la politique vaudoise de la vieillesse. C&rsquo;est avec le soutien de plus de 300 professionnelles et professionnels du domaine socio-sanitaire, expert\u00b7es acad\u00e9miques, repr\u00e9sentant\u00b7es communaux ainsi que des seniors que cette politique a \u00e9t\u00e9 conceptualis\u00e9e.<\/p>\n\n\n\n<p>Le but de Vieillir 2030 est d\u2019am\u00e9liorer la qualit\u00e9 de vie des seniors et favoriser le vieillissement en sant\u00e9, le bien vieillir en communaut\u00e9, la bonne int\u00e9gration des seniors dans la soci\u00e9t\u00e9, la coh\u00e9sion sociale et la bienveillance entre les g\u00e9n\u00e9rations. Il s&rsquo;agit aussi de rallier les acteurs actifs dans le domaine de la vieillesse autour d&rsquo;une vision commune et de pr\u00e9parer les institutions des domaines du social et de la sant\u00e9 aux changements structurels des prochaines ann\u00e9es, impos\u00e9s par le vieillissement d\u00e9mographique.<\/p>\n\n\n\n<p>Cette politique se base sur 6 axes strat\u00e9giques qui guident l\u2019action du DSAS et de ses partenaires. Les objectifs de ces 6 axes se concr\u00e9tiseront \u00e0 travers plus de 70 mesures et environ <a href=\"https:\/\/www.vd.ch\/population\/seniors\/politique-cantonale-de-la-vieillesse\/presentation-des-projets\" target=\"_blank\" rel=\"noreferrer noopener\">40 projets pilotes cantonaux et r\u00e9gionaux<\/a>.<\/p>\n\n\n\n<div class=\"wp-block-columns is-layout-flex wp-container-core-columns-is-layout-9d6595d7 wp-block-columns-is-layout-flex\">\n<div class=\"wp-block-column is-layout-flow wp-block-column-is-layout-flow\" style=\"flex-basis:66.66%\">\n<ol class=\"wp-block-list\">\n<li>Renforcer l\u2019acc\u00e8s aux prestations socio-sanitaires des seniors et de leurs proches.<\/li>\n\n\n\n<li>Am\u00e9liorer l\u2019accompagnement des seniors lors des transitions dans leur parcours de vie, telles que la retraite ou la fin de vie.<\/li>\n\n\n\n<li>Valoriser la participation des seniors \u00e0 la vie en soci\u00e9t\u00e9 et pr\u00e9server ou cr\u00e9er des liens sociaux.<\/li>\n\n\n\n<li>Favoriser l\u2019autonomie et la dignit\u00e9 dans le vieillissement.<\/li>\n\n\n\n<li>Proposer des environnements de vie et des habitats diversifi\u00e9s.<\/li>\n\n\n\n<li>Assurer la gouvernance et garantir la qualit\u00e9, l\u2019\u00e9conomicit\u00e9 et la s\u00e9curit\u00e9 des prestations.<\/li>\n<\/ol>\n\n\n\n<p><\/p>\n\n\n\n<div class=\"wp-block-buttons is-content-justification-center is-layout-flex wp-container-core-buttons-is-layout-16018d1d wp-block-buttons-is-layout-flex\">\n<div class=\"wp-block-button\"><a class=\"wp-block-button__link has-background wp-element-button\" href=\"https:\/\/www.vd.ch\/themes\/population\/seniors\/politique-cantonale-de-la-vieillesse\" style=\"background-color:#00acc8\" target=\"_blank\" rel=\"noreferrer noopener\">Plus d&rsquo;informations<\/a><\/div>\n<\/div>\n\n\n\n<div style=\"height:55px\" aria-hidden=\"true\" class=\"wp-block-spacer\"><\/div>\n<\/div>\n\n\n\n<div class=\"wp-block-column is-layout-flow wp-block-column-is-layout-flow\" style=\"flex-basis:33.33%\"><div class=\"wp-block-image\">\n<figure class=\"aligncenter size-large is-resized\"><a href=\"https:\/\/issuu.com\/etatdevaud\/docs\/vieillir_2030_interieur_strategie_a4_18.01.2024_we\" target=\"_blank\" rel=\"noreferrer noopener\"><img alt=\"\" loading=\"lazy\" decoding=\"async\" width=\"724\" height=\"1024\" src=\"https:\/\/wp.unil.ch\/connaissance3\/files\/2024\/03\/Brochure_Vieillir2030-724x1024.png\" alt=\"\" class=\"wp-image-27644\" style=\"width:245px;height:auto\" srcset=\"https:\/\/wp.unil.ch\/connaissance3\/files\/2024\/03\/Brochure_Vieillir2030-724x1024.png 724w, https:\/\/wp.unil.ch\/connaissance3\/files\/2024\/03\/Brochure_Vieillir2030-212x300.png 212w, https:\/\/wp.unil.ch\/connaissance3\/files\/2024\/03\/Brochure_Vieillir2030-127x180.png 127w, https:\/\/wp.unil.ch\/connaissance3\/files\/2024\/03\/Brochure_Vieillir2030-768x1086.png 768w, https:\/\/wp.unil.ch\/connaissance3\/files\/2024\/03\/Brochure_Vieillir2030.png 849w\" sizes=\"auto, (max-width: 724px) 100vw, 724px\" \/><\/a><\/figure>\n<\/div><\/div>\n<\/div>\n<\/div><\/div>\n\n\n\n<p>Le 27 juin 2024, un Conseil consultatif des seniors a \u00e9t\u00e9 constitu\u00e9 sur tirage au sort parmi les 481 candidatures d\u00e9pos\u00e9es. Organe de consultation du DSAS, il a pour mission de servir de relais de la voix des seniors dans le canton. Il est compos\u00e9 de 25 personnes retrait\u00e9es habitant le canton de Vaud.<br><a href=\"https:\/\/www.vd.ch\/population\/seniors\/politique-cantonale-de-la-vieillesse\/gouvernance-vieillir-2030#c2104464\" target=\"_blank\" rel=\"noreferrer noopener\">Plus d&rsquo;informations<\/a><\/p>\n\n\n\n<div style=\"height:66px\" aria-hidden=\"true\" class=\"wp-block-spacer\"><\/div>\n\n\n\n<div class=\"su-note\"  style=\"border-color:#e5e5e5;border-radius:13px;-moz-border-radius:13px;-webkit-border-radius:13px;\"><div class=\"su-note-inner su-u-clearfix su-u-trim\" style=\"background-color:#ffffff;border-color:#ffffff;color:#333333;border-radius:13px;-moz-border-radius:13px;-webkit-border-radius:13px;\">\n\n\n\n<h2 class=\"wp-block-heading has-text-color has-link-color wp-elements-9d90d5f7933be1e84ce57cbe270230a9\" style=\"color:#00acc8\">Le r\u00f4le de Connaissance 3<\/h2>\n\n\n\n<p><strong>Dans ce cadre, Connaissance 3 travaille \u00e0 lutter contre l&rsquo;\u00e2gisme et faire reconna\u00eetre l&rsquo;importance de la formation tout au long de la vie. Ses actions \u00e9tant situ\u00e9es transversalement dans les axes 3 et 4, la fondation \u0153uvre, depuis le d\u00e9but du processus participatif, pour une plus grande consid\u00e9ration des comp\u00e9tences des seniors et leur apport \u00e0 la soci\u00e9t\u00e9 ainsi qu&rsquo;un soutien et une reconnaissance de la formation tout au long de la vie comme un facteur important d&rsquo;insertion sociale et d&rsquo;autonomie. <\/strong><\/p>\n\n\n\n<p><strong>Cet engagement s&rsquo;exprime notamment par l&rsquo;inscription de deux mesures concr\u00e8tes dans les lignes directrices de Vieillir 2030: <\/strong><\/p>\n\n\n\n<ul class=\"wp-block-list\">\n<li><strong>Soutenir des projets artistiques, culturels, p\u00e9dagogiques ou des \u00e9v\u00e9nements visant \u00e0 valoriser les seniors et lutter contre l\u2019\u00e2gisme.<\/strong><\/li>\n\n\n\n<li><strong>Soutenir l\u2019offre de formation par et pour les seniors, toute offre qui facilite leur int\u00e9gration et leur vie sociale, et la valoriser.<\/strong><\/li>\n<\/ul>\n\n\n\n<\/div><\/div>\n\n\n\n<div class=\"wp-block-buttons is-content-justification-center is-layout-flex wp-container-core-buttons-is-layout-16018d1d wp-block-buttons-is-layout-flex\">\n<div class=\"wp-block-button\"><a class=\"wp-block-button__link has-background wp-element-button\" href=\"https:\/\/wp.unil.ch\/connaissance3\/plaidoyer\/\" style=\"background-color:#00acc8\">Retourner sur la page plaidoyer<\/a><\/div>\n<\/div>\n","protected":false},"excerpt":{"rendered":"<p>Connaissance 3 est int\u00e9gr\u00e9e au processus participatif au c\u0153ur de la strat\u00e9gie cantonale Vieillir 2030. Depuis 2022, ce sont plus d&rsquo;une dizaine de personnes de la fondation qui s&rsquo;engagent dans la mise en place de cette politique. Vieillir 2030 en<\/p>\n","protected":false},"author":1136,"featured_media":27619,"parent":27577,"menu_order":0,"comment_status":"closed","ping_status":"closed","template":"","meta":{"_seopress_robots_primary_cat":"","_seopress_titles_title":"","_seopress_titles_desc":"","_seopress_robots_index":"","footnotes":""},"class_list":["post-27606","page","type-page","status-publish","has-post-thumbnail"],"_links":{"self":[{"href":"https:\/\/wp.unil.ch\/connaissance3\/wp-json\/wp\/v2\/pages\/27606","targetHints":{"allow":["GET"]}}],"collection":[{"href":"https:\/\/wp.unil.ch\/connaissance3\/wp-json\/wp\/v2\/pages"}],"about":[{"href":"https:\/\/wp.unil.ch\/connaissance3\/wp-json\/wp\/v2\/types\/page"}],"author":[{"embeddable":true,"href":"https:\/\/wp.unil.ch\/connaissance3\/wp-json\/wp\/v2\/users\/1136"}],"replies":[{"embeddable":true,"href":"https:\/\/wp.unil.ch\/connaissance3\/wp-json\/wp\/v2\/comments?post=27606"}],"version-history":[{"count":5,"href":"https:\/\/wp.unil.ch\/connaissance3\/wp-json\/wp\/v2\/pages\/27606\/revisions"}],"predecessor-version":[{"id":29117,"href":"https:\/\/wp.unil.ch\/connaissance3\/wp-json\/wp\/v2\/pages\/27606\/revisions\/29117"}],"up":[{"embeddable":true,"href":"https:\/\/wp.unil.ch\/connaissance3\/wp-json\/wp\/v2\/pages\/27577"}],"wp:featuredmedia":[{"embeddable":true,"href":"https:\/\/wp.unil.ch\/connaissance3\/wp-json\/wp\/v2\/media\/27619"}],"wp:attachment":[{"href":"https:\/\/wp.unil.ch\/connaissance3\/wp-json\/wp\/v2\/media?parent=27606"}],"curies":[{"name":"wp","href":"https:\/\/api.w.org\/{rel}","templated":true}]}}

<div class="wp-block-group"><div class="wp-block-group__inner-container is-layout-constrained wp-block-group-is-layout-constrained">
<figure class="wp-block-image size-full is-resized"><img alt="" loading="lazy" decoding="async" width="1080" height="700" src="https://wp.unil.ch/connaissance3/files/2024/03/Vieillir2030_plaidoyer.png" alt="" class="wp-image-27619" style="width:300px" srcset="https://wp.unil.ch/connaissance3/files/2024/03/Vieillir2030_plaidoyer.png 1080w, https://wp.unil.ch/connaissance3/files/2024/03/Vieillir2030_plaidoyer-300x194.png 300w, https://wp.unil.ch/connaissance3/files/2024/03/Vieillir2030_plaidoyer-1024x664.png 1024w, https://wp.unil.ch/connaissance3/files/2024/03/Vieillir2030_plaidoyer-180x117.png 180w, https://wp.unil.ch/connaissance3/files/2024/03/Vieillir2030_plaidoyer-768x498.png 768w" sizes="auto, (max-width: 1080px) 100vw, 1080px" /></figure>



<p><strong>Connaissance 3 est intégrée au processus participatif au cœur de la stratégie cantonale <a href="https://www.vd.ch/themes/population/seniors/politique-cantonale-de-la-vieillesse" target="_blank" rel="noreferrer noopener">Vieillir 2030</a>. Depuis 2022, ce sont plus d&rsquo;une dizaine de personnes de la fondation qui s&rsquo;engagent dans la mise en place de cette politique.</strong></p>



<div style="height:46px" aria-hidden="true" class="wp-block-spacer"></div>



<h2 class="wp-block-heading"><mark style="background-color:#ffffff;color:#00acc8" class="has-inline-color">Vieillir 2030 en bref</mark></h2>



<p>Cette stratégie est élaborée par le Département de la santé et de l’action sociale (DSAS) afin de renforcer la politique vaudoise de la vieillesse. C&rsquo;est avec le soutien de plus de 300 professionnelles et professionnels du domaine socio-sanitaire, expert·es académiques, représentant·es communaux ainsi que des seniors que cette politique a été conceptualisée.</p>



<p>Le but de Vieillir 2030 est d’améliorer la qualité de vie des seniors et favoriser le vieillissement en santé, le bien vieillir en communauté, la bonne intégration des seniors dans la société, la cohésion sociale et la bienveillance entre les générations. Il s&rsquo;agit aussi de rallier les acteurs actifs dans le domaine de la vieillesse autour d&rsquo;une vision commune et de préparer les institutions des domaines du social et de la santé aux changements structurels des prochaines années, imposés par le vieillissement démographique.</p>



<p>Cette politique se base sur 6 axes stratégiques qui guident l’action du DSAS et de ses partenaires. Les objectifs de ces 6 axes se concrétiseront à travers plus de 70 mesures et environ <a href="https://www.vd.ch/population/seniors/politique-cantonale-de-la-vieillesse/presentation-des-projets" target="_blank" rel="noreferrer noopener">40 projets pilotes cantonaux et régionaux</a>.</p>



<div class="wp-block-columns is-layout-flex wp-container-core-columns-is-layout-9d6595d7 wp-block-columns-is-layout-flex">
<div class="wp-block-column is-layout-flow wp-block-column-is-layout-flow" style="flex-basis:66.66%">
<ol class="wp-block-list">
<li>Renforcer l’accès aux prestations socio-sanitaires des seniors et de leurs proches.</li>



<li>Améliorer l’accompagnement des seniors lors des transitions dans leur parcours de vie, telles que la retraite ou la fin de vie.</li>



<li>Valoriser la participation des seniors à la vie en société et préserver ou créer des liens sociaux.</li>



<li>Favoriser l’autonomie et la dignité dans le vieillissement.</li>



<li>Proposer des environnements de vie et des habitats diversifiés.</li>



<li>Assurer la gouvernance et garantir la qualité, l’économicité et la sécurité des prestations.</li>
</ol>



<p></p>



<div class="wp-block-buttons is-content-justification-center is-layout-flex wp-container-core-buttons-is-layout-16018d1d wp-block-buttons-is-layout-flex">
<div class="wp-block-button"><a class="wp-block-button__link has-background wp-element-button" href="https://www.vd.ch/themes/population/seniors/politique-cantonale-de-la-vieillesse" style="background-color:#00acc8" target="_blank" rel="noreferrer noopener">Plus d&rsquo;informations</a></div>
</div>



<div style="height:55px" aria-hidden="true" class="wp-block-spacer"></div>
</div>



<div class="wp-block-column is-layout-flow wp-block-column-is-layout-flow" style="flex-basis:33.33%"><div class="wp-block-image">
<figure class="aligncenter size-large is-resized"><a href="https://issuu.com/etatdevaud/docs/vieillir_2030_interieur_strategie_a4_18.01.2024_we" target="_blank" rel="noreferrer noopener"><img alt="" loading="lazy" decoding="async" width="724" height="1024" src="https://wp.unil.ch/connaissance3/files/2024/03/Brochure_Vieillir2030-724x1024.png" alt="" class="wp-image-27644" style="width:245px;height:auto" srcset="https://wp.unil.ch/connaissance3/files/2024/03/Brochure_Vieillir2030-724x1024.png 724w, https://wp.unil.ch/connaissance3/files/2024/03/Brochure_Vieillir2030-212x300.png 212w, https://wp.unil.ch/connaissance3/files/2024/03/Brochure_Vieillir2030-127x180.png 127w, https://wp.unil.ch/connaissance3/files/2024/03/Brochure_Vieillir2030-768x1086.png 768w, https://wp.unil.ch/connaissance3/files/2024/03/Brochure_Vieillir2030.png 849w" sizes="auto, (max-width: 724px) 100vw, 724px" /></a></figure>
</div></div>
</div>
</div></div>



<p>Le 27 juin 2024, un Conseil consultatif des seniors a été constitué sur tirage au sort parmi les 481 candidatures déposées. Organe de consultation du DSAS, il a pour mission de servir de relais de la voix des seniors dans le canton. Il est composé de 25 personnes retraitées habitant le canton de Vaud.<br><a href="https://www.vd.ch/population/seniors/politique-cantonale-de-la-vieillesse/gouvernance-vieillir-2030#c2104464" target="_blank" rel="noreferrer noopener">Plus d&rsquo;informations</a></p>



<div style="height:66px" aria-hidden="true" class="wp-block-spacer"></div>



<div class="su-note"  style="border-color:#e5e5e5;border-radius:13px;-moz-border-radius:13px;-webkit-border-radius:13px;"><div class="su-note-inner su-u-clearfix su-u-trim" style="background-color:#ffffff;border-color:#ffffff;color:#333333;border-radius:13px;-moz-border-radius:13px;-webkit-border-radius:13px;">



<h2 class="wp-block-heading has-text-color has-link-color wp-elements-9d90d5f7933be1e84ce57cbe270230a9" style="color:#00acc8">Le rôle de Connaissance 3</h2>



<p><strong>Dans ce cadre, Connaissance 3 travaille à lutter contre l&rsquo;âgisme et faire reconnaître l&rsquo;importance de la formation tout au long de la vie. Ses actions étant situées transversalement dans les axes 3 et 4, la fondation œuvre, depuis le début du processus participatif, pour une plus grande considération des compétences des seniors et leur apport à la société ainsi qu&rsquo;un soutien et une reconnaissance de la formation tout au long de la vie comme un facteur important d&rsquo;insertion sociale et d&rsquo;autonomie. </strong></p>



<p><strong>Cet engagement s&rsquo;exprime notamment par l&rsquo;inscription de deux mesures concrètes dans les lignes directrices de Vieillir 2030: </strong></p>



<ul class="wp-block-list">
<li><strong>Soutenir des projets artistiques, culturels, pédagogiques ou des événements visant à valoriser les seniors et lutter contre l’âgisme.</strong></li>



<li><strong>Soutenir l’offre de formation par et pour les seniors, toute offre qui facilite leur intégration et leur vie sociale, et la valoriser.</strong></li>
</ul>



</div></div>



<div class="wp-block-buttons is-content-justification-center is-layout-flex wp-container-core-buttons-is-layout-16018d1d wp-block-buttons-is-layout-flex">
<div class="wp-block-button"><a class="wp-block-button__link has-background wp-element-button" href="https://wp.unil.ch/connaissance3/plaidoyer/" style="background-color:#00acc8">Retourner sur la page plaidoyer</a></div>
</div>

<p>Connaissance 3 est intégrée au processus participatif au cœur de la stratégie cantonale Vieillir 2030. Depuis 2022, ce sont plus d&rsquo;une dizaine de personnes de la fondation qui s&rsquo;engagent dans la mise en place de cette politique. Vieillir 2030 en</p>
