{"id":715,"date":"2024-09-16T12:20:22","date_gmt":"2024-09-16T10:20:22","guid":{"rendered":"https:\/\/wp.unil.ch\/collectif-televisuel\/?page_id=715"},"modified":"2025-05-01T15:10:22","modified_gmt":"2025-05-01T13:10:22","slug":"mireille-berton","status":"publish","type":"page","link":"https:\/\/wp.unil.ch\/collectif-televisuel\/personnes\/mireille-berton\/","title":{"rendered":"Mireille Berton"},"content":{"rendered":"\n<h2 class=\"wp-block-heading\">Mireille Berton<\/h2>\n\n\n\n<p><strong>Mireille Berton<\/strong> est ma\u00eetre d\u2019enseignement et de recherche \u00e0 la section d\u2019<a href=\"https:\/\/www.unil.ch\/cin\/fr\/home.html\" target=\"_blank\" rel=\"noreferrer noopener\">Histoire et esth\u00e9tique du cin\u00e9ma<\/a> \u00e0 l&rsquo;Universit\u00e9 de Lausanne. Ses recherches portent principalement sur l\u2019histoire culturelle des spectatrices\u00b7eurs, et les relations entre le cin\u00e9ma et les savoirs psy (psychiatrie, psychanalyse, parapsychologie). Elle dirige actuellement un projet FNS <a href=\"https:\/\/waldau.hypotheses.org\/a-propos\" target=\"_blank\" rel=\"noreferrer noopener\">Cin\u00e9ma et (neuro)psychiatrie en Suisse&nbsp;: autour de la collection Waldau (1920-1990)<\/a> (2021-2025), qui \u00e9tudie les pratiques filmiques de neurologues et psychiatres destin\u00e9es \u00e0 la recherche.<\/p>\n\n\n\n<p>Elle travaille et enseigne \u00e9galement sur les s\u00e9ries t\u00e9l\u00e9vis\u00e9es. Elle a dirig\u00e9 une douzaine de m\u00e9moires de ma\u00eetrise, principalement bas\u00e9s sur les enseignements qu\u2019elle dispense. Dans le domaine des \u00e9tudes t\u00e9l\u00e9visuelles, elle a publi\u00e9 plusieurs articles (<em>Arkhai<\/em>, <em>TV\/Series<\/em>, <em>T\u00e9l\u00e9vision<\/em>, <em>Cahiers de Narratologie<\/em>, etc.) et co\u00e9dit\u00e9 un ouvrage avec Anne-Katrin Weber (<a href=\"https:\/\/www.antipodes.ch\/produit\/la-tlvision-du-tlphonoscope-youtube\/\" target=\"_blank\" rel=\"noreferrer noopener\"><em>La T\u00e9l\u00e9vision du T\u00e9l\u00e9phonoscope \u00e0 YouTube. Pour une arch\u00e9ologie de l\u2019audiovision<\/em>, Antipodes, 2009<\/a>) ainsi qu\u2019un num\u00e9ro de revue (\u00ab&nbsp;<a href=\"https:\/\/www.decadrages.ch\/collection\/32-33-series-televisees-contemporaines\" target=\"_blank\" rel=\"noreferrer noopener\">Les s\u00e9ries t\u00e9l\u00e9vis\u00e9es contemporaines&nbsp;\u00bb, <em>D\u00e9cadrages. Cin\u00e9ma \u00e0 travers champs,<\/em> printemps 2016, avec Sylvain Portmann<\/a>).<\/p>\n\n\n\n<p>Avec <a href=\"https:\/\/wp.unil.ch\/collectif-televisuel\/personnes\/anne-katrin-weber\/\" data-type=\"page\" data-id=\"639\">Anne-Katrin Weber<\/a>, elle dirige d\u00e9sormais <a href=\"https:\/\/wp.unil.ch\/collectif-televisuel\/activitesactuelles\/collection-medias-et-histoire\/\" data-type=\"page\" data-id=\"1794\">la collection M\u00e9dias et Histoire<\/a><a href=\"https:\/\/wp.unil.ch\/collectif-televisuel\/activitesactuelles\/collection-medias-et-histoire-editions-antipodes\/\" data-type=\"page\" data-id=\"1794\"> <\/a>des <a href=\"https:\/\/www.antipodes.ch\/\" target=\"_blank\" rel=\"noreferrer noopener\">\u00c9ditions Antipodes<\/a>.<\/p>\n\n\n\n<p><a href=\"https:\/\/www.unil.ch\/cin\/fr\/home\/menuinst\/collaborateurstrices\/berton-mireille.html?url_params=-v_faculte=30-v_unite=104-v_personne=920957-v_publication=true-v_menu=pub-mode=fiche-bibauthor=mberton&amp;pubsIdParam=bc142e6aa0514ba7a7e4b221b95deb17&amp;showFrom=auto\" target=\"_blank\" rel=\"noreferrer noopener\">Page institutionnelle<\/a> \u00a0<\/p>\n\n\n\n<p><a href=\"https:\/\/orcid.org\/0000-0003-4701-7670\" target=\"_blank\" rel=\"noreferrer noopener\">ORCID<\/a>&nbsp;<\/p>\n\n\n\n<p><\/p>\n","protected":false},"excerpt":{"rendered":"<p>Mireille Berton Mireille Berton est ma\u00eetre d\u2019enseignement et de recherche \u00e0 la section d\u2019Histoire et esth\u00e9tique du cin\u00e9ma \u00e0 l&rsquo;Universit\u00e9 de Lausanne. Ses recherches portent principalement sur l\u2019histoire&hellip;<\/p>\n","protected":false},"author":1002804,"featured_media":0,"parent":219,"menu_order":0,"comment_status":"closed","ping_status":"closed","template":"template-full-width.php","meta":{"_seopress_robots_primary_cat":"","_seopress_titles_title":"","_seopress_titles_desc":"","_seopress_robots_index":"","footnotes":""},"class_list":["post-715","page","type-page","status-publish","has-post-thumbnail"],"_links":{"self":[{"href":"https:\/\/wp.unil.ch\/collectif-televisuel\/wp-json\/wp\/v2\/pages\/715","targetHints":{"allow":["GET"]}}],"collection":[{"href":"https:\/\/wp.unil.ch\/collectif-televisuel\/wp-json\/wp\/v2\/pages"}],"about":[{"href":"https:\/\/wp.unil.ch\/collectif-televisuel\/wp-json\/wp\/v2\/types\/page"}],"author":[{"embeddable":true,"href":"https:\/\/wp.unil.ch\/collectif-televisuel\/wp-json\/wp\/v2\/users\/1002804"}],"replies":[{"embeddable":true,"href":"https:\/\/wp.unil.ch\/collectif-televisuel\/wp-json\/wp\/v2\/comments?post=715"}],"version-history":[{"count":5,"href":"https:\/\/wp.unil.ch\/collectif-televisuel\/wp-json\/wp\/v2\/pages\/715\/revisions"}],"predecessor-version":[{"id":2212,"href":"https:\/\/wp.unil.ch\/collectif-televisuel\/wp-json\/wp\/v2\/pages\/715\/revisions\/2212"}],"up":[{"embeddable":true,"href":"https:\/\/wp.unil.ch\/collectif-televisuel\/wp-json\/wp\/v2\/pages\/219"}],"wp:attachment":[{"href":"https:\/\/wp.unil.ch\/collectif-televisuel\/wp-json\/wp\/v2\/media?parent=715"}],"curies":[{"name":"wp","href":"https:\/\/api.w.org\/{rel}","templated":true}]}}