{"id":656,"date":"2024-09-12T19:03:14","date_gmt":"2024-09-12T17:03:14","guid":{"rendered":"https:\/\/wp.unil.ch\/collectif-televisuel\/?page_id=656"},"modified":"2025-02-11T17:53:17","modified_gmt":"2025-02-11T16:53:17","slug":"operative-tv","status":"publish","type":"page","link":"https:\/\/wp.unil.ch\/collectif-televisuel\/recherches\/operative-tv\/","title":{"rendered":"Operative TV: Audiovisual Closed-Circuits from the Military to the Classroom, 1930s\u20131990s\u00a0\u00a0"},"content":{"rendered":"\n<div class=\"wp-block-cover alignfull has-parallax wp-duotone-000000-rgb1280255-1\" style=\"min-height:300px;aspect-ratio:unset;\"><span aria-hidden=\"true\" class=\"wp-block-cover__background has-background-dim-0 has-background-dim\" style=\"background-color:#f1f5c7\"><\/span><div class=\"wp-block-cover__image-background wp-image-1815 has-parallax\" style=\"background-position:50% 50%;background-image:url(https:\/\/wp.unil.ch\/collectif-televisuel\/files\/2025\/01\/soutenance-Roxane.jpeg)\"><\/div><div class=\"wp-block-cover__inner-container is-layout-flow wp-block-cover-is-layout-flow\">\n<h1 class=\"wp-block-heading has-text-align-center has-larger-font-size\"><strong> Operative TV: Audiovisual Closed-Circuits from the Military to the Classroom, 1930s\u20131990s <\/strong><\/h1>\n<\/div><\/div>\n\n\n\n<p>\u00c9quipe: <a href=\"https:\/\/wp.unil.ch\/collectif-televisuel\/personnes\/anne-katrin-weber\/\" data-type=\"page\" data-id=\"639\">Anne-Katrin Weber<\/a> (PI), <a href=\"https:\/\/wp.unil.ch\/collectif-televisuel\/personnes\/marie-sandoz\/\" data-type=\"page\" data-id=\"649\">Marie Sandoz<\/a> (Postdoc), <a href=\"https:\/\/wp.unil.ch\/collectif-televisuel\/personnes\/lisa-cronjager\/\" data-type=\"page\" data-id=\"652\">Lisa Cronj\u00e4ger <\/a>(Postdoc)<\/p>\n\n\n\n<p>De la vid\u00e9osurveillance \u00e0 l&rsquo;enseignement en ligne, de la gestion des autoroutes \u00e0 la t\u00e9l\u00e9m\u00e9decine : les images en circuit ferm\u00e9 occupent aujourd&rsquo;hui de multiples espaces. Malgr\u00e9 leur caract\u00e8re quotidien, leur histoire reste largement m\u00e9connue. Le projet <a href=\"https:\/\/data.snf.ch\/grants\/grant\/208503\" target=\"_blank\" rel=\"noreferrer noopener\">FNS-PRIMA <em>Operative TV <\/em><\/a>poursuit l&rsquo;objectif de combler cette lacune de la recherche en proposant une \u00e9tude des circuits ferm\u00e9s audiovisuels dans la longue dur\u00e9e. Il examine la diversit\u00e9 des circuits ferm\u00e9s entre les ann\u00e9es 1930 et 1990 et d\u00e9veloppe des \u00e9tudes de cas aux \u00c9tats-Unis, en France, au Royaume-Uni, en Allemagne et en Suisse &#8211; des pays cruciaux pour le d\u00e9veloppement des circuits ferm\u00e9s et qui donnent acc\u00e8s \u00e0 des ressources pour \u00e9crire l&rsquo;histoire d&rsquo;un m\u00e9dia dont les images ont \u00e9t\u00e9 con\u00e7ues comme des instruments plut\u00f4t que comme des repr\u00e9sentations.&nbsp;&nbsp;<\/p>\n\n\n\n<div class=\"wp-block-buttons is-layout-flex wp-block-buttons-is-layout-flex\">\n<div class=\"wp-block-button has-custom-font-size is-style-outline has-normal-font-size is-style-outline--2\" style=\"text-transform:uppercase\"><a class=\"wp-block-button__link wp-element-button\" href=\"https:\/\/app.dasch.swiss\/project\/8faW0HwsTgGzu98tCYClig\" target=\"_blank\" rel=\"noreferrer noopener\">Base de donn\u00e9es DASCH <em>Operative TV<\/em> <\/a><\/div>\n\n\n\n<div class=\"wp-block-button has-custom-font-size is-style-outline has-normal-font-size is-style-outline--3\" style=\"text-transform:uppercase\"><a class=\"wp-block-button__link wp-element-button\" href=\"https:\/\/wp.unil.ch\/collectif-televisuel\/recherches\/operative-tv\/les-circuits-de-la-television\/\">Conf\u00e9rence internationale <em>Les circuits de la t\u00e9l\u00e9vision<\/em>, 2025<\/a><\/div>\n<\/div>\n\n\n\n<div class=\"wp-block-buttons is-layout-flex wp-block-buttons-is-layout-flex\"><\/div>\n\n\n\n<figure class=\"wp-block-image size-large\"><img alt=\"\" loading=\"lazy\" decoding=\"async\" width=\"1024\" height=\"679\" src=\"https:\/\/wp.unil.ch\/collectif-televisuel\/files\/2024\/09\/photo-Operative-TV_Schanzenpost-Bern-1024x679.jpg\" alt=\"\" class=\"wp-image-541\" srcset=\"https:\/\/wp.unil.ch\/collectif-televisuel\/files\/2024\/09\/photo-Operative-TV_Schanzenpost-Bern-1024x679.jpg 1024w, https:\/\/wp.unil.ch\/collectif-televisuel\/files\/2024\/09\/photo-Operative-TV_Schanzenpost-Bern-300x199.jpg 300w, https:\/\/wp.unil.ch\/collectif-televisuel\/files\/2024\/09\/photo-Operative-TV_Schanzenpost-Bern-768x509.jpg 768w, https:\/\/wp.unil.ch\/collectif-televisuel\/files\/2024\/09\/photo-Operative-TV_Schanzenpost-Bern-1536x1018.jpg 1536w, https:\/\/wp.unil.ch\/collectif-televisuel\/files\/2024\/09\/photo-Operative-TV_Schanzenpost-Bern-540x358.jpg 540w, https:\/\/wp.unil.ch\/collectif-televisuel\/files\/2024\/09\/photo-Operative-TV_Schanzenpost-Bern-1080x716.jpg 1080w, https:\/\/wp.unil.ch\/collectif-televisuel\/files\/2024\/09\/photo-Operative-TV_Schanzenpost-Bern.jpg 1810w\" sizes=\"auto, (max-width: 1024px) 100vw, 1024px\" \/><figcaption class=\"wp-element-caption\">Installation de t\u00e9l\u00e9vision de la poste \u00e0 Berne (Schanzenpost), 1968. Photographe : Hans Krebs. Biblioth\u00e8que de l&rsquo;ETH Zurich, archives photographiques. Com_L17-0735-0003-0002 \/ CC BY-SA 4.0 <\/figcaption><\/figure>\n\n\n<div class=\"wp-block-image\">\n<figure class=\"alignright size-full is-resized\"><img alt=\"\" loading=\"lazy\" decoding=\"async\" width=\"573\" height=\"130\" src=\"https:\/\/wp.unil.ch\/collectif-televisuel\/files\/2024\/09\/SNSF-logo.jpg\" alt=\"\" class=\"wp-image-986\" style=\"width:460px;height:auto\" srcset=\"https:\/\/wp.unil.ch\/collectif-televisuel\/files\/2024\/09\/SNSF-logo.jpg 573w, https:\/\/wp.unil.ch\/collectif-televisuel\/files\/2024\/09\/SNSF-logo-300x68.jpg 300w, https:\/\/wp.unil.ch\/collectif-televisuel\/files\/2024\/09\/SNSF-logo-18x4.jpg 18w, https:\/\/wp.unil.ch\/collectif-televisuel\/files\/2024\/09\/SNSF-logo-540x123.jpg 540w\" sizes=\"auto, (max-width: 573px) 100vw, 573px\" \/><\/figure>\n<\/div>","protected":false},"excerpt":{"rendered":"<p>\u00c9quipe: Anne-Katrin Weber (PI), Marie Sandoz (Postdoc), Lisa Cronj\u00e4ger (Postdoc) De la vid\u00e9osurveillance \u00e0 l&rsquo;enseignement en ligne, de la gestion des autoroutes \u00e0 la t\u00e9l\u00e9m\u00e9decine : les images&hellip;<\/p>\n","protected":false},"author":1001449,"featured_media":0,"parent":170,"menu_order":0,"comment_status":"closed","ping_status":"closed","template":"template-full-width.php","meta":{"_seopress_robots_primary_cat":"","_seopress_titles_title":"","_seopress_titles_desc":"","_seopress_robots_index":"","footnotes":""},"class_list":["post-656","page","type-page","status-publish","has-post-thumbnail"],"_links":{"self":[{"href":"https:\/\/wp.unil.ch\/collectif-televisuel\/wp-json\/wp\/v2\/pages\/656","targetHints":{"allow":["GET"]}}],"collection":[{"href":"https:\/\/wp.unil.ch\/collectif-televisuel\/wp-json\/wp\/v2\/pages"}],"about":[{"href":"https:\/\/wp.unil.ch\/collectif-televisuel\/wp-json\/wp\/v2\/types\/page"}],"author":[{"embeddable":true,"href":"https:\/\/wp.unil.ch\/collectif-televisuel\/wp-json\/wp\/v2\/users\/1001449"}],"replies":[{"embeddable":true,"href":"https:\/\/wp.unil.ch\/collectif-televisuel\/wp-json\/wp\/v2\/comments?post=656"}],"version-history":[{"count":5,"href":"https:\/\/wp.unil.ch\/collectif-televisuel\/wp-json\/wp\/v2\/pages\/656\/revisions"}],"predecessor-version":[{"id":2013,"href":"https:\/\/wp.unil.ch\/collectif-televisuel\/wp-json\/wp\/v2\/pages\/656\/revisions\/2013"}],"up":[{"embeddable":true,"href":"https:\/\/wp.unil.ch\/collectif-televisuel\/wp-json\/wp\/v2\/pages\/170"}],"wp:attachment":[{"href":"https:\/\/wp.unil.ch\/collectif-televisuel\/wp-json\/wp\/v2\/media?parent=656"}],"curies":[{"name":"wp","href":"https:\/\/api.w.org\/{rel}","templated":true}]}}