{"id":639,"date":"2024-09-12T18:43:50","date_gmt":"2024-09-12T16:43:50","guid":{"rendered":"https:\/\/wp.unil.ch\/collectif-televisuel\/?page_id=639"},"modified":"2025-04-04T12:34:34","modified_gmt":"2025-04-04T10:34:34","slug":"anne-katrin-weber","status":"publish","type":"page","link":"https:\/\/wp.unil.ch\/collectif-televisuel\/personnes\/anne-katrin-weber\/","title":{"rendered":"Anne-Katrin Weber"},"content":{"rendered":"\n<h2 class=\"wp-block-heading\">Anne-Katrin Weber<\/h2>\n\n\n\n<p><strong>Anne-Katrin Weber <\/strong>est professeure assistante (en PTC) en \u00e9tudes t\u00e9l\u00e9visuelles \u00e0 la <a href=\"https:\/\/www.unil.ch\/cin\/fr\/home.html\" target=\"_blank\" rel=\"noreferrer noopener\">Section d\u2019histoire et esth\u00e9tique du cin\u00e9ma de l\u2019UNIL<\/a> o\u00f9 elle enseigne l\u2019histoire de la t\u00e9l\u00e9vision et des m\u00e9dias. Ses travaux r\u00e9cents portent sur les usages militaires, industriels et plus largement non domestiques de la t\u00e9l\u00e9vision et, ce faisant, mettent \u00e0 jour l\u2019importance d\u2019une histoire \u00ab&nbsp;\u00e9largie&nbsp;\u00bb de la t\u00e9l\u00e9vision (<a href=\"https:\/\/livingbooksabouthistory.ch\/fr\/book\/towards-an-expanded-history-of-television\" target=\"_blank\" rel=\"noreferrer noopener\">Vallotton et Weber, 2022<\/a>). Elle m\u00e8ne par ailleurs des recherches sur l\u2019histoire du service public audiovisuel en Suisse et souhaite, dans le cadre de l\u2019arriv\u00e9e de la RTS sur le Campus de l\u2019UNIL, renforcer les collaborations entre ces deux institutions. Plusieurs bourses lui ont permis de d\u00e9velopper son travail \u00e0 Paris, Berlin, New York, Boston, B\u00e2le et au Luxembourg. En 2021, elle est nomm\u00e9e NOMIS-Fellow \u00e0 <em><a href=\"https:\/\/eikones.philhist.unibas.ch\/de\/nomis\/past-fellows\/anne-katrin-weber\/\" target=\"_blank\" rel=\"noreferrer noopener\">eikones &#8211; Centre pour la th\u00e9orie et l\u2019histoire de l\u2019image<\/a> <\/em>; en 2022, elle obtient un subside FNS PRIMA pour mener <a href=\"https:\/\/wp.unil.ch\/collectif-televisuel\/recherches\/operative-tv\/\">un projet de recherche sur l\u2019histoire de la t\u00e9l\u00e9vision en circuit ferm\u00e9<\/a>.<\/p>\n\n\n\n<p>Elle est l\u2019auteure d\u2019une monographie (<a href=\"https:\/\/library.oapen.org\/handle\/20.500.12657\/54250\" target=\"_blank\" rel=\"noreferrer noopener\"><em>Television before TV. New Media and Exhibition Culture in Europe and the USA, 1928-1939<\/em><\/a><em>,<\/em> publi\u00e9e chez Amsterdam University Press en 2022) et la (co-)\u00e9ditrice de plusieurs num\u00e9ros de revue et de livres. Convaincue par l\u2019importance de quitter les espaces scientifiques afin d\u2019\u00e9tablir un dialogue avec un public diversifi\u00e9, elle m\u00e8ne r\u00e9guli\u00e8rement des projets de m\u00e9diation scientifique, le plus r\u00e9cent \u00e9tant une exposition portant sur l\u2019histoire de la t\u00e9l\u00e9vision en Suisse, coorganis\u00e9e ensemble avec <a href=\"https:\/\/wp.unil.ch\/collectif-televisuel\/personnes\/marie-sandoz\/\">Marie Sandoz<\/a> et <a href=\"https:\/\/wp.unil.ch\/collectif-televisuel\/personnes\/roxane-gray\/\">Roxane Gray<\/a>.&nbsp;<\/p>\n\n\n\n<p>Avec <a href=\"https:\/\/wp.unil.ch\/collectif-televisuel\/personnes\/mireille-berton\/\" data-type=\"page\" data-id=\"715\">Mireille Berton<\/a>, elle dirige d\u00e9sormais <a href=\"https:\/\/wp.unil.ch\/collectif-televisuel\/activites\/collection-medias-et-histoire\/\" data-type=\"page\" data-id=\"1794\">la collection M\u00e9dias et Histoire <\/a>des <a href=\"https:\/\/www.antipodes.ch\/\" target=\"_blank\" rel=\"noreferrer noopener\">\u00c9ditions Antipodes<\/a>.<\/p>\n\n\n\n<p><a href=\"https:\/\/applicationspub.unil.ch\/interpub\/noauth\/php\/Un\/UnPers.php?PerNum=41347&amp;LanCode=37&amp;menu=coord\" target=\"_blank\" rel=\"noreferrer noopener\">Page institutionnelle<\/a><\/p>\n\n\n\n<p><a href=\"https:\/\/orcid.org\/0000-0001-6639-8822\" target=\"_blank\" rel=\"noreferrer noopener\">ORCID-ID <\/a><\/p>\n\n\n\n<p><a href=\"https:\/\/wp.unil.ch\/collectif-televisuel\/files\/2025\/04\/cv-anne-katrin-weber.pdf\">CV<\/a><\/p>\n\n\n\n<div class=\"wp-block-cover wp-duotone-1a1b1f-ff4747-1\" style=\"min-height:232px;aspect-ratio:unset;\"><span aria-hidden=\"true\" class=\"wp-block-cover__background has-background-dim\" style=\"background-color:#968694\"><\/span><img alt=\"\" loading=\"lazy\" decoding=\"async\" width=\"1810\" height=\"1200\" class=\"wp-block-cover__image-background wp-image-541\" alt=\"\" src=\"https:\/\/wp.unil.ch\/collectif-televisuel\/files\/2024\/09\/photo-Operative-TV_Schanzenpost-Bern.jpg\" data-object-fit=\"cover\" srcset=\"https:\/\/wp.unil.ch\/collectif-televisuel\/files\/2024\/09\/photo-Operative-TV_Schanzenpost-Bern.jpg 1810w, https:\/\/wp.unil.ch\/collectif-televisuel\/files\/2024\/09\/photo-Operative-TV_Schanzenpost-Bern-300x199.jpg 300w, https:\/\/wp.unil.ch\/collectif-televisuel\/files\/2024\/09\/photo-Operative-TV_Schanzenpost-Bern-1024x679.jpg 1024w, https:\/\/wp.unil.ch\/collectif-televisuel\/files\/2024\/09\/photo-Operative-TV_Schanzenpost-Bern-768x509.jpg 768w, https:\/\/wp.unil.ch\/collectif-televisuel\/files\/2024\/09\/photo-Operative-TV_Schanzenpost-Bern-1536x1018.jpg 1536w, https:\/\/wp.unil.ch\/collectif-televisuel\/files\/2024\/09\/photo-Operative-TV_Schanzenpost-Bern-540x358.jpg 540w, https:\/\/wp.unil.ch\/collectif-televisuel\/files\/2024\/09\/photo-Operative-TV_Schanzenpost-Bern-1080x716.jpg 1080w\" sizes=\"auto, (max-width: 1810px) 100vw, 1810px\" \/><div class=\"wp-block-cover__inner-container is-layout-flow wp-block-cover-is-layout-flow\">\n<p class=\"has-text-align-center has-buttons-text-color has-text-color has-link-color has-large-font-size wp-elements-c474fa016cbb0e7325323e8fddd4a3ab\" style=\"text-transform:uppercase\"><a href=\"https:\/\/wp.unil.ch\/collectif-televisuel\/recherches\/operative-tv\/\" data-type=\"page\" data-id=\"672\"><strong>Operative TV<\/strong><\/a><a href=\"\/\/wp.unil.ch\/collectif-televisuel\/recherches\/autour-de-lecologie-sociale\/\" data-type=\"page\" data-id=\"672\"><\/a><\/p>\n\n\n\n<p class=\"has-text-align-center has-buttons-text-color has-text-color has-link-color has-large-font-size wp-elements-f59282af4e84e5bf622d50cd28b8029e\">Projet de recherche FNS Prima<\/p>\n\n\n\n<p class=\"has-text-align-center has-buttons-text-color has-text-color has-link-color has-large-font-size wp-elements-a8bf9a773340dd37048a308bd47fabe8\">dirig\u00e9 par Anne-Katrin Weber avec Marie Sandoz, Lisa Cronj\u00e4ger<\/p>\n\n\n\n<p class=\"has-text-align-center has-buttons-text-color has-text-color has-link-color has-large-font-size wp-elements-41a8383b66e746f1d9756e59289d8399\">2022<strong>\u2013<\/strong>2029<\/p>\n<\/div><\/div>\n\n\n\n<div class=\"wp-block-cover is-light wp-duotone-midnight\" style=\"min-height:235px;aspect-ratio:unset;\"><span aria-hidden=\"true\" class=\"wp-block-cover__background has-background-dim\" style=\"background-color:#8b9281\"><\/span><img alt=\"\" loading=\"lazy\" decoding=\"async\" width=\"1600\" height=\"1060\" class=\"wp-block-cover__image-background wp-image-299\" alt=\"\" src=\"https:\/\/wp.unil.ch\/collectif-televisuel\/files\/2024\/09\/Photo-Agora.png\" data-object-fit=\"cover\" srcset=\"https:\/\/wp.unil.ch\/collectif-televisuel\/files\/2024\/09\/Photo-Agora.png 1600w, https:\/\/wp.unil.ch\/collectif-televisuel\/files\/2024\/09\/Photo-Agora-300x199.png 300w, https:\/\/wp.unil.ch\/collectif-televisuel\/files\/2024\/09\/Photo-Agora-1024x678.png 1024w, https:\/\/wp.unil.ch\/collectif-televisuel\/files\/2024\/09\/Photo-Agora-768x509.png 768w, https:\/\/wp.unil.ch\/collectif-televisuel\/files\/2024\/09\/Photo-Agora-1536x1018.png 1536w, https:\/\/wp.unil.ch\/collectif-televisuel\/files\/2024\/09\/Photo-Agora-540x358.png 540w, https:\/\/wp.unil.ch\/collectif-televisuel\/files\/2024\/09\/Photo-Agora-1080x716.png 1080w\" sizes=\"auto, (max-width: 1600px) 100vw, 1600px\" \/><div class=\"wp-block-cover__inner-container is-layout-constrained wp-block-cover-is-layout-constrained\">\n<p class=\"has-text-align-center has-buttons-text-color has-text-color has-link-color has-large-font-size wp-elements-f093b74de0cca3e8737e2765ac306e6c\" style=\"text-transform:uppercase\"><a href=\"https:\/\/wp.unil.ch\/collectif-televisuel\/mediation\/suivre-le-signal\/\"><strong>Suivre le signal<\/strong><\/a><\/p>\n\n\n\n<p class=\"has-text-align-center has-buttons-text-color has-text-color has-link-color has-large-font-size wp-elements-7e870f12be97885e644d56431f7af80d\">Projet de m\u00e9diation FNS Agora<\/p>\n\n\n\n<p class=\"has-text-align-center has-buttons-text-color has-text-color has-link-color has-large-font-size wp-elements-4c5fa8b81174f05594e342dfebf5d05b\">Marie Sandoz, Anne-Katrin Weber, Roxane Gray<\/p>\n\n\n\n<p class=\"has-text-align-center has-buttons-text-color has-text-color has-link-color has-large-font-size wp-elements-f4f2663c8fc9a991b72414a56dea0774\">2024\u20132025<\/p>\n<\/div><\/div>\n\n\n\n<div class=\"wp-block-cover wp-duotone-midnight\" style=\"min-height:235px;aspect-ratio:unset;\"><span aria-hidden=\"true\" class=\"wp-block-cover__background has-background-dim\"><\/span><img alt=\"\" loading=\"lazy\" decoding=\"async\" width=\"1024\" height=\"760\" class=\"wp-block-cover__image-background wp-image-297\" alt=\"\" src=\"https:\/\/wp.unil.ch\/collectif-televisuel\/files\/2024\/09\/Photo-Dictionnaire-1024x760.png\" style=\"object-position:33% 67%\" data-object-fit=\"cover\" data-object-position=\"33% 67%\" srcset=\"https:\/\/wp.unil.ch\/collectif-televisuel\/files\/2024\/09\/Photo-Dictionnaire-1024x760.png 1024w, https:\/\/wp.unil.ch\/collectif-televisuel\/files\/2024\/09\/Photo-Dictionnaire-300x223.png 300w, https:\/\/wp.unil.ch\/collectif-televisuel\/files\/2024\/09\/Photo-Dictionnaire-768x570.png 768w, https:\/\/wp.unil.ch\/collectif-televisuel\/files\/2024\/09\/Photo-Dictionnaire-1536x1140.png 1536w, https:\/\/wp.unil.ch\/collectif-televisuel\/files\/2024\/09\/Photo-Dictionnaire-540x401.png 540w, https:\/\/wp.unil.ch\/collectif-televisuel\/files\/2024\/09\/Photo-Dictionnaire-1080x802.png 1080w, https:\/\/wp.unil.ch\/collectif-televisuel\/files\/2024\/09\/Photo-Dictionnaire.png 1600w\" sizes=\"auto, (max-width: 1024px) 100vw, 1024px\" \/><div class=\"wp-block-cover__inner-container is-layout-flow wp-block-cover-is-layout-flow\">\n<p class=\"has-text-align-center has-buttons-text-color has-text-color has-link-color has-large-font-size wp-elements-9466e7227fcb5b556bf02c11e862ced8\" style=\"text-transform:uppercase\"><a href=\"https:\/\/wp.unil.ch\/collectif-televisuel\/mediation\/les-femmes-a-la-television\/\"><strong>Les femmes \u00e0 la t\u00e9l\u00e9vision <\/strong><\/a><\/p>\n\n\n\n<p class=\"has-text-align-center has-large-font-size\">Projet de m\u00e9diation scientifique<\/p>\n\n\n\n<p class=\"has-text-align-center has-large-font-size\">dirig\u00e9 par Roxane Gray et Anne-Katrin Weber, avec Adelina Osdautaj<\/p>\n\n\n\n<p class=\"has-text-align-center has-large-font-size\">2024\u20132025<\/p>\n<\/div><\/div>\n\n\n\n<div class=\"wp-block-cover is-light wp-duotone-1a1b1f-ff4747-2\" style=\"min-height:232px;aspect-ratio:unset;\"><span aria-hidden=\"true\" class=\"wp-block-cover__background has-background-dim\" style=\"background-color:#b9b9b9\"><\/span><img alt=\"\" loading=\"lazy\" decoding=\"async\" width=\"1382\" height=\"1200\" class=\"wp-block-cover__image-background wp-image-669\" alt=\"\" src=\"https:\/\/wp.unil.ch\/collectif-televisuel\/files\/2024\/09\/9789463727815_prom-copie.png\" style=\"object-position:29% 100%\" data-object-fit=\"cover\" data-object-position=\"29% 100%\" srcset=\"https:\/\/wp.unil.ch\/collectif-televisuel\/files\/2024\/09\/9789463727815_prom-copie.png 1382w, https:\/\/wp.unil.ch\/collectif-televisuel\/files\/2024\/09\/9789463727815_prom-copie-300x260.png 300w, https:\/\/wp.unil.ch\/collectif-televisuel\/files\/2024\/09\/9789463727815_prom-copie-1024x889.png 1024w, https:\/\/wp.unil.ch\/collectif-televisuel\/files\/2024\/09\/9789463727815_prom-copie-768x667.png 768w, https:\/\/wp.unil.ch\/collectif-televisuel\/files\/2024\/09\/9789463727815_prom-copie-540x469.png 540w, https:\/\/wp.unil.ch\/collectif-televisuel\/files\/2024\/09\/9789463727815_prom-copie-1080x938.png 1080w\" sizes=\"auto, (max-width: 1382px) 100vw, 1382px\" \/><div class=\"wp-block-cover__inner-container is-layout-flow wp-block-cover-is-layout-flow\">\n<p class=\"has-text-align-center has-buttons-text-color has-text-color has-link-color has-large-font-size wp-elements-d8808ee0d7e69c8638d6d81208849759\" style=\"text-transform:uppercase\"><a href=\"https:\/\/wp.unil.ch\/collectif-televisuel\/television-before-tv-new-media-and-exhibition-culture-in-europe-and-the-usa-1928-1939\/\" data-type=\"page\" data-id=\"672\"><strong>Television before TV<\/strong><\/a><\/p>\n\n\n\n<p class=\"has-text-align-center has-buttons-text-color has-text-color has-link-color has-large-font-size wp-elements-fd61cff1f455054b56a59bb4c08f5e41\">Monographie<\/p>\n\n\n\n<p class=\"has-text-align-center has-buttons-text-color has-text-color has-link-color has-large-font-size wp-elements-315514ed54f5b880bd702a14934418b8\">Anne-Katrin Weber<\/p>\n\n\n\n<p class=\"has-text-align-center has-buttons-text-color has-text-color has-link-color has-large-font-size wp-elements-210f0894f8b5489557b882f525139683\">2022<\/p>\n<\/div><\/div>\n\n\n\n<div class=\"wp-block-cover wp-duotone-1a1b1f-ff4747-3\" style=\"min-height:231px;aspect-ratio:unset;\"><span aria-hidden=\"true\" class=\"wp-block-cover__background has-background-dim-60 has-background-dim\" style=\"background-color:#737f87\"><\/span><img alt=\"\" loading=\"lazy\" decoding=\"async\" width=\"1522\" height=\"585\" class=\"wp-block-cover__image-background wp-image-974\" alt=\"\" src=\"https:\/\/wp.unil.ch\/collectif-televisuel\/files\/2024\/09\/Schweizer-Fernsehen.png\" style=\"object-position:40% 61%\" data-object-fit=\"cover\" data-object-position=\"40% 61%\" srcset=\"https:\/\/wp.unil.ch\/collectif-televisuel\/files\/2024\/09\/Schweizer-Fernsehen.png 1522w, https:\/\/wp.unil.ch\/collectif-televisuel\/files\/2024\/09\/Schweizer-Fernsehen-300x115.png 300w, https:\/\/wp.unil.ch\/collectif-televisuel\/files\/2024\/09\/Schweizer-Fernsehen-1024x394.png 1024w, https:\/\/wp.unil.ch\/collectif-televisuel\/files\/2024\/09\/Schweizer-Fernsehen-768x295.png 768w, https:\/\/wp.unil.ch\/collectif-televisuel\/files\/2024\/09\/Schweizer-Fernsehen-18x7.png 18w, https:\/\/wp.unil.ch\/collectif-televisuel\/files\/2024\/09\/Schweizer-Fernsehen-1120x430.png 1120w, https:\/\/wp.unil.ch\/collectif-televisuel\/files\/2024\/09\/Schweizer-Fernsehen-540x208.png 540w, https:\/\/wp.unil.ch\/collectif-televisuel\/files\/2024\/09\/Schweizer-Fernsehen-1080x415.png 1080w\" sizes=\"auto, (max-width: 1522px) 100vw, 1522px\" \/><div class=\"wp-block-cover__inner-container is-layout-flow wp-block-cover-is-layout-flow\">\n<p class=\"has-text-align-center has-buttons-text-color has-text-color has-link-color has-large-font-size wp-elements-3c951a732e0f108ef8ff4c069a3ebf22\" style=\"text-transform:uppercase\"><strong><a href=\"https:\/\/wp.unil.ch\/collectif-televisuel\/recherches\/au-dela-du-service-public\/\" data-type=\"page\" data-id=\"662\">Pour une histoire \u00e9largie de la t\u00e9l\u00e9vision en Suisse <\/a><\/strong><\/p>\n\n\n\n<p class=\"has-text-align-center has-large-font-size\">Projet de recherche FNS <\/p>\n\n\n\n<p class=\"has-text-align-center has-large-font-size\">dirig\u00e9 par Fran\u00e7ois Vallotton et Anne-Katrin Weber, avec Marie Sandoz, Roxane Gray<\/p>\n\n\n\n<p class=\"has-text-align-center has-large-font-size\">2016<strong>\u2013<\/strong>2022<\/p>\n<\/div><\/div>\n","protected":false},"excerpt":{"rendered":"<p>Anne-Katrin Weber Anne-Katrin Weber est professeure assistante (en PTC) en \u00e9tudes t\u00e9l\u00e9visuelles \u00e0 la Section d\u2019histoire et esth\u00e9tique du cin\u00e9ma de l\u2019UNIL o\u00f9 elle enseigne l\u2019histoire de la&hellip;<\/p>\n","protected":false},"author":1001449,"featured_media":0,"parent":219,"menu_order":0,"comment_status":"closed","ping_status":"closed","template":"template-full-width.php","meta":{"_seopress_robots_primary_cat":"","_seopress_titles_title":"","_seopress_titles_desc":"","_seopress_robots_index":"","footnotes":""},"class_list":["post-639","page","type-page","status-publish","has-post-thumbnail"],"_links":{"self":[{"href":"https:\/\/wp.unil.ch\/collectif-televisuel\/wp-json\/wp\/v2\/pages\/639","targetHints":{"allow":["GET"]}}],"collection":[{"href":"https:\/\/wp.unil.ch\/collectif-televisuel\/wp-json\/wp\/v2\/pages"}],"about":[{"href":"https:\/\/wp.unil.ch\/collectif-televisuel\/wp-json\/wp\/v2\/types\/page"}],"author":[{"embeddable":true,"href":"https:\/\/wp.unil.ch\/collectif-televisuel\/wp-json\/wp\/v2\/users\/1001449"}],"replies":[{"embeddable":true,"href":"https:\/\/wp.unil.ch\/collectif-televisuel\/wp-json\/wp\/v2\/comments?post=639"}],"version-history":[{"count":4,"href":"https:\/\/wp.unil.ch\/collectif-televisuel\/wp-json\/wp\/v2\/pages\/639\/revisions"}],"predecessor-version":[{"id":2078,"href":"https:\/\/wp.unil.ch\/collectif-televisuel\/wp-json\/wp\/v2\/pages\/639\/revisions\/2078"}],"up":[{"embeddable":true,"href":"https:\/\/wp.unil.ch\/collectif-televisuel\/wp-json\/wp\/v2\/pages\/219"}],"wp:attachment":[{"href":"https:\/\/wp.unil.ch\/collectif-televisuel\/wp-json\/wp\/v2\/media?parent=639"}],"curies":[{"name":"wp","href":"https:\/\/api.w.org\/{rel}","templated":true}]}}