{"id":170,"date":"2024-04-14T19:47:14","date_gmt":"2024-04-14T17:47:14","guid":{"rendered":"https:\/\/wp.unil.ch\/collectif-televisuel\/?page_id=170"},"modified":"2025-02-11T17:44:22","modified_gmt":"2025-02-11T16:44:22","slug":"recherches","status":"publish","type":"page","link":"https:\/\/wp.unil.ch\/collectif-televisuel\/recherches\/","title":{"rendered":"Projets de recherche"},"content":{"rendered":"\n<div class=\"wp-block-cover alignfull has-parallax wp-duotone-000000-rgb1450255-1\" style=\"min-height:300px;aspect-ratio:unset;\"><span aria-hidden=\"true\" class=\"wp-block-cover__background has-background-dim-0 has-background-dim\" style=\"background-color:#f1f5c7\"><\/span><div class=\"wp-block-cover__image-background wp-image-1815 has-parallax\" style=\"background-position:50% 50%;background-image:url(https:\/\/wp.unil.ch\/collectif-televisuel\/files\/2025\/01\/soutenance-Roxane.jpeg)\"><\/div><div class=\"wp-block-cover__inner-container is-layout-flow wp-block-cover-is-layout-flow\">\n<div class=\"wp-block-group is-vertical is-content-justification-center is-layout-flex wp-container-core-group-is-layout-46bec6ee wp-block-group-is-layout-flex\" style=\"padding-top:2em;padding-right:2em;padding-bottom:2em;padding-left:2em\">\n<h1 class=\"wp-block-heading alignfull\" style=\"font-size:36px\">PROJETS DE RECHERCHE<\/h1>\n<\/div>\n<\/div><\/div>\n\n\n\n<p>Nos projets de recherche collectifs et individuels contribuent \u00e0 \u00e9crire une histoire \u00ab\u00a0\u00e9largie\u00a0\u00bb de la t\u00e9l\u00e9vision. Cette derni\u00e8re est ainsi envisag\u00e9e comme un dispositif pluriel qui englobe de multiples machines, images, effets et contextes de production et de r\u00e9ception. En combinant une approche historique fond\u00e9e sur des sources \u00e9crites et audiovisuelles avec des perspectives issues des <em>Media Studies<\/em>, nos travaux \u00e9clairent d&rsquo;un jour nouveau les enjeux mat\u00e9riels, politiques et \u00e9pist\u00e9mologiques de l&rsquo;audiovisuel.<\/p>\n\n\n\n<hr class=\"wp-block-separator has-alpha-channel-opacity\" \/>\n\n\n\n<div class=\"wp-block-columns is-layout-flex wp-container-core-columns-is-layout-9d6595d7 wp-block-columns-is-layout-flex\">\n<div class=\"wp-block-column is-layout-flow wp-block-column-is-layout-flow\" style=\"flex-basis:33.34%\">\n<div class=\"wp-block-cover wp-duotone-blue-red\" style=\"min-height:232px;aspect-ratio:unset;\"><span aria-hidden=\"true\" class=\"wp-block-cover__background has-background-dim\" style=\"background-color:#968694\"><\/span><img alt=\"\" loading=\"lazy\" decoding=\"async\" width=\"1810\" height=\"1200\" class=\"wp-block-cover__image-background wp-image-541\" alt=\"\" src=\"https:\/\/wp.unil.ch\/collectif-televisuel\/files\/2024\/09\/photo-Operative-TV_Schanzenpost-Bern.jpg\" data-object-fit=\"cover\" srcset=\"https:\/\/wp.unil.ch\/collectif-televisuel\/files\/2024\/09\/photo-Operative-TV_Schanzenpost-Bern.jpg 1810w, https:\/\/wp.unil.ch\/collectif-televisuel\/files\/2024\/09\/photo-Operative-TV_Schanzenpost-Bern-300x199.jpg 300w, https:\/\/wp.unil.ch\/collectif-televisuel\/files\/2024\/09\/photo-Operative-TV_Schanzenpost-Bern-1024x679.jpg 1024w, https:\/\/wp.unil.ch\/collectif-televisuel\/files\/2024\/09\/photo-Operative-TV_Schanzenpost-Bern-768x509.jpg 768w, https:\/\/wp.unil.ch\/collectif-televisuel\/files\/2024\/09\/photo-Operative-TV_Schanzenpost-Bern-1536x1018.jpg 1536w, https:\/\/wp.unil.ch\/collectif-televisuel\/files\/2024\/09\/photo-Operative-TV_Schanzenpost-Bern-540x358.jpg 540w, https:\/\/wp.unil.ch\/collectif-televisuel\/files\/2024\/09\/photo-Operative-TV_Schanzenpost-Bern-1080x716.jpg 1080w\" sizes=\"auto, (max-width: 1810px) 100vw, 1810px\" \/><div class=\"wp-block-cover__inner-container is-layout-flow wp-block-cover-is-layout-flow\">\n<p class=\"has-text-align-center has-buttons-text-color has-text-color has-link-color has-large-font-size wp-elements-c474fa016cbb0e7325323e8fddd4a3ab\" style=\"text-transform:uppercase\"><a href=\"https:\/\/wp.unil.ch\/collectif-televisuel\/recherches\/operative-tv\/\" data-type=\"page\" data-id=\"672\"><strong>Operative TV<\/strong><\/a><a href=\"\/\/wp.unil.ch\/collectif-televisuel\/recherches\/autour-de-lecologie-sociale\/\" data-type=\"page\" data-id=\"672\"><\/a><\/p>\n\n\n\n<p class=\"has-text-align-center has-buttons-text-color has-text-color has-link-color has-large-font-size wp-elements-f59282af4e84e5bf622d50cd28b8029e\">Projet de recherche FNS Prima<\/p>\n\n\n\n<p class=\"has-text-align-center has-buttons-text-color has-text-color has-link-color has-large-font-size wp-elements-394a7f02f2e1ab01a6cc09f1b16a3afe\">dirig\u00e9 par Anne-Katrin Weber<\/p>\n\n\n\n<p class=\"has-text-align-center has-buttons-text-color has-text-color has-link-color has-large-font-size wp-elements-41a8383b66e746f1d9756e59289d8399\">2022<strong>\u2013<\/strong>2029<\/p>\n\n\n\n<p><\/p>\n<\/div><\/div>\n<\/div>\n\n\n\n<div class=\"wp-block-column is-layout-flow wp-block-column-is-layout-flow\" style=\"flex-basis:33.34%\">\n<div class=\"wp-block-cover wp-duotone-blue-red\" style=\"min-height:232px;aspect-ratio:unset;\"><span aria-hidden=\"true\" class=\"wp-block-cover__background has-background-dim\" style=\"background-color:#968694\"><\/span><img alt=\"\" loading=\"lazy\" decoding=\"async\" width=\"1663\" height=\"1200\" class=\"wp-block-cover__image-background wp-image-953\" alt=\"\" src=\"https:\/\/wp.unil.ch\/collectif-televisuel\/files\/2024\/09\/Photo_projet-automation_Marie.png\" style=\"object-position:52% 86%\" data-object-fit=\"cover\" data-object-position=\"52% 86%\" srcset=\"https:\/\/wp.unil.ch\/collectif-televisuel\/files\/2024\/09\/Photo_projet-automation_Marie.png 1663w, https:\/\/wp.unil.ch\/collectif-televisuel\/files\/2024\/09\/Photo_projet-automation_Marie-300x216.png 300w, https:\/\/wp.unil.ch\/collectif-televisuel\/files\/2024\/09\/Photo_projet-automation_Marie-1024x739.png 1024w, https:\/\/wp.unil.ch\/collectif-televisuel\/files\/2024\/09\/Photo_projet-automation_Marie-768x554.png 768w, https:\/\/wp.unil.ch\/collectif-televisuel\/files\/2024\/09\/Photo_projet-automation_Marie-1536x1108.png 1536w, https:\/\/wp.unil.ch\/collectif-televisuel\/files\/2024\/09\/Photo_projet-automation_Marie-18x12.png 18w, https:\/\/wp.unil.ch\/collectif-televisuel\/files\/2024\/09\/Photo_projet-automation_Marie-1120x808.png 1120w, https:\/\/wp.unil.ch\/collectif-televisuel\/files\/2024\/09\/Photo_projet-automation_Marie-540x390.png 540w, https:\/\/wp.unil.ch\/collectif-televisuel\/files\/2024\/09\/Photo_projet-automation_Marie-1080x779.png 1080w\" sizes=\"auto, (max-width: 1663px) 100vw, 1663px\" \/><div class=\"wp-block-cover__inner-container is-layout-flow wp-block-cover-is-layout-flow\">\n<p class=\"has-text-align-center has-buttons-text-color has-text-color has-link-color has-large-font-size wp-elements-3224e338b2de09789478b66c94e59046\" style=\"text-transform:uppercase\"><strong><a href=\"https:\/\/wp.unil.ch\/collectif-televisuel\/recherches\/television-et-automation\/\" data-type=\"page\" data-id=\"672\">T\u00e9l\u00e9vision et automation<\/a><\/strong><\/p>\n\n\n\n<p class=\"has-text-align-center has-buttons-text-color has-text-color has-link-color has-large-font-size wp-elements-2d1096cca5eeb18c147c54170738c730\">Projet de recherche postdoctorale<\/p>\n\n\n\n<p class=\"has-text-align-center has-buttons-text-color has-text-color has-link-color has-large-font-size wp-elements-f840415a6a1c369d251e4369597f1706\">Marie Sandoz<\/p>\n\n\n\n<p><\/p>\n\n\n\n<p class=\"has-text-align-center has-buttons-text-color has-text-color has-link-color has-large-font-size wp-elements-e6874fa95cd3efc8e9181bfe72b85fd8\">2023<strong>\u2013<\/strong>en cours<\/p>\n\n\n\n<div class=\"wp-block-columns is-layout-flex wp-container-core-columns-is-layout-9d6595d7 wp-block-columns-is-layout-flex\">\n<div class=\"wp-block-column is-layout-flow wp-block-column-is-layout-flow\"><\/div>\n\n\n\n<div class=\"wp-block-column is-layout-flow wp-block-column-is-layout-flow\"><\/div>\n\n\n\n<div class=\"wp-block-column is-layout-flow wp-block-column-is-layout-flow\"><\/div>\n<\/div>\n<\/div><\/div>\n<\/div>\n\n\n\n<div class=\"wp-block-column is-layout-flow wp-block-column-is-layout-flow\" style=\"flex-basis:33.33%\"><\/div>\n<\/div>\n\n\n\n<div class=\"wp-block-columns is-layout-flex wp-container-core-columns-is-layout-9d6595d7 wp-block-columns-is-layout-flex\">\n<div class=\"wp-block-column is-layout-flow wp-block-column-is-layout-flow\">\n<div class=\"wp-block-cover wp-duotone-blue-red\" style=\"min-height:232px;aspect-ratio:unset;\"><span aria-hidden=\"true\" class=\"wp-block-cover__background has-background-dim\" style=\"background-color:#686868\"><\/span><img alt=\"\" loading=\"lazy\" decoding=\"async\" width=\"770\" height=\"757\" class=\"wp-block-cover__image-background wp-image-931\" alt=\"\" src=\"https:\/\/wp.unil.ch\/collectif-televisuel\/files\/2024\/09\/studio-de-mon-repos.jpeg\" style=\"object-position:34% 46%\" data-object-fit=\"cover\" data-object-position=\"34% 46%\" srcset=\"https:\/\/wp.unil.ch\/collectif-televisuel\/files\/2024\/09\/studio-de-mon-repos.jpeg 770w, https:\/\/wp.unil.ch\/collectif-televisuel\/files\/2024\/09\/studio-de-mon-repos-300x295.jpeg 300w, https:\/\/wp.unil.ch\/collectif-televisuel\/files\/2024\/09\/studio-de-mon-repos-768x755.jpeg 768w, https:\/\/wp.unil.ch\/collectif-televisuel\/files\/2024\/09\/studio-de-mon-repos-12x12.jpeg 12w, https:\/\/wp.unil.ch\/collectif-televisuel\/files\/2024\/09\/studio-de-mon-repos-540x531.jpeg 540w\" sizes=\"auto, (max-width: 770px) 100vw, 770px\" \/><div class=\"wp-block-cover__inner-container is-layout-flow wp-block-cover-is-layout-flow\">\n<p class=\"has-text-align-center has-buttons-text-color has-text-color has-link-color has-large-font-size wp-elements-aca5258579116ce7ac5eda1bdbe6186f\" style=\"text-transform:uppercase\"><a href=\"https:\/\/wp.unil.ch\/collectif-televisuel\/recherches\/professions-mediatiques\/\" data-type=\"page\" data-id=\"672\"><strong>M\u00e9tiers de t\u00e9l\u00e9vision<\/strong><\/a><\/p>\n\n\n\n<p class=\"has-text-align-center has-large-font-size\">Th\u00e8se de doctorat<\/p>\n\n\n\n<p class=\"has-text-align-center has-large-font-size\">Roxane Gray<\/p>\n\n\n\n<p class=\"has-text-align-center has-large-font-size\">2016<strong>\u2013<\/strong>2025<\/p>\n\n\n\n<p><\/p>\n<\/div><\/div>\n<\/div>\n\n\n\n<div class=\"wp-block-column is-layout-flow wp-block-column-is-layout-flow\">\n<div class=\"wp-block-cover is-light wp-duotone-blue-red\" style=\"min-height:232px;aspect-ratio:unset;\"><span aria-hidden=\"true\" class=\"wp-block-cover__background has-background-dim\" style=\"background-color:#686868\"><\/span><img alt=\"\" loading=\"lazy\" decoding=\"async\" width=\"1514\" height=\"1200\" class=\"wp-block-cover__image-background wp-image-1089\" alt=\"\" src=\"https:\/\/wp.unil.ch\/collectif-televisuel\/files\/2024\/09\/Photo_Marie_Satellites.jpg\" data-object-fit=\"cover\" srcset=\"https:\/\/wp.unil.ch\/collectif-televisuel\/files\/2024\/09\/Photo_Marie_Satellites.jpg 1514w, https:\/\/wp.unil.ch\/collectif-televisuel\/files\/2024\/09\/Photo_Marie_Satellites-300x238.jpg 300w, https:\/\/wp.unil.ch\/collectif-televisuel\/files\/2024\/09\/Photo_Marie_Satellites-1024x812.jpg 1024w, https:\/\/wp.unil.ch\/collectif-televisuel\/files\/2024\/09\/Photo_Marie_Satellites-768x609.jpg 768w, https:\/\/wp.unil.ch\/collectif-televisuel\/files\/2024\/09\/Photo_Marie_Satellites-15x12.jpg 15w, https:\/\/wp.unil.ch\/collectif-televisuel\/files\/2024\/09\/Photo_Marie_Satellites-1120x888.jpg 1120w, https:\/\/wp.unil.ch\/collectif-televisuel\/files\/2024\/09\/Photo_Marie_Satellites-540x428.jpg 540w, https:\/\/wp.unil.ch\/collectif-televisuel\/files\/2024\/09\/Photo_Marie_Satellites-1080x856.jpg 1080w\" sizes=\"auto, (max-width: 1514px) 100vw, 1514px\" \/><div class=\"wp-block-cover__inner-container is-layout-flow wp-block-cover-is-layout-flow\">\n<p class=\"has-text-align-center has-buttons-text-color has-text-color has-link-color has-large-font-size wp-elements-dca43ccd79035ef4086d9f3226e948be\" style=\"text-transform:uppercase\"><strong><a href=\"https:\/\/wp.unil.ch\/collectif-televisuel\/de-lorbite-au-territoire-helvetique\/\">De l\u2019orbite au territoire helv\u00e9tique<\/a><\/strong><\/p>\n\n\n\n<p class=\"has-text-align-center has-buttons-text-color has-text-color has-link-color has-large-font-size wp-elements-4f3ff8b97963060c5a2800f832dfe5ba\">Th\u00e8se de doctorat<\/p>\n\n\n\n<p class=\"has-text-align-center has-buttons-text-color has-text-color has-link-color has-large-font-size wp-elements-f840415a6a1c369d251e4369597f1706\">Marie Sandoz<\/p>\n\n\n\n<p class=\"has-text-align-center has-buttons-text-color has-text-color has-link-color has-large-font-size wp-elements-509ce3fa68aeb1ecb3985ad12aabaf1a\">publication en 2025<\/p>\n<\/div><\/div>\n<\/div>\n\n\n\n<div class=\"wp-block-column is-layout-flow wp-block-column-is-layout-flow\">\n<div class=\"wp-block-cover is-light wp-duotone-000097-ff0202-2\" style=\"min-height:232px;aspect-ratio:unset;\"><span aria-hidden=\"true\" class=\"wp-block-cover__background has-background-dim\" style=\"background-color:#b9b9b9\"><\/span><img alt=\"\" loading=\"lazy\" decoding=\"async\" width=\"1382\" height=\"1200\" class=\"wp-block-cover__image-background wp-image-669\" alt=\"\" src=\"https:\/\/wp.unil.ch\/collectif-televisuel\/files\/2024\/09\/9789463727815_prom-copie.png\" style=\"object-position:29% 100%\" data-object-fit=\"cover\" data-object-position=\"29% 100%\" srcset=\"https:\/\/wp.unil.ch\/collectif-televisuel\/files\/2024\/09\/9789463727815_prom-copie.png 1382w, https:\/\/wp.unil.ch\/collectif-televisuel\/files\/2024\/09\/9789463727815_prom-copie-300x260.png 300w, https:\/\/wp.unil.ch\/collectif-televisuel\/files\/2024\/09\/9789463727815_prom-copie-1024x889.png 1024w, https:\/\/wp.unil.ch\/collectif-televisuel\/files\/2024\/09\/9789463727815_prom-copie-768x667.png 768w, https:\/\/wp.unil.ch\/collectif-televisuel\/files\/2024\/09\/9789463727815_prom-copie-540x469.png 540w, https:\/\/wp.unil.ch\/collectif-televisuel\/files\/2024\/09\/9789463727815_prom-copie-1080x938.png 1080w\" sizes=\"auto, (max-width: 1382px) 100vw, 1382px\" \/><div class=\"wp-block-cover__inner-container is-layout-flow wp-block-cover-is-layout-flow\">\n<p class=\"has-text-align-center has-buttons-text-color has-text-color has-link-color has-large-font-size wp-elements-d8808ee0d7e69c8638d6d81208849759\" style=\"text-transform:uppercase\"><a href=\"https:\/\/wp.unil.ch\/collectif-televisuel\/television-before-tv-new-media-and-exhibition-culture-in-europe-and-the-usa-1928-1939\/\" data-type=\"page\" data-id=\"672\"><strong>Television before TV<\/strong><\/a><\/p>\n\n\n\n<p class=\"has-text-align-center has-buttons-text-color has-text-color has-link-color has-large-font-size wp-elements-fd61cff1f455054b56a59bb4c08f5e41\">Monographie<\/p>\n\n\n\n<p class=\"has-text-align-center has-buttons-text-color has-text-color has-link-color has-large-font-size wp-elements-315514ed54f5b880bd702a14934418b8\">Anne-Katrin Weber<\/p>\n\n\n\n<p class=\"has-text-align-center has-buttons-text-color has-text-color has-link-color has-large-font-size wp-elements-210f0894f8b5489557b882f525139683\">2022<\/p>\n\n\n\n<p><\/p>\n<\/div><\/div>\n<\/div>\n<\/div>\n\n\n\n<div class=\"wp-block-columns is-layout-flex wp-container-core-columns-is-layout-9d6595d7 wp-block-columns-is-layout-flex\">\n<div class=\"wp-block-column is-layout-flow wp-block-column-is-layout-flow\">\n<div class=\"wp-block-cover wp-duotone-blue-red\" style=\"min-height:231px;aspect-ratio:unset;\"><span aria-hidden=\"true\" class=\"wp-block-cover__background has-background-dim-60 has-background-dim\" style=\"background-color:#737f87\"><\/span><img alt=\"\" loading=\"lazy\" decoding=\"async\" width=\"1522\" height=\"585\" class=\"wp-block-cover__image-background wp-image-974\" alt=\"\" src=\"https:\/\/wp.unil.ch\/collectif-televisuel\/files\/2024\/09\/Schweizer-Fernsehen.png\" style=\"object-position:40% 61%\" data-object-fit=\"cover\" data-object-position=\"40% 61%\" srcset=\"https:\/\/wp.unil.ch\/collectif-televisuel\/files\/2024\/09\/Schweizer-Fernsehen.png 1522w, https:\/\/wp.unil.ch\/collectif-televisuel\/files\/2024\/09\/Schweizer-Fernsehen-300x115.png 300w, https:\/\/wp.unil.ch\/collectif-televisuel\/files\/2024\/09\/Schweizer-Fernsehen-1024x394.png 1024w, https:\/\/wp.unil.ch\/collectif-televisuel\/files\/2024\/09\/Schweizer-Fernsehen-768x295.png 768w, https:\/\/wp.unil.ch\/collectif-televisuel\/files\/2024\/09\/Schweizer-Fernsehen-18x7.png 18w, https:\/\/wp.unil.ch\/collectif-televisuel\/files\/2024\/09\/Schweizer-Fernsehen-1120x430.png 1120w, https:\/\/wp.unil.ch\/collectif-televisuel\/files\/2024\/09\/Schweizer-Fernsehen-540x208.png 540w, https:\/\/wp.unil.ch\/collectif-televisuel\/files\/2024\/09\/Schweizer-Fernsehen-1080x415.png 1080w\" sizes=\"auto, (max-width: 1522px) 100vw, 1522px\" \/><div class=\"wp-block-cover__inner-container is-layout-flow wp-block-cover-is-layout-flow\">\n<p class=\"has-text-align-center has-buttons-text-color has-text-color has-link-color has-large-font-size wp-elements-3c951a732e0f108ef8ff4c069a3ebf22\" style=\"text-transform:uppercase\"><strong><a href=\"https:\/\/wp.unil.ch\/collectif-televisuel\/recherches\/au-dela-du-service-public\/\" data-type=\"page\" data-id=\"662\">Pour une histoire \u00e9largie de la t\u00e9l\u00e9vision en Suisse <\/a><\/strong><\/p>\n\n\n\n<p class=\"has-text-align-center has-large-font-size\">Projet de recherche FNS<\/p>\n\n\n\n<p class=\"has-text-align-center has-large-font-size\">dirig\u00e9 par Fran\u00e7ois Vallotton et Anne-Katrin Weber<\/p>\n\n\n\n<p class=\"has-text-align-center has-large-font-size\">2016<strong>\u2013<\/strong>2022<\/p>\n<\/div><\/div>\n<\/div>\n\n\n\n<div class=\"wp-block-column is-layout-flow wp-block-column-is-layout-flow\"><\/div>\n\n\n\n<div class=\"wp-block-column is-layout-flow wp-block-column-is-layout-flow\"><\/div>\n<\/div>\n\n\n\n<div class=\"wp-block-columns is-layout-flex wp-container-core-columns-is-layout-9d6595d7 wp-block-columns-is-layout-flex\">\n<div class=\"wp-block-column is-layout-flow wp-block-column-is-layout-flow\"><\/div>\n\n\n\n<div class=\"wp-block-column is-layout-flow wp-block-column-is-layout-flow\"><\/div>\n<\/div>\n\n\n\n<p><\/p>\n","protected":false},"excerpt":{"rendered":"<p>Nos projets de recherche collectifs et individuels contribuent \u00e0 \u00e9crire une histoire \u00ab\u00a0\u00e9largie\u00a0\u00bb de la t\u00e9l\u00e9vision. Cette derni\u00e8re est ainsi envisag\u00e9e comme un dispositif pluriel qui englobe de&hellip;<\/p>\n","protected":false},"author":1001449,"featured_media":0,"parent":0,"menu_order":0,"comment_status":"closed","ping_status":"closed","template":"template-full-width.php","meta":{"_seopress_robots_primary_cat":"","_seopress_titles_title":"","_seopress_titles_desc":"","_seopress_robots_index":"","footnotes":""},"class_list":["post-170","page","type-page","status-publish","has-post-thumbnail"],"_links":{"self":[{"href":"https:\/\/wp.unil.ch\/collectif-televisuel\/wp-json\/wp\/v2\/pages\/170","targetHints":{"allow":["GET"]}}],"collection":[{"href":"https:\/\/wp.unil.ch\/collectif-televisuel\/wp-json\/wp\/v2\/pages"}],"about":[{"href":"https:\/\/wp.unil.ch\/collectif-televisuel\/wp-json\/wp\/v2\/types\/page"}],"author":[{"embeddable":true,"href":"https:\/\/wp.unil.ch\/collectif-televisuel\/wp-json\/wp\/v2\/users\/1001449"}],"replies":[{"embeddable":true,"href":"https:\/\/wp.unil.ch\/collectif-televisuel\/wp-json\/wp\/v2\/comments?post=170"}],"version-history":[{"count":5,"href":"https:\/\/wp.unil.ch\/collectif-televisuel\/wp-json\/wp\/v2\/pages\/170\/revisions"}],"predecessor-version":[{"id":2002,"href":"https:\/\/wp.unil.ch\/collectif-televisuel\/wp-json\/wp\/v2\/pages\/170\/revisions\/2002"}],"wp:attachment":[{"href":"https:\/\/wp.unil.ch\/collectif-televisuel\/wp-json\/wp\/v2\/media?parent=170"}],"curies":[{"name":"wp","href":"https:\/\/api.w.org\/{rel}","templated":true}]}}