{"id":101,"date":"2018-07-09T14:13:06","date_gmt":"2018-07-09T12:13:06","guid":{"rendered":"http:\/\/wp.unil.ch\/collart-palmyre\/?page_id=101"},"modified":"2025-03-20T18:10:25","modified_gmt":"2025-03-20T17:10:25","slug":"paul-collart","status":"publish","type":"page","link":"https:\/\/wp.unil.ch\/collart-palmyre\/paul-collart\/","title":{"rendered":"Paul Collart"},"content":{"rendered":"\n<div class=\"wp-block-columns is-layout-flex wp-container-core-columns-is-layout-9d6595d7 wp-block-columns-is-layout-flex\">\n<div class=\"wp-block-column is-layout-flow wp-block-column-is-layout-flow\" style=\"flex-basis:33.33%\">\n<figure class=\"wp-block-image size-large\"><img alt=\"\" loading=\"lazy\" decoding=\"async\" width=\"713\" height=\"1024\" src=\"https:\/\/wp.unil.ch\/collart-palmyre\/files\/2018\/08\/Paul_Collart-713x1024.jpg\" alt=\"\" class=\"wp-image-352\" srcset=\"https:\/\/wp.unil.ch\/collart-palmyre\/files\/2018\/08\/Paul_Collart-713x1024.jpg 713w, https:\/\/wp.unil.ch\/collart-palmyre\/files\/2018\/08\/Paul_Collart-209x300.jpg 209w, https:\/\/wp.unil.ch\/collart-palmyre\/files\/2018\/08\/Paul_Collart.jpg 755w\" sizes=\"auto, (max-width: 713px) 100vw, 713px\" \/><figcaption class=\"wp-element-caption\">Paul Collart, 1927 \u00a9&nbsp;Association Paul Collart<\/figcaption><\/figure>\n<\/div>\n\n\n\n<div class=\"wp-block-column is-layout-flow wp-block-column-is-layout-flow\" style=\"flex-basis:66.66%\">\n<p>Issu d&rsquo;une famille d&rsquo;architectes connus, Paul Collart na\u00eet \u00e0 Gen\u00e8ve en 1902. D\u00e8s le d\u00e9but de ses \u00e9tudes en Facult\u00e9 des lettres \u00e0 l&rsquo;Universit\u00e9 de Gen\u00e8ve, il s&rsquo;int\u00e9resse \u00e0 l&rsquo;histoire et \u00e0 l&rsquo;arch\u00e9ologie. En 1926, il est admis comme membre \u00e9tranger \u00e0 l&rsquo;\u00c9cole fran\u00e7aise d&rsquo;Ath\u00e8nes. De 1930 \u00e0 1935, il est nomm\u00e9 responsable des fouilles du site de Philippes, en Mac\u00e9doine. De 1938 \u00e0 1940, il fouille \u00e0 Baalbek au Liban. En 1953, l&rsquo;Unesco lui confie l&rsquo;inventaire des biens culturels de la Syrie et du Liban. Enfin, de 1954 \u00e0 1956, il organise \u00e0 Palmyre le premier grand chantier arch\u00e9ologique suisse \u00e0 l&rsquo;\u00e9tranger. Il y \u00e9tudie notamment le temple de Baalshamin. En 1966, il r\u00e9alise l\u2019anastylose de plusieurs colonnes dans les portiques du temple, c\u2019est-\u00e0-dire leur remontage \u00e0 partir des blocs d\u2019origine.<\/p>\n\n\n\n<p>Il conduit parall\u00e8lement des recherches sur la Suisse romaine. Apr\u00e8s apr\u00e8s enseign\u00e9 l&rsquo;histoire ancienne et l&rsquo;arch\u00e9ologie dans les universit\u00e9s de Gen\u00e8ve et de Lausanne entre 1950 et 1963, il est choisi comme directeur de l&rsquo;Institut suisse de Rome o\u00f9 il demeure de jusqu&rsquo;en 1971. Figure scientifique reconnue sur le plan international, il poursuit jusqu&rsquo;\u00e0 sa mort, survenue en 1981, ses recherches dans le domaine de l&rsquo;histoire ancienne et de l&rsquo;arch\u00e9ologie.<\/p>\n<\/div>\n<\/div>\n\n\n\n<h4 class=\"wp-block-heading\"><strong>Les archives Paul Collart<\/strong><\/h4>\n\n\n\n<p>Apr\u00e8s le d\u00e9c\u00e8s de Paul Collart, ses descendants l\u00e8guent ses archives \u00e0 la Facult\u00e9 des lettres de l\u2019Universit\u00e9 de Lausanne (\u00e0 travers l\u2019Institut d\u2019arch\u00e9ologie et des sciences de l\u2019Antiquit\u00e9, ASA-UNIL). Les archives de Paul Collart contiennent notamment pr\u00e8s de 3000 clich\u00e9s illustrant des dizaines de sites arch\u00e9ologiques du pourtour m\u00e9diterran\u00e9en, dont Palmyre et le temple de Baalsham\u00een.<\/p>\n\n\n\n<p>L\u2019<a href=\"https:\/\/www.photo-conservation.ch\">Institut suisse pour la conservation de la photographie<\/a> a digitalis\u00e9 les n\u00e9gatifs originaux du Fonds photographique Collart et une base de donn\u00e9es a \u00e9t\u00e9 cr\u00e9\u00e9e sur&nbsp;<a href=\"https:\/\/wp.unil.ch\/unimedia\/le-fonds-photographique-paul-collart\">www.unil.ch\/unimedia<\/a> et sur&nbsp;<a href=\"https:\/\/tiresias.unil.ch\">tiresias.unil.ch<\/a>&nbsp;pour garantir l\u2019acc\u00e8s public \u00e0 ces documents.<\/p>\n","protected":false},"excerpt":{"rendered":"<p>Issu d&rsquo;une famille d&rsquo;architectes connus, Paul Collart na\u00eet \u00e0 Gen\u00e8ve en 1902. D\u00e8s le d\u00e9but de ses \u00e9tudes en Facult\u00e9 des lettres \u00e0 l&rsquo;Universit\u00e9 de Gen\u00e8ve, il s&rsquo;int\u00e9resse&hellip;<\/p>\n","protected":false},"author":1001334,"featured_media":0,"parent":0,"menu_order":0,"comment_status":"closed","ping_status":"closed","template":"template-full-width.php","meta":{"_seopress_robots_primary_cat":"","_seopress_titles_title":"","_seopress_titles_desc":"","_seopress_robots_index":"","footnotes":""},"class_list":["post-101","page","type-page","status-publish","has-post-thumbnail"],"_links":{"self":[{"href":"https:\/\/wp.unil.ch\/collart-palmyre\/wp-json\/wp\/v2\/pages\/101","targetHints":{"allow":["GET"]}}],"collection":[{"href":"https:\/\/wp.unil.ch\/collart-palmyre\/wp-json\/wp\/v2\/pages"}],"about":[{"href":"https:\/\/wp.unil.ch\/collart-palmyre\/wp-json\/wp\/v2\/types\/page"}],"author":[{"embeddable":true,"href":"https:\/\/wp.unil.ch\/collart-palmyre\/wp-json\/wp\/v2\/users\/1001334"}],"replies":[{"embeddable":true,"href":"https:\/\/wp.unil.ch\/collart-palmyre\/wp-json\/wp\/v2\/comments?post=101"}],"version-history":[{"count":2,"href":"https:\/\/wp.unil.ch\/collart-palmyre\/wp-json\/wp\/v2\/pages\/101\/revisions"}],"predecessor-version":[{"id":2118,"href":"https:\/\/wp.unil.ch\/collart-palmyre\/wp-json\/wp\/v2\/pages\/101\/revisions\/2118"}],"wp:attachment":[{"href":"https:\/\/wp.unil.ch\/collart-palmyre\/wp-json\/wp\/v2\/media?parent=101"}],"curies":[{"name":"wp","href":"https:\/\/api.w.org\/{rel}","templated":true}]}}