{"id":440,"date":"2020-09-17T10:07:05","date_gmt":"2020-09-17T08:07:05","guid":{"rendered":"http:\/\/wp.unil.ch\/colesfran\/?page_id=440"},"modified":"2020-09-17T10:47:51","modified_gmt":"2020-09-17T08:47:51","slug":"demografia-del-espanol-en-suiza","status":"publish","type":"page","link":"https:\/\/wp.unil.ch\/colesfran\/demografia-del-espanol-en-suiza\/","title":{"rendered":"Demograf\u00eda del espa\u00f1ol en Suiza"},"content":{"rendered":"<p>Los hispanohablantes representan desde finales de los a\u00f1os 1960 una minor\u00eda ling\u00fc\u00edstica importante en Suiza, pa\u00eds con ca. 5.300.000 habitantes en 1960 y ca. 8.600.000 en la actualidad (2019). Por las din\u00e1micas de migraci\u00f3n econ\u00f3mica, tras la firma de un tratado bilateral de emigraci\u00f3n entre Espa\u00f1a y Suiza en 1961<a href=\"\/\/A98FB1BD-8DDD-47DC-9E46-D253FA6007F4#_ftn1\" name=\"_ftnref1\">[1]<\/a>, comenzaron a ascender en este pa\u00eds las cifras de residentes espa\u00f1oles, llegando a sus cotas m\u00e1ximas en 1970 (121.239 entre permanentes y temporeros)<a href=\"\/\/A98FB1BD-8DDD-47DC-9E46-D253FA6007F4#_ftn2\" name=\"_ftnref2\">[2]<\/a>; ese contingente es m\u00e1s o menos estable hasta 1990 (116.987 permanentes), momento a partir del cual el n\u00famero de residentes permanentes se reduce aproximadamente a la mitad (64.126 a finales de 2010), coincidiendo con la etapa de mayor bienestar econ\u00f3mico de la historia reciente de Espa\u00f1a. Por la crisis econ\u00f3mica del nuevo siglo, los residentes espa\u00f1oles en Suiza se han multiplicado de nuevo (84.362, a finales de 2019)<a href=\"\/\/A98FB1BD-8DDD-47DC-9E46-D253FA6007F4#_ftn3\" name=\"_ftnref3\">[3]<\/a>, y, adem\u00e1s, en las \u00faltimas d\u00e9cadas ha ido aumentando el n\u00famero de residentes permanentes hispanoamericanos, hasta sumar, a finales de 2019, 32.836 personas (eran apenas 7.178 a finales de 1980 y 11.840 a finales de 1990, pero ya 21.369 a finales del a\u00f1o 2000). Desde 1990, por tanto, la proporci\u00f3n relativa de espa\u00f1oles e hispanoamericanos ha evolucionado sensiblemente: del total, el 91% eran espa\u00f1oles en 1990 frente al 9% hispanoamericanos, mientras que en 2019 los porcentajes son 72% frente a 28%. Ha de considerarse, adem\u00e1s, que el porcentaje real de los residentes de origen hispanoamericano es sensiblemente superior a lo que indican estas cifras oficiales, pues sucede a menudo que parte de esta poblaci\u00f3n figura registrada en Suiza con un pasaporte espa\u00f1ol, por haber obtenido esta nacionalidad en una etapa migratoria previa en Espa\u00f1a. En 2018 declaraba hablar espa\u00f1ol como lengua principal el 2,3% de la poblaci\u00f3n residente permanente en Suiza y con ese porcentaje nuestra lengua se sit\u00faa entre las cinco lenguas extranjeras m\u00e1s habladas de esa categor\u00eda en este pa\u00eds, junto con \u2014en este orden\u2014 el ingl\u00e9s, el portugu\u00e9s, el alban\u00e9s, el serbio y el croata<a href=\"\/\/A98FB1BD-8DDD-47DC-9E46-D253FA6007F4#_ftn4\" name=\"_ftnref4\">[4]<\/a>. El porcentaje de usuarios ascend\u00eda a un 6% de la poblaci\u00f3n suiza en 2014 contando a las personas que usan regularmente esta lengua en el pa\u00eds, seg\u00fan la \u201cEncuesta sobre la lengua, la religi\u00f3n y la cultura\u201d de la OFS que tiene lugar cada cinco a\u00f1os (De Flaugergues 2016: 20).<\/p>\n<p>Durante 60 a\u00f1os, por lo tanto, se han registrado diversas din\u00e1micas en la comunidad hispanohablante en Suiza, de las que destacan principalmente tres: a la primera generaci\u00f3n de migrantes econ\u00f3micos espa\u00f1oles llegados en el siglo pasado, al\u00f3glotas en Suiza, se fueron sumando la segunda y tercera generaci\u00f3n, con mayor dominio en la lengua suiza correspondiente a su cant\u00f3n de residencia que en la espa\u00f1ola; las cifras de hispanoamericanos fueron increment\u00e1ndose sensiblemente en las tres \u00faltimas d\u00e9cadas, produciendo una convivencia de diversos dialectos del espa\u00f1ol, y, desde 2010, se ha producido un nuevo movimiento migratorio con profesionales por lo general altamente cualificados y pol\u00edglotas con buen dominio del ingl\u00e9s.<\/p>\n<p>En la web <a href=\"https:\/\/www.mapaespanolsuiza.org\/poblacion\">https:\/\/www.mapaespanolsuiza.org\/poblacion<\/a>, podr\u00e1 consultar un mapa interactivo de la poblaci\u00f3n hispanohablante en Suiza.<\/p>\n<p><strong>Notas:<\/strong><\/p>\n<p><a href=\"\/\/A98FB1BD-8DDD-47DC-9E46-D253FA6007F4#_ftnref1\" name=\"_ftn1\">[1]<\/a> Suiza y Espa\u00f1a firmaron ese tratado bilateral de emigraci\u00f3n el 2 de marzo de 1961, ratificado el 28 de septiembre de ese a\u00f1o por el parlamento helv\u00e9tico. A partir de ese momento, Espa\u00f1a se convierte en un pa\u00eds proveedor de mano de obra a Suiza, que recurre a ella como alternativa a la italiana, primordial en la d\u00e9cada anterior, pero en ese momento menos interesante por las reivindicaciones del gobierno italiano, que exig\u00eda mejores condiciones para sus trabajadores en este pa\u00eds (cf. Calvo Salgado 2008 y Calvo Salgado\/ Prieto L\u00f3pez 2019).<\/p>\n<p><a href=\"\/\/A98FB1BD-8DDD-47DC-9E46-D253FA6007F4#_ftnref2\" name=\"_ftn2\">[2]<\/a> Las cifras disponibles de la Oficina federal de estad\u00edstica suiza (OFS) hasta 1979 mezclan poblaci\u00f3n residente permanente y no permanente. Desde 1980 conocemos el detalle de la poblaci\u00f3n permanente, la que nos interesa aqu\u00ed. Para el conjunto de datos demoling\u00fc\u00edsticos que siguen (excepto los de 2019) pueden consultarse las referencias en Castillo Lluch (2019: 64-65).<\/p>\n<p><a href=\"\/\/A98FB1BD-8DDD-47DC-9E46-D253FA6007F4#_ftnref3\" name=\"_ftn3\">[3]<\/a> Hoja excel \u00abBilan de la population r\u00e9sidante permanente \u00e9trang\u00e8re selon la nationalit\u00e9, en 2019\u00bb, publicada por la OFS en l\u00ednea &lt;<a href=\"https:\/\/www.bfs.admin.ch\/bfs\/fr\/home.html\">https:\/\/www.bfs.admin.ch\/bfs\/fr\/home.html<\/a>&gt; (Trouver des statistiques &gt; Population &gt; Migration et int\u00e9gration &gt; Population de nationalit\u00e9 \u00e9trang\u00e8re) (consultado 8-VIII-2020).<\/p>\n<p><a href=\"\/\/A98FB1BD-8DDD-47DC-9E46-D253FA6007F4#_ftnref4\" name=\"_ftn4\">[4]<\/a> Estas dos lenguas se cuentan como una.<\/p>\n","protected":false},"excerpt":{"rendered":"<p>Los hispanohablantes representan desde finales de los a\u00f1os 1960 una minor\u00eda ling\u00fc\u00edstica importante en Suiza, pa\u00eds con ca. 5.300.000 habitantes en 1960 y ca. 8.600.000 en la actualidad (2019). Por las din\u00e1micas de migraci\u00f3n econ\u00f3mica, tras la firma de un tratado bilateral de emigraci\u00f3n entre Espa\u00f1a y Suiza en 1961[1], comenzaron a ascender en este &hellip; <\/p>\n<p class=\"link-more\"><a href=\"https:\/\/wp.unil.ch\/colesfran\/demografia-del-espanol-en-suiza\/\" class=\"more-link\">Continuer la lecture<span class=\"screen-reader-text\"> de &laquo;&nbsp;Demograf\u00eda del espa\u00f1ol en Suiza&nbsp;&raquo;<\/span><\/a><\/p>\n","protected":false},"author":1002153,"featured_media":0,"parent":0,"menu_order":2,"comment_status":"closed","ping_status":"closed","template":"","meta":{"_seopress_robots_primary_cat":"","_seopress_titles_title":"","_seopress_titles_desc":"","_seopress_robots_index":"","footnotes":""},"class_list":["post-440","page","type-page","status-publish"],"_links":{"self":[{"href":"https:\/\/wp.unil.ch\/colesfran\/wp-json\/wp\/v2\/pages\/440","targetHints":{"allow":["GET"]}}],"collection":[{"href":"https:\/\/wp.unil.ch\/colesfran\/wp-json\/wp\/v2\/pages"}],"about":[{"href":"https:\/\/wp.unil.ch\/colesfran\/wp-json\/wp\/v2\/types\/page"}],"author":[{"embeddable":true,"href":"https:\/\/wp.unil.ch\/colesfran\/wp-json\/wp\/v2\/users\/1002153"}],"replies":[{"embeddable":true,"href":"https:\/\/wp.unil.ch\/colesfran\/wp-json\/wp\/v2\/comments?post=440"}],"version-history":[{"count":0,"href":"https:\/\/wp.unil.ch\/colesfran\/wp-json\/wp\/v2\/pages\/440\/revisions"}],"wp:attachment":[{"href":"https:\/\/wp.unil.ch\/colesfran\/wp-json\/wp\/v2\/media?parent=440"}],"curies":[{"name":"wp","href":"https:\/\/api.w.org\/{rel}","templated":true}]}}