{"id":200,"date":"2019-04-08T14:29:38","date_gmt":"2019-04-08T12:29:38","guid":{"rendered":"http:\/\/wp.unil.ch\/colesfran\/?page_id=200"},"modified":"2019-06-03T11:02:21","modified_gmt":"2019-06-03T09:02:21","slug":"eventos-cientificos","status":"publish","type":"page","link":"https:\/\/wp.unil.ch\/colesfran\/eventos-cientificos\/","title":{"rendered":"Eventos cient\u00edficos"},"content":{"rendered":"<p>En 2016 tuvo lugar en la Secci\u00f3n de espa\u00f1ol de la UNIL un coloquio internacional titulado \u201cEl espa\u00f1ol en la Suiza franc\u00f3fona: investigaciones iniciales y perspectivas\u201d, en el que se dieron cita los especialistas que hab\u00edan estudiado hasta la fecha diversos aspectos de la lengua espa\u00f1ola en Suiza. Los d\u00edas 3 y 4 de junio de 2019 organizamos el coloquio internacional \u201cContactos espa\u00f1ol-franc\u00e9s en la historia de la lengua espa\u00f1ola\u201d, que tiene como misi\u00f3n producir una obra colectiva sobre el espa\u00f1ol en contacto con el franc\u00e9s a trav\u00e9s de los siglos (campo que no cuenta con una monograf\u00eda actualizada).<\/p>\n","protected":false},"excerpt":{"rendered":"<p>En 2016 tuvo lugar en la Secci\u00f3n de espa\u00f1ol de la UNIL un coloquio internacional titulado \u201cEl espa\u00f1ol en la Suiza franc\u00f3fona: investigaciones iniciales y perspectivas\u201d, en el que se dieron cita los especialistas que hab\u00edan estudiado hasta la fecha diversos aspectos de la lengua espa\u00f1ola en Suiza. Los d\u00edas 3 y 4 de junio &hellip; <\/p>\n<p class=\"link-more\"><a href=\"https:\/\/wp.unil.ch\/colesfran\/eventos-cientificos\/\" class=\"more-link\">Continuer la lecture<span class=\"screen-reader-text\"> de &laquo;&nbsp;Eventos cient\u00edficos&nbsp;&raquo;<\/span><\/a><\/p>\n","protected":false},"author":1001918,"featured_media":0,"parent":0,"menu_order":0,"comment_status":"closed","ping_status":"closed","template":"","meta":{"_seopress_robots_primary_cat":"","_seopress_titles_title":"","_seopress_titles_desc":"","_seopress_robots_index":"","footnotes":""},"class_list":["post-200","page","type-page","status-publish"],"_links":{"self":[{"href":"https:\/\/wp.unil.ch\/colesfran\/wp-json\/wp\/v2\/pages\/200","targetHints":{"allow":["GET"]}}],"collection":[{"href":"https:\/\/wp.unil.ch\/colesfran\/wp-json\/wp\/v2\/pages"}],"about":[{"href":"https:\/\/wp.unil.ch\/colesfran\/wp-json\/wp\/v2\/types\/page"}],"author":[{"embeddable":true,"href":"https:\/\/wp.unil.ch\/colesfran\/wp-json\/wp\/v2\/users\/1001918"}],"replies":[{"embeddable":true,"href":"https:\/\/wp.unil.ch\/colesfran\/wp-json\/wp\/v2\/comments?post=200"}],"version-history":[{"count":0,"href":"https:\/\/wp.unil.ch\/colesfran\/wp-json\/wp\/v2\/pages\/200\/revisions"}],"wp:attachment":[{"href":"https:\/\/wp.unil.ch\/colesfran\/wp-json\/wp\/v2\/media?parent=200"}],"curies":[{"name":"wp","href":"https:\/\/api.w.org\/{rel}","templated":true}]}}

Eventos científicos

<p>En 2016 tuvo lugar en la Sección de español de la UNIL un coloquio internacional titulado “El español en la Suiza francófona: investigaciones iniciales y perspectivas”, en el que se dieron cita los especialistas que habían estudiado hasta la fecha diversos aspectos de la lengua española en Suiza. Los días 3 y 4 de junio de 2019 organizamos el coloquio internacional “Contactos español-francés en la historia de la lengua española”, que tiene como misión producir una obra colectiva sobre el español en contacto con el francés a través de los siglos (campo que no cuenta con una monografía actualizada).</p>

<p>En 2016 tuvo lugar en la Sección de español de la UNIL un coloquio internacional titulado “El español en la Suiza francófona: investigaciones iniciales y perspectivas”, en el que se dieron cita los especialistas que habían estudiado hasta la fecha diversos aspectos de la lengua española en Suiza. Los días 3 y 4 de junio &hellip; </p>
<p class="link-more"><a href="https://wp.unil.ch/colesfran/eventos-cientificos/" class="more-link">Continuer la lecture<span class="screen-reader-text"> de &laquo;&nbsp;Eventos científicos&nbsp;&raquo;</span></a></p>
