{"id":194,"date":"2019-04-08T14:28:59","date_gmt":"2019-04-08T12:28:59","guid":{"rendered":"http:\/\/wp.unil.ch\/colesfran\/?page_id=194"},"modified":"2020-09-17T10:40:32","modified_gmt":"2020-09-17T08:40:32","slug":"campanas","status":"publish","type":"page","link":"https:\/\/wp.unil.ch\/colesfran\/campanas\/","title":{"rendered":"Campa\u00f1as"},"content":{"rendered":"<p>El COLESfran se va formando a partir de las entrevistas realizadas por las ling\u00fcistas de la Secci\u00f3n de espa\u00f1ol de la UNIL en colaboraci\u00f3n con lo\u00b7a\u00b7s estudiantes de algunas de nuestras asignaturas de m\u00e1ster y de bachelor. Llamamos \u00ab\u00a0campa\u00f1as\u00a0\u00bb (en equipo o individuales) a momentos en los que realizamos un n\u00famero importante de entrevistas, coincidiendo con una asignatura o con el trabajo de fin de m\u00e1ster de un\u00b7a estudiante:<\/p>\n<p><strong>Oto\u00f1o de 2013<\/strong> (campa\u00f1a en equipo en el marco de la asignatura de m\u00e1ster \u00ab\u00a0<span class=\"\">Ling\u00fc\u00edstica de la migraci\u00f3n\u00a0\u00bb \u2013 M\u00f3nica Castillo Lluch): participantes G1 espa\u00f1oles.<\/span><\/p>\n<p><strong>Oto\u00f1o de 2015<\/strong> (campa\u00f1a en equipo en el marco de la asignatura de m\u00e1ster \u00ab\u00a0<span class=\"\">El espa\u00f1ol en Suiza\u00a0\u00bb\u00a0\u2013 M\u00f3nica Castillo Lluch): participantes G1 espa\u00f1oles.<\/span><\/p>\n<p><strong>Primavera de 2017<\/strong> (campa\u00f1a en equipo en el marco de la asignatura de m\u00e1ster \u00ab\u00a0<span class=\"\">Variedades del espa\u00f1ol americano en Suiza: <\/span>estado de la cuesti\u00f3n y an\u00e1lisis\u00a0\u00bb <span class=\"\">\u2013<\/span> Elena Diez del Corral Areta): participantes G1 americanos.<\/p>\n<p><strong>Oto\u00f1o de 2019<\/strong> (campa\u00f1a en equipo en el marco de la asignatura de m\u00e1ster \u00ab\u00a0<span class=\"\">El espa\u00f1ol en Suiza\u00a0\u00bb\u00a0\u2013 M\u00f3nica Castillo Lluch): participantes G1 espa\u00f1oles y americanos.<\/span><\/p>\n<p><strong>Oto\u00f1o de 2020<\/strong> (campa\u00f1a en equipo en el marco del seminario de bachelor \u00a0\u00ab\u00a0<span class=\"\">Variedades del espa\u00f1ol\u00a0\u00bb\u00a0\u2013 M\u00f3nica Castillo Lluch): participantes G2 americanos.<\/span><\/p>\n<p>Las <strong>campa\u00f1as individuales<\/strong> han sido llevadas a cabo por los siguientes estudiantes:<\/p>\n<p><strong>Roxane Morel<\/strong> (2015), participantes G1 chilenos.<\/p>\n<p><strong>Mathieu Ballif <\/strong>(2015),\u00a0participantes G2 espa\u00f1oles.<\/p>\n<p><strong>Johanna Henao <\/strong>(2015), participantes G1 y G2 colombianos.<\/p>\n<p><strong>Mariola Broccard <\/strong>(2018),\u00a0participantes G1 espa\u00f1oles y americanos.<\/p>\n<p><strong>Leslie Bezen\u00e7on <\/strong>(2019),\u00a0participantes G1 mexicanos.<\/p>\n<p>En <strong>primavera de 2014<\/strong> realizamos una campa\u00f1a de 4 entrevistas exploratorias en el <strong>cant\u00f3n del Tesino<\/strong> en el marco de la asignatura de m\u00e1ster \u00ab\u00a0<span class=\"\">El espa\u00f1ol, lengua en contacto\u00a0\u00bb <\/span><span class=\"\">\u2013 M\u00f3nica Castillo Lluch.<\/span><strong><span class=\"\"><br \/>\n<\/span><\/strong><\/p>\n","protected":false},"excerpt":{"rendered":"<p>El COLESfran se va formando a partir de las entrevistas realizadas por las ling\u00fcistas de la Secci\u00f3n de espa\u00f1ol de la UNIL en colaboraci\u00f3n con lo\u00b7a\u00b7s estudiantes de algunas de nuestras asignaturas de m\u00e1ster y de bachelor. Llamamos \u00ab\u00a0campa\u00f1as\u00a0\u00bb (en equipo o individuales) a momentos en los que realizamos un n\u00famero importante de entrevistas, coincidiendo &hellip; <\/p>\n<p class=\"link-more\"><a href=\"https:\/\/wp.unil.ch\/colesfran\/campanas\/\" class=\"more-link\">Continuer la lecture<span class=\"screen-reader-text\"> de &laquo;&nbsp;Campa\u00f1as&nbsp;&raquo;<\/span><\/a><\/p>\n","protected":false},"author":1001918,"featured_media":0,"parent":0,"menu_order":0,"comment_status":"closed","ping_status":"closed","template":"","meta":{"_seopress_robots_primary_cat":"","_seopress_titles_title":"","_seopress_titles_desc":"","_seopress_robots_index":"","footnotes":""},"class_list":["post-194","page","type-page","status-publish"],"_links":{"self":[{"href":"https:\/\/wp.unil.ch\/colesfran\/wp-json\/wp\/v2\/pages\/194","targetHints":{"allow":["GET"]}}],"collection":[{"href":"https:\/\/wp.unil.ch\/colesfran\/wp-json\/wp\/v2\/pages"}],"about":[{"href":"https:\/\/wp.unil.ch\/colesfran\/wp-json\/wp\/v2\/types\/page"}],"author":[{"embeddable":true,"href":"https:\/\/wp.unil.ch\/colesfran\/wp-json\/wp\/v2\/users\/1001918"}],"replies":[{"embeddable":true,"href":"https:\/\/wp.unil.ch\/colesfran\/wp-json\/wp\/v2\/comments?post=194"}],"version-history":[{"count":0,"href":"https:\/\/wp.unil.ch\/colesfran\/wp-json\/wp\/v2\/pages\/194\/revisions"}],"wp:attachment":[{"href":"https:\/\/wp.unil.ch\/colesfran\/wp-json\/wp\/v2\/media?parent=194"}],"curies":[{"name":"wp","href":"https:\/\/api.w.org\/{rel}","templated":true}]}}

Campañas

<p>El COLESfran se va formando a partir de las entrevistas realizadas por las lingüistas de la Sección de español de la UNIL en colaboración con lo·a·s estudiantes de algunas de nuestras asignaturas de máster y de bachelor. Llamamos « campañas » (en equipo o individuales) a momentos en los que realizamos un número importante de entrevistas, coincidiendo con una asignatura o con el trabajo de fin de máster de un·a estudiante:</p>
<p><strong>Otoño de 2013</strong> (campaña en equipo en el marco de la asignatura de máster « <span class="">Lingüística de la migración » – Mónica Castillo Lluch): participantes G1 españoles.</span></p>
<p><strong>Otoño de 2015</strong> (campaña en equipo en el marco de la asignatura de máster « <span class="">El español en Suiza » – Mónica Castillo Lluch): participantes G1 españoles.</span></p>
<p><strong>Primavera de 2017</strong> (campaña en equipo en el marco de la asignatura de máster « <span class="">Variedades del español americano en Suiza: </span>estado de la cuestión y análisis » <span class="">–</span> Elena Diez del Corral Areta): participantes G1 americanos.</p>
<p><strong>Otoño de 2019</strong> (campaña en equipo en el marco de la asignatura de máster « <span class="">El español en Suiza » – Mónica Castillo Lluch): participantes G1 españoles y americanos.</span></p>
<p><strong>Otoño de 2020</strong> (campaña en equipo en el marco del seminario de bachelor  « <span class="">Variedades del español » – Mónica Castillo Lluch): participantes G2 americanos.</span></p>
<p>Las <strong>campañas individuales</strong> han sido llevadas a cabo por los siguientes estudiantes:</p>
<p><strong>Roxane Morel</strong> (2015), participantes G1 chilenos.</p>
<p><strong>Mathieu Ballif </strong>(2015), participantes G2 españoles.</p>
<p><strong>Johanna Henao </strong>(2015), participantes G1 y G2 colombianos.</p>
<p><strong>Mariola Broccard </strong>(2018), participantes G1 españoles y americanos.</p>
<p><strong>Leslie Bezençon </strong>(2019), participantes G1 mexicanos.</p>
<p>En <strong>primavera de 2014</strong> realizamos una campaña de 4 entrevistas exploratorias en el <strong>cantón del Tesino</strong> en el marco de la asignatura de máster « <span class="">El español, lengua en contacto » </span><span class="">– Mónica Castillo Lluch.</span><strong><span class=""><br />
</span></strong></p>

<p>El COLESfran se va formando a partir de las entrevistas realizadas por las lingüistas de la Sección de español de la UNIL en colaboración con lo·a·s estudiantes de algunas de nuestras asignaturas de máster y de bachelor. Llamamos « campañas » (en equipo o individuales) a momentos en los que realizamos un número importante de entrevistas, coincidiendo &hellip; </p>
<p class="link-more"><a href="https://wp.unil.ch/colesfran/campanas/" class="more-link">Continuer la lecture<span class="screen-reader-text"> de &laquo;&nbsp;Campañas&nbsp;&raquo;</span></a></p>
