{"id":175,"date":"2019-04-08T14:24:24","date_gmt":"2019-04-08T12:24:24","guid":{"rendered":"http:\/\/wp.unil.ch\/colesfran\/?page_id=175"},"modified":"2020-09-17T10:11:15","modified_gmt":"2020-09-17T08:11:15","slug":"hispanohablantes-en-suiza","status":"publish","type":"page","link":"https:\/\/wp.unil.ch\/colesfran\/hispanohablantes-en-suiza\/","title":{"rendered":"Hispanohablantes en Suiza"},"content":{"rendered":"<p>En esta secci\u00f3n se recogen datos demoling\u00fc\u00edsticos de los hispanohablantes en Suiza y en la ciudad de Lausana, se ofrece un panorama del paisaje ling\u00fc\u00edstico en espa\u00f1ol de la ciudad de Lausana y se facilita un listado de las estructuras que proponen cursos de lengua y cultura de origen en toda Suiza.<\/p>\n","protected":false},"excerpt":{"rendered":"<p>En esta secci\u00f3n se recogen datos demoling\u00fc\u00edsticos de los hispanohablantes en Suiza y en la ciudad de Lausana, se ofrece un panorama del paisaje ling\u00fc\u00edstico en espa\u00f1ol de la ciudad de Lausana y se facilita un listado de las estructuras que proponen cursos de lengua y cultura de origen en toda Suiza.<\/p>\n","protected":false},"author":1001918,"featured_media":0,"parent":0,"menu_order":0,"comment_status":"closed","ping_status":"closed","template":"","meta":{"_seopress_robots_primary_cat":"","_seopress_titles_title":"","_seopress_titles_desc":"","_seopress_robots_index":"","footnotes":""},"class_list":["post-175","page","type-page","status-publish"],"_links":{"self":[{"href":"https:\/\/wp.unil.ch\/colesfran\/wp-json\/wp\/v2\/pages\/175","targetHints":{"allow":["GET"]}}],"collection":[{"href":"https:\/\/wp.unil.ch\/colesfran\/wp-json\/wp\/v2\/pages"}],"about":[{"href":"https:\/\/wp.unil.ch\/colesfran\/wp-json\/wp\/v2\/types\/page"}],"author":[{"embeddable":true,"href":"https:\/\/wp.unil.ch\/colesfran\/wp-json\/wp\/v2\/users\/1001918"}],"replies":[{"embeddable":true,"href":"https:\/\/wp.unil.ch\/colesfran\/wp-json\/wp\/v2\/comments?post=175"}],"version-history":[{"count":0,"href":"https:\/\/wp.unil.ch\/colesfran\/wp-json\/wp\/v2\/pages\/175\/revisions"}],"wp:attachment":[{"href":"https:\/\/wp.unil.ch\/colesfran\/wp-json\/wp\/v2\/media?parent=175"}],"curies":[{"name":"wp","href":"https:\/\/api.w.org\/{rel}","templated":true}]}}

<p>En esta sección se recogen datos demolingüísticos de los hispanohablantes en Suiza y en la ciudad de Lausana, se ofrece un panorama del paisaje lingüístico en español de la ciudad de Lausana y se facilita un listado de las estructuras que proponen cursos de lengua y cultura de origen en toda Suiza.</p>
