{"id":147,"date":"2019-04-08T14:09:54","date_gmt":"2019-04-08T12:09:54","guid":{"rendered":"http:\/\/wp.unil.ch\/colesfran\/?page_id=147"},"modified":"2020-12-21T18:44:52","modified_gmt":"2020-12-21T17:44:52","slug":"publicaciones","status":"publish","type":"page","link":"https:\/\/wp.unil.ch\/colesfran\/publicaciones\/","title":{"rendered":"Publicaciones"},"content":{"rendered":"<p>Las investigaciones sobre el espa\u00f1ol en la Suiza franc\u00f3fona que realizamos en la Secci\u00f3n de espa\u00f1ol de la UNIL se plasman en art\u00edculos del equipo de ling\u00fcistas del COLESfran y en\u00a0 trabajos de seminarios y de tesinas de m\u00e1ster de los estudiantes. En esta secci\u00f3n podr\u00e1 descubrir todos estos trabajos. Le ofrecemos, adem\u00e1s, una bibliograf\u00eda del espa\u00f1ol en Suiza que recoge el conjunto de estudios producidos por los especialistas sobre la lengua espa\u00f1ola en este pa\u00eds.<\/p>\n\n\n<p><\/p>\n","protected":false},"excerpt":{"rendered":"<p>Las investigaciones sobre el espa\u00f1ol en la Suiza franc\u00f3fona que realizamos en la Secci\u00f3n de espa\u00f1ol de la UNIL se plasman en art\u00edculos del equipo de ling\u00fcistas del COLESfran y en\u00a0 trabajos de seminarios y de tesinas de m\u00e1ster de los estudiantes. En esta secci\u00f3n podr\u00e1 descubrir todos estos trabajos. Le ofrecemos, adem\u00e1s, una bibliograf\u00eda &hellip; <\/p>\n<p class=\"link-more\"><a href=\"https:\/\/wp.unil.ch\/colesfran\/publicaciones\/\" class=\"more-link\">Continuer la lecture<span class=\"screen-reader-text\"> de &laquo;&nbsp;Publicaciones&nbsp;&raquo;<\/span><\/a><\/p>\n","protected":false},"author":1001918,"featured_media":0,"parent":0,"menu_order":0,"comment_status":"closed","ping_status":"closed","template":"","meta":{"_seopress_robots_primary_cat":"","_seopress_titles_title":"","_seopress_titles_desc":"","_seopress_robots_index":"","footnotes":""},"class_list":["post-147","page","type-page","status-publish"],"_links":{"self":[{"href":"https:\/\/wp.unil.ch\/colesfran\/wp-json\/wp\/v2\/pages\/147","targetHints":{"allow":["GET"]}}],"collection":[{"href":"https:\/\/wp.unil.ch\/colesfran\/wp-json\/wp\/v2\/pages"}],"about":[{"href":"https:\/\/wp.unil.ch\/colesfran\/wp-json\/wp\/v2\/types\/page"}],"author":[{"embeddable":true,"href":"https:\/\/wp.unil.ch\/colesfran\/wp-json\/wp\/v2\/users\/1001918"}],"replies":[{"embeddable":true,"href":"https:\/\/wp.unil.ch\/colesfran\/wp-json\/wp\/v2\/comments?post=147"}],"version-history":[{"count":0,"href":"https:\/\/wp.unil.ch\/colesfran\/wp-json\/wp\/v2\/pages\/147\/revisions"}],"wp:attachment":[{"href":"https:\/\/wp.unil.ch\/colesfran\/wp-json\/wp\/v2\/media?parent=147"}],"curies":[{"name":"wp","href":"https:\/\/api.w.org\/{rel}","templated":true}]}}

<p>Las investigaciones sobre el español en la Suiza francófona que realizamos en la Sección de español de la UNIL se plasman en artículos del equipo de lingüistas del COLESfran y en  trabajos de seminarios y de tesinas de máster de los estudiantes. En esta sección podrá descubrir todos estos trabajos. Le ofrecemos, además, una bibliografía del español en Suiza que recoge el conjunto de estudios producidos por los especialistas sobre la lengua española en este país.</p>


<p></p>

<p>Las investigaciones sobre el español en la Suiza francófona que realizamos en la Sección de español de la UNIL se plasman en artículos del equipo de lingüistas del COLESfran y en  trabajos de seminarios y de tesinas de máster de los estudiantes. En esta sección podrá descubrir todos estos trabajos. Le ofrecemos, además, una bibliografía &hellip; </p>
<p class="link-more"><a href="https://wp.unil.ch/colesfran/publicaciones/" class="more-link">Continuer la lecture<span class="screen-reader-text"> de &laquo;&nbsp;Publicaciones&nbsp;&raquo;</span></a></p>
