{"id":6,"date":"2019-11-28T16:00:19","date_gmt":"2019-11-28T15:00:19","guid":{"rendered":"http:\/\/wp.unil.ch\/modele\/?page_id=6"},"modified":"2024-11-08T16:27:45","modified_gmt":"2024-11-08T15:27:45","slug":"home","status":"publish","type":"page","link":"https:\/\/wp.unil.ch\/coac\/","title":{"rendered":"COAC"},"content":{"rendered":"\n<figure class=\"wp-block-image size-full\"><img alt=\"\" loading=\"lazy\" decoding=\"async\" width=\"1920\" height=\"909\" src=\"https:\/\/wp.unil.ch\/coac\/files\/2024\/11\/COACCCCCC.png\" alt=\"\" class=\"wp-image-374\" srcset=\"https:\/\/wp.unil.ch\/coac\/files\/2024\/11\/COACCCCCC.png 1920w, https:\/\/wp.unil.ch\/coac\/files\/2024\/11\/COACCCCCC-300x142.png 300w, https:\/\/wp.unil.ch\/coac\/files\/2024\/11\/COACCCCCC-1024x485.png 1024w, https:\/\/wp.unil.ch\/coac\/files\/2024\/11\/COACCCCCC-768x364.png 768w, https:\/\/wp.unil.ch\/coac\/files\/2024\/11\/COACCCCCC-1536x727.png 1536w, https:\/\/wp.unil.ch\/coac\/files\/2024\/11\/COACCCCCC-1200x568.png 1200w\" sizes=\"auto, (max-width: 1920px) 100vw, 1920px\" \/><\/figure>\n\n\n\n<h2 class=\"wp-block-heading\">Accueil et pr\u00e9sentation<\/h2>\n\n\n\n<p>Le <strong>Colloque sur l&rsquo;Analyse Criminelle<\/strong> ambitionne de cr\u00e9er des synergies entre les diff\u00e9rentes formes d&rsquo;analyse et ouvrir un dialogue interdisciplinaire constructif.<\/p>\n\n\n\n<p>Organis\u00e9e par l&rsquo;Universit\u00e9 de Lausanne et la Police de S\u00fbret\u00e9 Vaudoise, cette rencontre r\u00e9unira praticiens et acad\u00e9miciens pour explorer de nouvelles perspectives et approfondir la compr\u00e9hension collective des enjeux contemporains.<\/p>\n\n\n\n<p>La premi\u00e8re \u00e9dition du <strong>COAC<\/strong> se d\u00e9roulera le <strong>11 f\u00e9vrier 2025<\/strong> sur le Campus de l&rsquo;Universit\u00e9 de Lausanne.<\/p>\n\n\n\n<p><strong><a href=\"https:\/\/wp.unil.ch\/coac\/programme\/\">Programme 2025 \u2197<\/a><\/strong><\/p>\n\n\n\n<p><strong><a href=\"mailto:formation.esc@unil.ch\">Nous contacter \u2197<\/a><\/strong><\/p>\n\n\n\n<h2 class=\"wp-block-heading\">Inscriptions<\/h2>\n\n\n\n<p>Le colloque est <strong>ouvert \u00e0 tous<\/strong> !<\/p>\n\n\n\n<p>La participation est fix\u00e9e \u00e0 <strong>CHF 50.00<\/strong>. Ce tarif inclut un caf\u00e9-croissant \u00e0 l&rsquo;accueil, un repas de midi ainsi qu&rsquo;un verre en fin de journ\u00e9e pour trinquer ensemble et cl\u00f4turer l&rsquo;\u00e9v\u00e9nement dans une ambiance conviviale.<\/p>\n\n\n\n<p>Les inscriptions sont ouvertes jusqu&rsquo;au<strong> 17 janvier 2025<\/strong>. N&rsquo;attendez pas pour vous inscrire et garantir votre place lors de cette journ\u00e9e d&rsquo;\u00e9changes enrichissants !<\/p>\n\n\n\n<p><strong><a href=\"https:\/\/events.unil.ch\/register\/370\">Inscriptions \u2197<\/a><\/strong><\/p>\n\n\n\n<p><\/p>\n","protected":false},"excerpt":{"rendered":"<p>Accueil et pr\u00e9sentation Le Colloque sur l&rsquo;Analyse Criminelle ambitionne de cr\u00e9er des synergies entre les diff\u00e9rentes formes d&rsquo;analyse et ouvrir un dialogue interdisciplinaire constructif. Organis\u00e9e par l&rsquo;Universit\u00e9 de Lausanne et la Police de S\u00fbret\u00e9 Vaudoise, cette rencontre r\u00e9unira praticiens et acad\u00e9miciens pour explorer de nouvelles perspectives et approfondir la compr\u00e9hension collective des enjeux contemporains. La [&hellip;]<\/p>\n","protected":false},"author":108,"featured_media":0,"parent":0,"menu_order":0,"comment_status":"closed","ping_status":"closed","template":"","meta":{"_seopress_robots_primary_cat":"","_seopress_titles_title":"","_seopress_titles_desc":"","_seopress_robots_index":"","footnotes":""},"class_list":["post-6","page","type-page","status-publish"],"_links":{"self":[{"href":"https:\/\/wp.unil.ch\/coac\/wp-json\/wp\/v2\/pages\/6","targetHints":{"allow":["GET"]}}],"collection":[{"href":"https:\/\/wp.unil.ch\/coac\/wp-json\/wp\/v2\/pages"}],"about":[{"href":"https:\/\/wp.unil.ch\/coac\/wp-json\/wp\/v2\/types\/page"}],"author":[{"embeddable":true,"href":"https:\/\/wp.unil.ch\/coac\/wp-json\/wp\/v2\/users\/108"}],"replies":[{"embeddable":true,"href":"https:\/\/wp.unil.ch\/coac\/wp-json\/wp\/v2\/comments?post=6"}],"version-history":[{"count":4,"href":"https:\/\/wp.unil.ch\/coac\/wp-json\/wp\/v2\/pages\/6\/revisions"}],"predecessor-version":[{"id":384,"href":"https:\/\/wp.unil.ch\/coac\/wp-json\/wp\/v2\/pages\/6\/revisions\/384"}],"wp:attachment":[{"href":"https:\/\/wp.unil.ch\/coac\/wp-json\/wp\/v2\/media?parent=6"}],"curies":[{"name":"wp","href":"https:\/\/api.w.org\/{rel}","templated":true}]}}

<figure class="wp-block-image size-full"><img alt="" loading="lazy" decoding="async" width="1920" height="909" src="https://wp.unil.ch/coac/files/2024/11/COACCCCCC.png" alt="" class="wp-image-374" srcset="https://wp.unil.ch/coac/files/2024/11/COACCCCCC.png 1920w, https://wp.unil.ch/coac/files/2024/11/COACCCCCC-300x142.png 300w, https://wp.unil.ch/coac/files/2024/11/COACCCCCC-1024x485.png 1024w, https://wp.unil.ch/coac/files/2024/11/COACCCCCC-768x364.png 768w, https://wp.unil.ch/coac/files/2024/11/COACCCCCC-1536x727.png 1536w, https://wp.unil.ch/coac/files/2024/11/COACCCCCC-1200x568.png 1200w" sizes="auto, (max-width: 1920px) 100vw, 1920px" /></figure>



<h2 class="wp-block-heading">Accueil et présentation</h2>



<p>Le <strong>Colloque sur l&rsquo;Analyse Criminelle</strong> ambitionne de créer des synergies entre les différentes formes d&rsquo;analyse et ouvrir un dialogue interdisciplinaire constructif.</p>



<p>Organisée par l&rsquo;Université de Lausanne et la Police de Sûreté Vaudoise, cette rencontre réunira praticiens et académiciens pour explorer de nouvelles perspectives et approfondir la compréhension collective des enjeux contemporains.</p>



<p>La première édition du <strong>COAC</strong> se déroulera le <strong>11 février 2025</strong> sur le Campus de l&rsquo;Université de Lausanne.</p>



<p><strong><a href="https://wp.unil.ch/coac/programme/">Programme 2025 ↗</a></strong></p>



<p><strong><a href="mailto:formation.esc@unil.ch">Nous contacter ↗</a></strong></p>



<h2 class="wp-block-heading">Inscriptions</h2>



<p>Le colloque est <strong>ouvert à tous</strong> !</p>



<p>La participation est fixée à <strong>CHF 50.00</strong>. Ce tarif inclut un café-croissant à l&rsquo;accueil, un repas de midi ainsi qu&rsquo;un verre en fin de journée pour trinquer ensemble et clôturer l&rsquo;événement dans une ambiance conviviale.</p>



<p>Les inscriptions sont ouvertes jusqu&rsquo;au<strong> 17 janvier 2025</strong>. N&rsquo;attendez pas pour vous inscrire et garantir votre place lors de cette journée d&rsquo;échanges enrichissants !</p>



<p><strong><a href="https://events.unil.ch/register/370">Inscriptions ↗</a></strong></p>



<p></p>

<p>Accueil et présentation Le Colloque sur l&rsquo;Analyse Criminelle ambitionne de créer des synergies entre les différentes formes d&rsquo;analyse et ouvrir un dialogue interdisciplinaire constructif. Organisée par l&rsquo;Université de Lausanne et la Police de Sûreté Vaudoise, cette rencontre réunira praticiens et académiciens pour explorer de nouvelles perspectives et approfondir la compréhension collective des enjeux contemporains. La [&hellip;]</p>
