{"id":83,"date":"2014-02-06T19:22:36","date_gmt":"2014-02-06T18:22:36","guid":{"rendered":"http:\/\/wp.unil.ch\/cinematheque-unil\/?page_id=83"},"modified":"2026-02-14T23:47:33","modified_gmt":"2026-02-14T22:47:33","slug":"une-histoire-de-la-cinematheque-suisse","status":"publish","type":"page","link":"https:\/\/wp.unil.ch\/cinematheque-unil\/projets\/une-histoire-de-la-cinematheque-suisse\/","title":{"rendered":"Histoire de la Cin\u00e9math\u00e8que suisse"},"content":{"rendered":"<div style=\"background-color: #f5f5f5\">\n<p style=\"color: #24445c;text-align: center;font-size: large\"><strong>Cin\u00e9math\u00e8que suisse :\u00a0une histoire institutionnelle<\/strong><\/p>\n<p style=\"text-align: center;font-size: medium\"><img loading=\"lazy\" decoding=\"async\" class=\"aligncenter size-full wp-image-1474\" src=\"https:\/\/wp.unil.ch\/cinematheque-unil\/files\/2014\/02\/SECTION_01.jpg\" alt=\"SECTION_01\" width=\"1024\" height=\"300\" srcset=\"https:\/\/wp.unil.ch\/cinematheque-unil\/files\/2014\/02\/SECTION_01.jpg 1024w, https:\/\/wp.unil.ch\/cinematheque-unil\/files\/2014\/02\/SECTION_01-300x88.jpg 300w, https:\/\/wp.unil.ch\/cinematheque-unil\/files\/2014\/02\/SECTION_01-500x146.jpg 500w\" sizes=\"auto, (max-width: 1024px) 100vw, 1024px\" \/><\/p>\n<p style=\"text-align: center;font-size: small\"><a title=\"Pr\u00e9sentation\" href=\"https:\/\/wp.unil.ch\/cinematheque-unil\/projets\/une-histoire-de-la-cinematheque-suisse\/presentation\/\">PR\u00c9SENTATION<\/a>\u00a0| <a title=\"Axes de recherche\" href=\"https:\/\/wp.unil.ch\/cinematheque-unil\/projets\/une-histoire-de-la-cinematheque-suisse\/axes-de-recherche\/\">AXES DE RECHERCHE<\/a>\u00a0| <a title=\"Publications\" href=\"https:\/\/wp.unil.ch\/cinematheque-unil\/projets\/une-histoire-de-la-cinematheque-suisse\/analyses\/\">PUBLICATIONS<\/a> | <a title=\"Zooms\" href=\"https:\/\/wp.unil.ch\/cinematheque-unil\/vitrine\/zooms-sur-les-projets\/\">ZOOMS<\/a>\u00a0| <a title=\"Portraits\" href=\"https:\/\/wp.unil.ch\/cinematheque-unil\/projets\/portraits\/\">PORTRAITS<\/a> | <a title=\"Bibliographie s\u00e9lective\" href=\"https:\/\/wp.unil.ch\/cinematheque-unil\/projets\/une-histoire-de-la-cinematheque-suisse\/bibliographie\/\">BIBLIOGRAPHIE S\u00c9LECTIVE<\/a><\/p>\n<p style=\"font-size: small;text-align: right\">Illustration : carte postale du Casino de Montbenon,<br \/>\nsi\u00e8ge de la Cin\u00e9math\u00e8que suisse\u00a0\u00e0 Lausanne depuis 1981, s.d.<br \/>\n\u00a9 Tous droits r\u00e9serv\u00e9s\/collection Cin\u00e9math\u00e8que suisse.<\/p>\n<\/div>\n","protected":false},"excerpt":{"rendered":"<p>Cin\u00e9math\u00e8que suisse :\u00a0une histoire institutionnelle PR\u00c9SENTATION\u00a0| AXES DE RECHERCHE\u00a0| PUBLICATIONS | ZOOMS\u00a0| PORTRAITS | BIBLIOGRAPHIE S\u00c9LECTIVE Illustration : carte postale du Casino de Montbenon, si\u00e8ge de la Cin\u00e9math\u00e8que suisse\u00a0\u00e0 Lausanne depuis 1981, s.d. \u00a9 Tous droits r\u00e9serv\u00e9s\/collection Cin\u00e9math\u00e8que suisse.<\/p>\n","protected":false},"author":1469,"featured_media":0,"parent":79,"menu_order":35,"comment_status":"closed","ping_status":"closed","template":"","meta":{"_seopress_robots_primary_cat":"","_seopress_titles_title":"","_seopress_titles_desc":"","_seopress_robots_index":"","footnotes":""},"class_list":["post-83","page","type-page","status-publish"],"_links":{"self":[{"href":"https:\/\/wp.unil.ch\/cinematheque-unil\/wp-json\/wp\/v2\/pages\/83","targetHints":{"allow":["GET"]}}],"collection":[{"href":"https:\/\/wp.unil.ch\/cinematheque-unil\/wp-json\/wp\/v2\/pages"}],"about":[{"href":"https:\/\/wp.unil.ch\/cinematheque-unil\/wp-json\/wp\/v2\/types\/page"}],"author":[{"embeddable":true,"href":"https:\/\/wp.unil.ch\/cinematheque-unil\/wp-json\/wp\/v2\/users\/1469"}],"replies":[{"embeddable":true,"href":"https:\/\/wp.unil.ch\/cinematheque-unil\/wp-json\/wp\/v2\/comments?post=83"}],"version-history":[{"count":2,"href":"https:\/\/wp.unil.ch\/cinematheque-unil\/wp-json\/wp\/v2\/pages\/83\/revisions"}],"predecessor-version":[{"id":9126,"href":"https:\/\/wp.unil.ch\/cinematheque-unil\/wp-json\/wp\/v2\/pages\/83\/revisions\/9126"}],"up":[{"embeddable":true,"href":"https:\/\/wp.unil.ch\/cinematheque-unil\/wp-json\/wp\/v2\/pages\/79"}],"wp:attachment":[{"href":"https:\/\/wp.unil.ch\/cinematheque-unil\/wp-json\/wp\/v2\/media?parent=83"}],"curies":[{"name":"wp","href":"https:\/\/api.w.org\/{rel}","templated":true}]}}