{"id":79,"date":"2014-02-05T19:02:40","date_gmt":"2014-02-05T18:02:40","guid":{"rendered":"http:\/\/wp.unil.ch\/cinematheque-unil\/?page_id=79"},"modified":"2024-02-12T13:14:12","modified_gmt":"2024-02-12T12:14:12","slug":"projets","status":"publish","type":"page","link":"https:\/\/wp.unil.ch\/cinematheque-unil\/projets\/","title":{"rendered":"PROJETS COLLECTIFS"},"content":{"rendered":"<p><img loading=\"lazy\" decoding=\"async\" class=\"aligncenter size-full wp-image-1587\" src=\"https:\/\/wp.unil.ch\/cinematheque-unil\/files\/2015\/01\/CATEGORIE_PROJETS.jpg\" alt=\"CATEGORIE_PROJETS\" width=\"1024\" height=\"215\" srcset=\"https:\/\/wp.unil.ch\/cinematheque-unil\/files\/2015\/01\/CATEGORIE_PROJETS.jpg 1024w, https:\/\/wp.unil.ch\/cinematheque-unil\/files\/2015\/01\/CATEGORIE_PROJETS-300x63.jpg 300w, https:\/\/wp.unil.ch\/cinematheque-unil\/files\/2015\/01\/CATEGORIE_PROJETS-500x105.jpg 500w\" sizes=\"auto, (max-width: 1024px) 100vw, 1024px\" \/><\/p>\n<h3>Projets en cours<\/h3>\n<ul>\n<li><a href=\"https:\/\/wp.unil.ch\/cinematheque-unil\/histoire-de-lanimation-suisse-francophone\/\">Histoire de l&rsquo;animation suisse francophone<\/a><\/li>\n<li><a href=\"https:\/\/wp.unil.ch\/cinematheque-unil\/nagra-histoire-du-cinema-et-archeologie-des-medias-sonores-en-suisse\/\">Nagra, histoire du cin\u00e9ma et arch\u00e9ologie des m\u00e9dias sonores en Suisse<\/a><\/li>\n<li><a href=\"https:\/\/wp.unil.ch\/cinematheque-unil\/tanner-et-le-scenario\/\">Le sc\u00e9nario chez Alain Tanner\u00a0: discours et pratiques. Une approche g\u00e9n\u00e9tique du r\u00e9cit filmique et des repr\u00e9sentations de genre<\/a><\/li>\n<li><a href=\"https:\/\/wp.unil.ch\/cinematheque-unil\/cinema-et-neuropsychiatrie-en-suisse-autour-de-la-collection-waldau-1920-1990\/\" target=\"_blank\" rel=\"noopener\">Cin\u00e9ma et (neuro)psychiatrie en Suisse : autour des collections Waldau (1920-1970)<\/a><\/li>\n<\/ul>\n<h3>Projets achev\u00e9s<\/h3>\n<ul>\n<li><a href=\"https:\/\/wp.unil.ch\/cinematheque-unil\/projets\/la-cinematheque-suisse-entre-1951-et-1981\/\">Contribution \u00e0 une histoire de la culture cin\u00e9matographique en Suisse : \u00e9tude des activit\u00e9s de la Cin\u00e9math\u00e8que suisse entre 1951 et 1981<\/a><\/li>\n<li><a title=\"Histoire de la Cin\u00e9math\u00e8que suisse\" href=\"https:\/\/wp.unil.ch\/cinematheque-unil\/projets\/une-histoire-de-la-cinematheque-suisse\/\">Cin\u00e9math\u00e8que suisse : une histoire institutionnelle<\/a><\/li>\n<li><a title=\"Discours du sc\u00e9nario\" href=\"https:\/\/wp.unil.ch\/cinematheque-unil\/projets\/discours-du-scenario-etude-historique-et-genetique-des-adaptations-cinematographiques-de-stendhal\/\">Discours du sc\u00e9nario : \u00e9tude historique et g\u00e9n\u00e9tique des adaptations cin\u00e9matographiques de Stendhal<\/a><\/li>\n<li><a title=\"Le cin\u00e9ma de Nag et Gis\u00e8le Ansorge\" href=\"https:\/\/wp.unil.ch\/cinematheque-unil\/projets\/le-cinema-de-nag-et-gisele-ansorge\/\">Le cin\u00e9ma de Nag et Gis\u00e8le Ansorge :\u00a0institutions, pratiques et formes.<\/a><\/li>\n<li><a title=\"Bolex et le cin\u00e9ma amateur\" href=\"https:\/\/wp.unil.ch\/cinematheque-unil\/projets\/bolex-et-le-cinema-amateur\/\">Histoire des machines et arch\u00e9ologie des pratiques : Bolex et le cin\u00e9ma amateur en Suisse<\/a><\/li>\n<li><a title=\"Croisements industriels\" href=\"https:\/\/wp.unil.ch\/cinematheque-unil\/projets\/croisements-industriels\/\">Liaisons a\u00e9riennes : aux croisements industriels du cin\u00e9ma et de l\u2019aviation<\/a><\/li>\n<li><a title=\"Personnage et vedettariat au prisme du genre\" href=\"https:\/\/wp.unil.ch\/cinematheque-unil\/projets\/personnage-et-vedettariat-au-prisme-du-genre\/\">Personnage et vedettariat au prisme du genre (<em>gender<\/em>) : \u00e9tude de la fabrique des repr\u00e9sentations cin\u00e9matographiques.<\/a><\/li>\n<li><a href=\"https:\/\/wp.unil.ch\/cinematheque-unil\/projets\/entrelacs\/\">EntreLACS : lumi\u00e8res sur les archives du cin\u00e9ma sensible<\/a><\/li>\n<li><a title=\"Cin\u00e9m\u00e9moire.ch\" href=\"https:\/\/wp.unil.ch\/cinememoire\/\" target=\"_blank\" rel=\"noopener\">Cin\u00e9m\u00e9moire.ch La production en Suisse romande \u00e0 l\u2019\u00e9poque du \u201cnouveau cin\u00e9ma\u201d (ann\u00e9es 1960-70), t\u00e9l\u00e9vision et r\u00e9seaux<\/a><\/li>\n<\/ul>\n","protected":false},"excerpt":{"rendered":"<p>Projets en cours Histoire de l&rsquo;animation suisse francophone Nagra, histoire du cin\u00e9ma et arch\u00e9ologie des m\u00e9dias sonores en Suisse Le sc\u00e9nario chez Alain Tanner\u00a0: discours et pratiques. Une approche g\u00e9n\u00e9tique du r\u00e9cit filmique et des repr\u00e9sentations de genre Cin\u00e9ma et<\/p>\n","protected":false},"author":1469,"featured_media":0,"parent":0,"menu_order":51,"comment_status":"closed","ping_status":"closed","template":"","meta":{"_seopress_robots_primary_cat":"","_seopress_titles_title":"","_seopress_titles_desc":"","_seopress_robots_index":"","footnotes":""},"class_list":["post-79","page","type-page","status-publish"],"_links":{"self":[{"href":"https:\/\/wp.unil.ch\/cinematheque-unil\/wp-json\/wp\/v2\/pages\/79","targetHints":{"allow":["GET"]}}],"collection":[{"href":"https:\/\/wp.unil.ch\/cinematheque-unil\/wp-json\/wp\/v2\/pages"}],"about":[{"href":"https:\/\/wp.unil.ch\/cinematheque-unil\/wp-json\/wp\/v2\/types\/page"}],"author":[{"embeddable":true,"href":"https:\/\/wp.unil.ch\/cinematheque-unil\/wp-json\/wp\/v2\/users\/1469"}],"replies":[{"embeddable":true,"href":"https:\/\/wp.unil.ch\/cinematheque-unil\/wp-json\/wp\/v2\/comments?post=79"}],"version-history":[{"count":5,"href":"https:\/\/wp.unil.ch\/cinematheque-unil\/wp-json\/wp\/v2\/pages\/79\/revisions"}],"predecessor-version":[{"id":7465,"href":"https:\/\/wp.unil.ch\/cinematheque-unil\/wp-json\/wp\/v2\/pages\/79\/revisions\/7465"}],"wp:attachment":[{"href":"https:\/\/wp.unil.ch\/cinematheque-unil\/wp-json\/wp\/v2\/media?parent=79"}],"curies":[{"name":"wp","href":"https:\/\/api.w.org\/{rel}","templated":true}]}}