{"id":7732,"date":"2024-09-12T20:18:46","date_gmt":"2024-09-12T18:18:46","guid":{"rendered":"https:\/\/wp.unil.ch\/cinematheque-unil\/?page_id=7732"},"modified":"2024-09-19T12:07:03","modified_gmt":"2024-09-19T10:07:03","slug":"robi-engler-graphiste-animateur-producteur-et-enseignant","status":"publish","type":"page","link":"https:\/\/wp.unil.ch\/cinematheque-unil\/robi-engler-graphiste-animateur-producteur-et-enseignant\/","title":{"rendered":"Robi Engler, graphiste, animateur, producteur et enseignant"},"content":{"rendered":"<ol class=\"breadcrumb\">\n<li><a href=\"https:\/\/wp.unil.ch\/cinematheque-unil\/projets\/\">Projets<\/a><\/li>\n<li><a href=\"https:\/\/wp.unil.ch\/cinematheque-unil\/projets\/histoire-de-lanimation-suisse-francophone\/\">Histoire de l\u2019animation suisse francophone<\/a><\/li>\n<li><a href=\"https:\/\/wp.unil.ch\/cinematheque-unil\/histoire-de-lanimation-suisse-francophone\/presentation\/\n\">Pr\u00e9sentation<\/a><\/li>\n<li class=\"current\"><a>Robi Engler, graphiste, animateur, producteur et enseignant<\/a><\/li>\n<\/ol>\n\n\n<h3 class=\"wp-block-heading\"><strong>Robi Engler, graphiste, animateur, producteur et enseignant<\/strong><\/h3>\n\n\n<div class=\"wp-block-image\">\n<figure class=\"alignleft size-large is-resized\"><a href=\"https:\/\/wp.unil.ch\/cinematheque-unil\/files\/2024\/09\/Volbecs.png\"><img alt=\"\" loading=\"lazy\" decoding=\"async\" width=\"1024\" height=\"787\" src=\"https:\/\/wp.unil.ch\/cinematheque-unil\/files\/2024\/09\/Volbecs-1024x787.png\" alt=\"\" class=\"wp-image-7734\" style=\"width:469px;height:auto\" srcset=\"https:\/\/wp.unil.ch\/cinematheque-unil\/files\/2024\/09\/Volbecs-1024x787.png 1024w, https:\/\/wp.unil.ch\/cinematheque-unil\/files\/2024\/09\/Volbecs-300x231.png 300w, https:\/\/wp.unil.ch\/cinematheque-unil\/files\/2024\/09\/Volbecs-768x591.png 768w, https:\/\/wp.unil.ch\/cinematheque-unil\/files\/2024\/09\/Volbecs.png 1402w\" sizes=\"auto, (max-width: 1024px) 100vw, 1024px\" \/><\/a><figcaption class=\"wp-element-caption\">Robi Engler, <em>Les Volbecs <\/em>\u00a9 1993 Animagination<\/figcaption><\/figure>\n<\/div>\n\n\n<p><\/p><p><\/p><p><\/p><p><\/p><p><\/p><p style=\"text-align: justify\">Comme Edmond Liechti, Robi Engler a fond\u00e9 son studio : Animagination (1975), tr\u00e8s actif dans les ann\u00e9es 80 et 90. Ses cr\u00e9ations, ses collaborations et ses engagements ouvrent cependant d\u2019autres perspectives sur la mani\u00e8re de s\u2019inscrire dans le cin\u00e9ma d\u2019animation en Suisse francophone. Engag\u00e9 dans l\u2019institutionnalisation de l\u2019animation, souvent consid\u00e9r\u00e9e comme marginale par rapport au \u00ab cin\u00e9ma \u00bb, ou du moins comme un \u00ab genre \u00bb \u00e0 part, Engler participe activement \u00e0 la fondation du Groupement suisse du film d\u2019animation (GSFA), qui r\u00e9unit les professionnels de l\u2019animation et se bat sur le plan politique et institutionnel pour la reconnaissance et le financement des oeuvres, de l\u2019aide \u00e0 leur diffusion \u2013 notamment par la cr\u00e9ation du prix du film d\u2019animation aux Journ\u00e9es cin\u00e9matographiques de Soleure. Cette structuration du champ se fait avec des acteurs essentiels comme Nag Ansorge et Bruno Edera, notamment, dans une perspective o\u00f9 le film de commande et la cr\u00e9ation personnelle, revendiqu\u00e9e comme artistique, sont promues parall\u00e8lement. Cette activit\u00e9 ne se d\u00e9veloppe pas en vase clos sur le terrain helv\u00e9tique. \u00c0 travers les festivals d\u2019animation qui se cr\u00e9ent en Europe et dans le monde, tout particuli\u00e8rement les Journ\u00e9es internationales du cin\u00e9ma d\u2019animation (JICA) \u00e9manant du festival de Cannes, qui s\u2019installent pour leur troisi\u00e8me \u00e9dition et d\u00e9finitivement \u00e0 Annecy en 1960 (Joubert-Laurencin 1997) les animateurs suisses ne cesseront d\u2019\u00eatre en lien avec l\u2019animation internationale, et leurs films circuleront et seront montr\u00e9s dans ce r\u00e9seau de diffusion sp\u00e9cialis\u00e9. Tr\u00e8s impliqu\u00e9 au sein des festivals, tout particuli\u00e8rement \u00e0 Annecy, Robi Engler est parvenu \u00e0 d\u00e9velopper un vaste r\u00e9seau de personnes au niveau international. Dans ce contexte, il s\u2019investit \u00e0 sa mani\u00e8re dans la transmission du savoir, invit\u00e9 en Europe et dans le monde pour enseigner l\u2019animation. Pour en faire conna\u00eetre les techniques, il publie ainsi un ouvrage con\u00e7u comme un manuel qui sera r\u00e9\u00e9dit\u00e9 \u00e0 plusieurs reprises (Engler 2014).<\/p>\n\n\n\n<p><\/p><p style=\"text-align: justify\">\u00c9tudier \u00ab Engler \u00bb suppose d\u2019aborder un autre aspect de la cr\u00e9ation du film d\u2019animation : la production et la r\u00e9alisation de courts m\u00e9trages pour enfants d\u2019environ 5 minutes dans un nouveau contexte m\u00e9diatique. Robi Engler, qui collabore dans ce but au sein du groupe NRJ mont\u00e9 avec Nag et Gis\u00e8le Ansorge ainsi que Nicole et Jean Perrin, est moteur dans la cr\u00e9ation m\u00eame du groupe. D\u00e9velopp\u00e9e actuellement sur un petit corpus dans le m\u00e9moire de master de R\u00e9my Aubert, cette recherche \u00e9tendue au niveau de la th\u00e8se s\u2019appuiera sur les travaux que nous avons conduits sur le couple Ansorge. En analysant le fonctionnement collectif des membres de NRJ \u2013 les modalit\u00e9s des \u00e9changes, le partage du travail, le r\u00f4le de leurs diff\u00e9rents studios en interaction \u2013, cette recherche permettra de suivre le d\u00e9veloppement conjoint de la t\u00e9l\u00e9vision et de l\u2019animation en Suisse. <\/p>\n\n\n\n<p><\/p><p><\/p><p><\/p><p><\/p><p><\/p><p style=\"text-align: justify\">La demande venant de la t\u00e9l\u00e9vision romande transforme l\u2019esth\u00e9tique des films qui se soumettent \u00e0 des budgets tr\u00e8s calibr\u00e9s ainsi qu\u2019\u00e0 une exigence de rapidit\u00e9 dans le travail, ce qui implique des techniques de fabrication nouvelles, l\u2019animation limit\u00e9e. La conception du mouvement \u00e0 partir des graphismes adapt\u00e9s aux besoins t\u00e9l\u00e9visuels soul\u00e8ve des questions de nature technique et esth\u00e9tique. Travailler sur \u00ab Engler \u00bb supposera aussi d\u2019interroger le d\u00e9veloppement de ces formes \u00e0 la T\u00e9l\u00e9vision suisse romande. <\/p>\n\n\n\n<p><\/p><p><\/p><p><\/p><p><\/p><p><\/p><p style=\"text-align: justify\">La dimension internationale de Robi Engler est une des caract\u00e9ristiques de son action, et cela, d\u00e8s sa formation : apr\u00e8s un apprentissage de graphiste, il \u00e9tudie l\u2019animation \u00e0 l\u2019\u00c9cole nationale sup\u00e9rieure des arts d\u00e9coratifs \u00e0 Paris, o\u00f9 il pourra travailler dans la publicit\u00e9. Bien au-del\u00e0 de la stricte p\u00e9riode d\u2019\u00e9mergence de l\u2019animation en Suisse, il m\u00e8ne un travail de cr\u00e9ation personnel au sein de son studio : il se lance notamment dans la r\u00e9alisation d\u2019un long m\u00e9trage (Globi 2003) et participe ainsi \u00e0 ce mouvement de l\u2019animation suisse qui tente la production \u00e0 haut risque. La recherche mettra en \u00e9vidence l\u2019action multiple de Robi Engler dans le r\u00e9seau de l\u2019animation suisse et international sous ces diff\u00e9rents aspects et, pour des raisons de faisabilit\u00e9, approfondira certains d\u2019entre eux uniquement comme particuli\u00e8rement 10 significatifs. Certains aspects du cas \u00ab Engler \u00bb seront d\u00e9velopp\u00e9s dans l\u2019\u00e9tude de cas pr\u00e9sent\u00e9es ci-dessous et dans les travaux de la directrice de recherche<\/p>\n\n\n<p style=\"text-align: justify\">Doctorants FNS : <a href=\"https:\/\/www.unil.ch\/cin\/fr\/home\/menuinst\/collaborateurstrices\/donner-mathieu.html\"><strong>Mathieu Donner<\/strong><\/a>\u00a0(ao\u00fbt 2024)<\/p>","protected":false},"excerpt":{"rendered":"<p>Projets Histoire de l\u2019animation suisse francophone Pr\u00e9sentation Robi Engler, graphiste, animateur, producteur et enseignant Robi Engler, graphiste, animateur, producteur et enseignant Comme Edmond Liechti, Robi Engler a fond\u00e9 son studio : Animagination (1975), tr\u00e8s actif dans les ann\u00e9es 80 et<\/p>\n","protected":false},"author":1002848,"featured_media":0,"parent":0,"menu_order":0,"comment_status":"closed","ping_status":"closed","template":"","meta":{"_seopress_robots_primary_cat":"","_seopress_titles_title":"","_seopress_titles_desc":"","_seopress_robots_index":"","footnotes":""},"class_list":["post-7732","page","type-page","status-publish"],"_links":{"self":[{"href":"https:\/\/wp.unil.ch\/cinematheque-unil\/wp-json\/wp\/v2\/pages\/7732","targetHints":{"allow":["GET"]}}],"collection":[{"href":"https:\/\/wp.unil.ch\/cinematheque-unil\/wp-json\/wp\/v2\/pages"}],"about":[{"href":"https:\/\/wp.unil.ch\/cinematheque-unil\/wp-json\/wp\/v2\/types\/page"}],"author":[{"embeddable":true,"href":"https:\/\/wp.unil.ch\/cinematheque-unil\/wp-json\/wp\/v2\/users\/1002848"}],"replies":[{"embeddable":true,"href":"https:\/\/wp.unil.ch\/cinematheque-unil\/wp-json\/wp\/v2\/comments?post=7732"}],"version-history":[{"count":2,"href":"https:\/\/wp.unil.ch\/cinematheque-unil\/wp-json\/wp\/v2\/pages\/7732\/revisions"}],"predecessor-version":[{"id":7802,"href":"https:\/\/wp.unil.ch\/cinematheque-unil\/wp-json\/wp\/v2\/pages\/7732\/revisions\/7802"}],"wp:attachment":[{"href":"https:\/\/wp.unil.ch\/cinematheque-unil\/wp-json\/wp\/v2\/media?parent=7732"}],"curies":[{"name":"wp","href":"https:\/\/api.w.org\/{rel}","templated":true}]}}