{"id":683,"date":"2014-08-27T15:27:31","date_gmt":"2014-08-27T13:27:31","guid":{"rendered":"http:\/\/wp.unil.ch\/cinematheque-unil\/?page_id=683"},"modified":"2018-05-16T00:43:53","modified_gmt":"2018-05-15T22:43:53","slug":"approche-litteraire-genetique-et-linguistique","status":"publish","type":"page","link":"https:\/\/wp.unil.ch\/cinematheque-unil\/projets\/discours-du-scenario-etude-historique-et-genetique-des-adaptations-cinematographiques-de-stendhal\/bibliographie\/approche-litteraire-genetique-et-linguistique\/","title":{"rendered":"Approche litt\u00e9raire, g\u00e9n\u00e9tique et linguistique"},"content":{"rendered":"<ol class=\"breadcrumb\">\n<li><a href=\"https:\/\/wp.unil.ch\/cinematheque-unil\/projets\/\">Projets<\/a><\/li>\n<li><a href=\"https:\/\/wp.unil.ch\/cinematheque-unil\/projets\/discours-du-scenario-etude-historique-et-genetique-des-adaptations-cinematographiques-de-stendhal\/\">Discours du sc\u00e9nario<\/a><\/li>\n<li><a href=\"https:\/\/wp.unil.ch\/cinematheque-unil\/projets\/discours-du-scenario-etude-historique-et-genetique-des-adaptations-cinematographiques-de-stendhal\/bibliographie\/\">Bibliographie s\u00e9lective<\/a><\/li>\n<li class=\"current\"><a href=\"https:\/\/wp.unil.ch\/cinematheque-unil\/projets\/discours-du-scenario-etude-historique-et-genetique-des-adaptations-cinematographiques-de-stendhal\/bibliographie\/approche-litteraire-genetique-et-linguistique\/\">Approche litt\u00e9raire, g\u00e9n\u00e9tique et linguistique<\/a><\/li>\n<\/ol>\n<div style=\"margin-left: 138px;text-indent: -34px\">\n<p style=\"text-align: justify;font-size: small\">Jean-Michel Adam, <em>Genre de r\u00e9cits. Narrativit\u00e9 et g\u00e9n\u00e9ricit\u00e9 des textes<\/em>, Louvain-la-Neuve, \u00c9ditions Academia, 2011.<\/p>\n<p style=\"text-align: justify;font-size: small\">\u2013, <em>Linguistique textuelle. Des genres de discours aux textes<\/em>, Paris, Nathan, 2004 [1999].<\/p>\n<p style=\"text-align: justify;font-size: small\">Carole Aurouet, \u00ab\u00a0Du visuel au verbal\u00a0: la m\u00e9thode d\u2019\u00e9criture sc\u00e9naristique de Jacques Pr\u00e9vert. L\u2019exemple des <em>Visiteurs du soir<\/em>\u00a0\u00bb, <em>Genesis<\/em>, n\u00b0 28, 2007, pp.\u00a0127-146.<\/p>\n<p style=\"text-align: justify;font-size: small\">Philippe Berthier et \u00c9ric Bordas, <em>Stendhal et le style<\/em>, Paris, Presses de la Sorbonne Nouvelle, 2005.<\/p>\n<p style=\"text-align: justify;font-size: small\">Jean-Loup Bourget et Daniel Ferrer, \u00ab\u00a0Gen\u00e8ses cin\u00e9matographiques\u00a0\u00bb, <em>Genesis<\/em>, n\u00b0 28, 2007, pp.\u00a07-28.<\/p>\n<p style=\"text-align: justify;font-size: small\">Pierre-Marc de Biasi, <em>G\u00e9n\u00e9tique des textes<\/em>, Paris, \u00c9ditions du CNRS, 2011.<\/p>\n<p style=\"text-align: justify;font-size: small\">\u2013, \u00ab\u00a0Qu\u2019est-ce qu&rsquo;un brouillon\u00a0? Le cas Flaubert\u00a0\u00bb, in Michel Contat et Daniel Ferrer (dir.), <em>Pourquoi la critique g\u00e9n\u00e9tique\u00a0? M\u00e9thodes et th\u00e9ories<\/em>, Paris, CNRS \u00c9ditions, 1998, pp. 31-60.<\/p>\n<p style=\"text-align: justify;font-size: small\">Michel Crouzet, <em>Stendhal et le langage<\/em>, Paris, Gallimard, 1981.<\/p>\n<p style=\"text-align: justify;font-size: small\">\u2013, Lucien Leuwen<em>\u00a0: le mentir vrai de Stendhal<\/em>, Orl\u00e9ans, Paradigme, 1999.<\/p>\n<p style=\"text-align: justify;font-size: small\">\u2013 (\u00e9d.), <em>Stendhal.<\/em> La Chartreuse de Parme, Paris, \u00c9rudit, 2000.<\/p>\n<p style=\"text-align: justify;font-size: small\">\u2013, Le Rouge et le noir<em>\u00a0: essai sur le romanesque stendhalien<\/em>, Paris, \u00c9rudit, 2012 [1995].<\/p>\n<p style=\"text-align: justify;font-size: small\">Oswald Ducrot, <em>Le dire et le dit<\/em>, Paris, Minuit, 1984.<\/p>\n<p style=\"text-align: justify;font-size: small\">Daniel Ferrer et Jean-Louis Lebrave, <em>L\u2019\u00e9criture et ses doubles\u00a0: gen\u00e8se et variation textuelle<\/em>, Paris, \u00c9ditions du CNRS, 1991.<\/p>\n<p style=\"text-align: justify;font-size: small\">Catherine Fuchs, \u00ab\u00a0\u00c9l\u00e9ments pour une approche \u00e9nonciative de la paraphrase dans les brouillons de manuscrits\u00a0\u00bb, in <em>La gen\u00e8se du texte\u00a0: les mod\u00e8les linguistiques<\/em>, Paris, \u00c9ditions du CNRS, 1982, pp. 73-102.<\/p>\n<p style=\"text-align: justify;font-size: small\">\u2013, <em>Paraphrase et \u00e9nonciation<\/em>, Paris, Ophrys, 1994.<\/p>\n<p style=\"text-align: justify;font-size: small\">Catherine Fuchs, Almuth Gr\u00e9sillon, Jean-Louis Lebrave, Jean Peytard, Josette Rey-Debove, Antoine Culioli, <em>La gen\u00e8se du texte\u00a0: les mod\u00e8les linguistiques<\/em>, Paris, \u00c9ditions du CNRS, 1982.<\/p>\n<p style=\"text-align: justify;font-size: small\">Bernard Gardin, \u00ab\u00a0\u201cMachine \u00e0 dessiner\u201d ou \u201cmachine \u00e0 \u00e9crire\u201d\u00a0? La production collective d\u2019une formulation\u00a0\u00bb, <em>Langages<\/em>, n\u00b0 41, 1989, pp. 13-46.<\/p>\n<p style=\"text-align: justify;font-size: small\">Almuth Gr\u00e9sillon, \u00ab\u00a0D\u00e9brouiller la langue des brouillons. Pour une linguistique de la production\u00a0\u00bb, in Almuth Gr\u00e9sillon et Micha\u00ebl Werner (\u00e9d.), <em>Le\u00e7ons d\u2019\u00e9criture\u00a0: ce que disent les manuscrits<\/em>, Paris, Minard, 1985.<\/p>\n<p style=\"text-align: justify;font-size: small\">\u2013, \u00ab\u00a0Les manuscrits litt\u00e9raires\u00a0: le texte dans tous ses \u00e9tats\u00a0\u00bb, <em>Pratiques<\/em>, n\u00b0 57, 1988, pp.\u00a0107-118.<\/p>\n<p style=\"text-align: justify;font-size: small\">\u2013, <em>\u00c9l\u00e9ments de critique g\u00e9n\u00e9tique. Lire les manuscrits modernes<\/em>, Paris, PUF, 1994.<\/p>\n<p style=\"text-align: justify;font-size: small\">Michel Lafon et Beno\u00eet Peeters, <em>Nous est un autre\u00a0: enqu\u00eate sur les duos d\u2019\u00e9crivains<\/em>, Paris, Flammarion, 2006.<\/p>\n<p style=\"text-align: justify;font-size: small\">Jean-Louis Lebrave, \u00ab\u00a0Processus linguistiques et gen\u00e8se du texte\u00a0\u00bb, in Almuth Gr\u00e9sillon (\u00e9d.), <em>De la gen\u00e8se du texte litt\u00e9raire. Manuscrit, texte, auteur, critique<\/em>, Tusson, Du L\u00e9rot, 1988, pp.\u00a059-65.<\/p>\n<p style=\"text-align: justify;font-size: small\">\u2013, \u00ab\u00a0Manuscrits de travail et linguistique de la production \u00e9crite\u00a0\u00bb, <em>Mod\u00e8les linguistiques<\/em>, n\u00b059, 2009, pp.\u00a013-21.<\/p>\n<p style=\"text-align: justify;font-size: small\">Dominique Maingueneau, <em>Le discours litt\u00e9raire. Paratopie et sc\u00e8ne d\u2019\u00e9nonciation<\/em>, Paris, Armand Colin, 2004.<\/p>\n<p style=\"text-align: justify;font-size: small\">Jean-Christophe Olive, <em>R\u00e9flexion g\u00e9n\u00e9tique \u00e0 propos des processus d\u2019\u00e9criture filmique\u00a0: \u00e9tude de la pr\u00e9paration de<\/em> L\u2019Enfer, th\u00e8se de doctorat dirig\u00e9e par M. Amy de la Bret\u00e8que, Universit\u00e9 Paul Val\u00e9ry \u2013 Montpellier III, d\u00e9cembre 2011.<\/p>\n<p style=\"text-align: justify;font-size: small\">Gilles Philippe, \u00ab\u00a0Stylistique et pragmatique du style\u00a0\u00bb, in Philippe Berthier et \u00c9ric Bordas (dir.), <em>Stendhal &amp; le style<\/em>, Paris, Presses de la Sorbonne Nouvelle, 2005, pp.\u00a0199-208.<\/p>\n<p style=\"text-align: justify;font-size: small\">\u2013, <em>Le r\u00eave du style parfait<\/em>, Paris, Presses Universitaires de France, 2013.<\/p>\n<p style=\"text-align: justify;font-size: small\">Gilles Philippe et Julien Piat, <em>La langue litt\u00e9raire\u00a0: une histoire de la prose en France de Gustave Flaubert \u00e0 Claude Simon<\/em>, Paris, Fayard, 2009.<\/p>\n<p style=\"text-align: justify;font-size: small\">Alain Rabatel, <em>La construction textuelle du point de vue<\/em>, Lausanne\/Paris, Delachaux &amp; Niestl\u00e9, 1998.<\/p>\n<\/div>\n","protected":false},"excerpt":{"rendered":"<p>Projets Discours du sc\u00e9nario Bibliographie s\u00e9lective Approche litt\u00e9raire, g\u00e9n\u00e9tique et linguistique Jean-Michel Adam, Genre de r\u00e9cits. Narrativit\u00e9 et g\u00e9n\u00e9ricit\u00e9 des textes, Louvain-la-Neuve, \u00c9ditions Academia, 2011. \u2013, Linguistique textuelle. Des genres de discours aux textes, Paris, Nathan, 2004 [1999]. Carole Aurouet,<\/p>\n","protected":false},"author":1469,"featured_media":0,"parent":188,"menu_order":45,"comment_status":"closed","ping_status":"closed","template":"","meta":{"_seopress_robots_primary_cat":"","_seopress_titles_title":"","_seopress_titles_desc":"","_seopress_robots_index":"","footnotes":""},"class_list":["post-683","page","type-page","status-publish"],"_links":{"self":[{"href":"https:\/\/wp.unil.ch\/cinematheque-unil\/wp-json\/wp\/v2\/pages\/683","targetHints":{"allow":["GET"]}}],"collection":[{"href":"https:\/\/wp.unil.ch\/cinematheque-unil\/wp-json\/wp\/v2\/pages"}],"about":[{"href":"https:\/\/wp.unil.ch\/cinematheque-unil\/wp-json\/wp\/v2\/types\/page"}],"author":[{"embeddable":true,"href":"https:\/\/wp.unil.ch\/cinematheque-unil\/wp-json\/wp\/v2\/users\/1469"}],"replies":[{"embeddable":true,"href":"https:\/\/wp.unil.ch\/cinematheque-unil\/wp-json\/wp\/v2\/comments?post=683"}],"version-history":[{"count":0,"href":"https:\/\/wp.unil.ch\/cinematheque-unil\/wp-json\/wp\/v2\/pages\/683\/revisions"}],"up":[{"embeddable":true,"href":"https:\/\/wp.unil.ch\/cinematheque-unil\/wp-json\/wp\/v2\/pages\/188"}],"wp:attachment":[{"href":"https:\/\/wp.unil.ch\/cinematheque-unil\/wp-json\/wp\/v2\/media?parent=683"}],"curies":[{"name":"wp","href":"https:\/\/api.w.org\/{rel}","templated":true}]}}