{"id":6805,"date":"2022-09-07T17:25:02","date_gmt":"2022-09-07T15:25:02","guid":{"rendered":"https:\/\/wp.unil.ch\/cinematheque-unil\/?page_id=6805"},"modified":"2022-10-19T17:40:44","modified_gmt":"2022-10-19T15:40:44","slug":"ansorge-valorisation","status":"publish","type":"page","link":"https:\/\/wp.unil.ch\/cinematheque-unil\/ansorge-valorisation\/","title":{"rendered":"Ansorge Valorisation"},"content":{"rendered":"<p style=\"text-align: center\"><a href=\"https:\/\/wp.unil.ch\/cinematheque-unil\/files\/2022\/09\/das-veilchen_photogramme.png\"><img alt=\"\" loading=\"lazy\" decoding=\"async\" class=\"wp-image-6903 aligncenter\" src=\"https:\/\/wp.unil.ch\/cinematheque-unil\/files\/2022\/09\/das-veilchen_photogramme-300x218.png\" alt=\"\" width=\"446\" height=\"324\" srcset=\"https:\/\/wp.unil.ch\/cinematheque-unil\/files\/2022\/09\/das-veilchen_photogramme-300x218.png 300w, https:\/\/wp.unil.ch\/cinematheque-unil\/files\/2022\/09\/das-veilchen_photogramme.png 722w\" sizes=\"auto, (max-width: 446px) 100vw, 446px\" \/><\/a><\/p>\n<h3>M\u00e9moire<\/h3>\n<ul>\n<li><strong>2022<\/strong><\/li>\n<\/ul>\n<p>Morgana Zanetta, \u00ab Le carrousel de Georges Schwizgebel.\u00a0\u00c9tude technico-esth\u00e9tique de la fabrication du mouvement donn\u00e9 par la musique, la m\u00e9tamorphose et le cycle\u00a0\u00bb dirig\u00e9 par Maria Tortajada, janvier 2022, Section d\u2019histoire et esth\u00e9tique du cin\u00e9ma, Facult\u00e9 des lettres, UNIL.<\/p>\n<h3>Cours UNIL<\/h3>\n<ul>\n<li><strong>A venir<\/strong><\/li>\n<\/ul>\n<p>Maria Tortajada, \u00ab\u00a0Comprendre l&rsquo;animation \u00e0 partir de ses pratiques I : la fabrication du mouvement\u00a0\u00bb, MA,\u00a0printemps 2023, Section d\u2019histoire et esth\u00e9tique du cin\u00e9ma, Facult\u00e9 des lettres, UNIL.<\/p>\n<p>Maria Tortajada, \u00ab\u00a0Cin\u00e9astes suisses d&rsquo;animation : Georges Schwizgebel\u00a0\u00bb, MA,\u00a0printemps 2023, Section d\u2019histoire et esth\u00e9tique du cin\u00e9ma, Facult\u00e9 des lettres, UNIL.<\/p>\n<ul>\n<li><strong>2021<\/strong><\/li>\n<\/ul>\n<p>Elodie, Murtas, \u00ab La Folie au prisme du documentaire : entre propagande, \u00e9ducation et r\u00e9flexivit\u00e9 \u00bb, printemps 2021, Section d\u2019histoire et esth\u00e9tique du cin\u00e9ma, Facult\u00e9 des lettres, UNIL.<\/p>\n<p>Maria Tortajada, \u00ab\u00a0Les concepts de l&rsquo;animation I : dispositifs et techniques\u00a0\u00bb, MA,\u00a0printemps 2021, Section d\u2019histoire et esth\u00e9tique du cin\u00e9ma, Facult\u00e9 des lettres, UNIL.<\/p>\n<p>Maria Tortajada, \u00ab\u00a0Les concepts de l\u2019animation II\u00a0: vers le num\u00e9rique\u00a0\u00bb<strong>,\u00a0<\/strong>MA,\u00a0automne 2021, Section d\u2019histoire et esth\u00e9tique du cin\u00e9ma, Facult\u00e9 des lettres, UNIL.<\/p>\n<ul>\n<li><strong>2016<\/strong><\/li>\n<\/ul>\n<p>Maria Tortajada et Pierre-Emmanuel Jaques, \u00a0\u00ab\u00a0Le cin\u00e9ma d&rsquo;animation suisse et l&rsquo;archive: Nag et Gisele Ansorge\u00a0\u00bb, BA printemps 2016, Section d\u2019histoire et esth\u00e9tique du cin\u00e9ma, Facult\u00e9 des lettres, UNIL.<\/p>\n<p>Pierre-Emmanuel Jaques, <span lang=\"FR\">\u00ab Du d\u00e9p\u00f4t \u00e0 l&rsquo;\u00e9cran : restauration et valorisation des documents cin\u00e9matographiques restaur\u00e9s \u00bb,MA printemps 2016,\u00a0<\/span>Module Archives 3, Master R\u00e9seau Cin\u00e9ma.<\/p>\n<h3>Communications publiques<\/h3>\n<ul>\n<li><strong>2022<\/strong><\/li>\n<\/ul>\n<p>Chlo\u00e9 Hofmann, pr\u00e9sentation du parcours \u00ab\u00a0Cin\u00e9ma d\u2019animation sur pellicule \u00e0 l\u2019ONF\u00a0\u00bb dans le cadre de la table ronde TECHN\u00c8S, Cin\u00e9math\u00e8que de Bologne, 2 juillet 2022.<\/p>\n<p>Chlo\u00e9 Hofmann, Pierre-Emmanuel Jaques, pr\u00e9sentation de la s\u00e9ance\u00a0\u00a0\u00ab\u00a0Les films d\u2019animation du couple Gis\u00e8le et Nag Ansorge\u00a0\u00bb\u00a0dans le cadre de l\u2019hommage \u00e0 l\u2019animation suisse Festival d&rsquo;Annecy, 17-18 juin 2022.<\/p>\n<p>Chlo\u00e9 Hofmann, <em>game<\/em> conf\u00e9rence \u00ab\u00a0Animation et jeu vid\u00e9o\u00a0: l\u2019exemple de <em>Cuphead <\/em>\u00bb Myst\u00e8res de l\u2019UNIL, 22 mai 2022.<\/p>\n<p>Chlo\u00e9 Hofmann, Maria Tortajada, <em>Parler de Gis\u00e8le et Nag Ansorge aux 57<sup>es<\/sup>\u00a0Journ\u00e9es de Soleure<\/em>,\u00a0table ronde anim\u00e9e par Fr\u00e9d\u00e9ric Maire suivie d\u2019une projection et d\u2019un ap\u00e9ritif, Soleure, lundi 24 janvier 2022.<\/p>\n<ul>\n<li><strong>2021<\/strong><\/li>\n<\/ul>\n<p>Pierre-Emmanuel Jaques et Carole Delessert, pr\u00e9sentation\u00a0de \u00ab Nag et Gis\u00e8le Ansorge et la fiction\u00a0: <em>D\u2019un jour \u00e0 l\u2019autre <\/em>\u00bb\u00a0unique long m\u00e9trage du couple, s\u00e9ance sp\u00e9ciale\u00a0Tr\u00e9sors des archives,\u00a0Cin\u00e9math\u00e8que suisse, mardi 8 juin 2021.<\/p>\n<p style=\"font-weight: 400\">\n<ul>\n<li><strong>2019<\/strong><\/li>\n<\/ul>\n<p>Pierre-Emmanuel Jaques,\u00a0<span lang=\"FR\">\u00ab Valoriser et transmettre\u00a0: comment rendre accessible le patrimoine \u00a0cin\u00e9matographique\u00a0<em>Cin\u00e9ac <\/em>(\u00a0E.Ansorge, 1965) et\u00a0<i>Les Enfants de laine\u00a0<\/i>(E. et G. Ansorge, 1984) \u00bb,\u00a0<\/span><span lang=\"EN-US\">Parking Montbenon, Lausanne, 19 juin 2019.<\/span><\/p>\n<p>Maria Tortajada, pr\u00e9sentation du projet Ansorge avec les autres projets de la Collaboration UNIL + Cin\u00e9math\u00e8que suisse,\u00a0<em>Congr\u00e8s international FIAF\u00a0<\/em><em>The 75th Congress of the International Film Archives Federation<\/em>, Lausanne, Cin\u00e9math\u00e8que suisse, 8 avril 2019.\u00a0<span lang=\"FR\">A cette occasion\u00a0: <\/span><span lang=\"FR\">publication de la brochure\u00a0<i>UNIL+Cin\u00e9math\u00e8que<\/i>.\u00a0<i>Projets de recherche\/Research Projects<\/i>, UNIL+Cin\u00e9math\u00e8que suisse, Lausanne, 2019, Maria Tortajada, responsable UNIL de la Collaboration, St\u00e9phane Tralongo, coordinateur et la participation des enseignants dirigeant un projet de recherche au sein de la Collaboration.<\/span><\/p>\n<ul>\n<li><strong>2017<\/strong><\/li>\n<\/ul>\n<p>Chlo\u00e9 Hofmann, pr\u00e9sentation des films de sable de Nag et Gis\u00e8le Ansorge dans le cadre du cycle \u00ab\u00a0De la feuille au film\u00a0: cin\u00e9astes et \u00e9crivains\u00a0\u00bb, cin\u00e9ma Bellevaux, 9 mai 2017.<\/p>\n<p>Elodie Murtas, Introduction aux films du Centre d\u2019\u00e9tudes de l\u2019expression plastique de l\u2019h\u00f4pital psychiatrique de Cery co-r\u00e9alis\u00e9s par Nag Ansorge et Alfred Bader, <em>Tr\u00e9sor des archives<\/em>, Cin\u00e9math\u00e8que suisse, Lausanne, 13 juin 2017.<\/p>\n<ul>\n<li><strong>2015<\/strong><\/li>\n<\/ul>\n<p>Elodie Murtas, \u00ab Le groupe cin\u00e9matographique de l\u2019H\u00f4pital psychiatrique de Cery ou l\u2019usage du cin\u00e9ma comme th\u00e9rapie \u00bb, pr\u00e9sentation des axes et enjeux de recherches du fonds d\u2019archives Ansorge aux collaborateurs de la Cin\u00e9math\u00e8que suisse, Cin\u00e9math\u00e8que suisse, Penthaz, 2 juin 2015.<\/p>\n<p>Elodie Murtas,\u00a0\u00ab Apprendre le cin\u00e9ma \u00e0 l\u2019h\u00f4pital \u00bb, <em>L\u2019 Uniscope<\/em>, n\u00b0626, 2017, p.15.<\/p>\n","protected":false},"excerpt":{"rendered":"<p>M\u00e9moire 2022 Morgana Zanetta, \u00ab Le carrousel de Georges Schwizgebel.\u00a0\u00c9tude technico-esth\u00e9tique de la fabrication du mouvement donn\u00e9 par la musique, la m\u00e9tamorphose et le cycle\u00a0\u00bb dirig\u00e9 par Maria Tortajada, janvier 2022, Section d\u2019histoire et esth\u00e9tique du cin\u00e9ma, Facult\u00e9 des lettres,<\/p>\n","protected":false},"author":1002143,"featured_media":0,"parent":0,"menu_order":0,"comment_status":"closed","ping_status":"closed","template":"","meta":{"_seopress_robots_primary_cat":"","_seopress_titles_title":"","_seopress_titles_desc":"","_seopress_robots_index":"","footnotes":""},"class_list":["post-6805","page","type-page","status-publish"],"_links":{"self":[{"href":"https:\/\/wp.unil.ch\/cinematheque-unil\/wp-json\/wp\/v2\/pages\/6805","targetHints":{"allow":["GET"]}}],"collection":[{"href":"https:\/\/wp.unil.ch\/cinematheque-unil\/wp-json\/wp\/v2\/pages"}],"about":[{"href":"https:\/\/wp.unil.ch\/cinematheque-unil\/wp-json\/wp\/v2\/types\/page"}],"author":[{"embeddable":true,"href":"https:\/\/wp.unil.ch\/cinematheque-unil\/wp-json\/wp\/v2\/users\/1002143"}],"replies":[{"embeddable":true,"href":"https:\/\/wp.unil.ch\/cinematheque-unil\/wp-json\/wp\/v2\/comments?post=6805"}],"version-history":[{"count":0,"href":"https:\/\/wp.unil.ch\/cinematheque-unil\/wp-json\/wp\/v2\/pages\/6805\/revisions"}],"wp:attachment":[{"href":"https:\/\/wp.unil.ch\/cinematheque-unil\/wp-json\/wp\/v2\/media?parent=6805"}],"curies":[{"name":"wp","href":"https:\/\/api.w.org\/{rel}","templated":true}]}}