{"id":6731,"date":"2022-07-19T11:09:54","date_gmt":"2022-07-19T09:09:54","guid":{"rendered":"https:\/\/wp.unil.ch\/cinematheque-unil\/?page_id=6731"},"modified":"2026-01-30T00:48:46","modified_gmt":"2026-01-29T23:48:46","slug":"tanner-base-de-donnees","status":"publish","type":"page","link":"https:\/\/wp.unil.ch\/cinematheque-unil\/tanner-base-de-donnees\/","title":{"rendered":"Tanner &#8211; Base de donn\u00e9es"},"content":{"rendered":"<h1>Base de donn\u00e9es<\/h1>\n<h3>Acc\u00e8s \u00e0 la base de donn\u00e9es<\/h3>\n<p style=\"font-weight: 400\">La base de donn\u00e9es du projet est accessible au public sur le lien suivant : <a href=\"https:\/\/app.dasch.swiss\/project\/0102\/data\">https:\/\/app.dasch.swiss\/project\/0102\/data<\/a>.<\/p>\n<p style=\"font-weight: 400\">Cet acc\u00e8s porte sur les m\u00e9tadonn\u00e9es, y compris les cotes renvoyant \u00e0 l\u2019inventaire de la Cin\u00e9math\u00e8que suisse, mais les images des pi\u00e8ces du fonds d\u2019archives (pages de sc\u00e9nario, articles de r\u00e9ception critique, correspondance, etc.) apparaissent floues. Pour obtenir la visualisation de ces pi\u00e8ces d\u2019archives num\u00e9ris\u00e9es dans le cadre de recherches, un acc\u00e8s doit \u00eatre demand\u00e9, avec pr\u00e9cision du motif de la demande, \u00e0 <a href=\"mailto:Alain.Boillat@unil.ch\">Alain.Boillat@unil.ch<\/a>.<\/p>\n<h3 style=\"font-weight: 400\">Descriptif de la base de donn\u00e9es<\/h3>\n<p style=\"font-weight: 400\">Dans le cadre du projet \u00ab\u00a0Le sc\u00e9nario chez Alain Tanner\u00a0: discours et pratiques\u00a0\u00bb et d\u2019une collaboration avec la Division Calcul et Support \u00e0 la Recherche (<a href=\"https:\/\/www.unil.ch\/ci\/fr\/home\/menuinst\/calcul--soutien-recherche.html\" target=\"_blank\" rel=\"noopener\">DCSR<\/a>)\u00a0de l\u2019UNIL, l\u2019\u00e9quipe de recherche a lanc\u00e9 l\u2019\u00e9laboration et la production, \u00e0 partir d\u2019un mod\u00e8le de donn\u00e9es con\u00e7u par Marion Rivoal (UNIL, DCSR) en fonction des besoins sp\u00e9cifiques de cette recherche, d\u2019une base de donn\u00e9es dans laquelle seront progressivement transf\u00e9r\u00e9es, \u00e0 partir de juillet 2022, des archives papier num\u00e9ris\u00e9es issues des fonds non-film de la Cin\u00e9math\u00e8que suisse, en particulier du fonds \u00ab\u00a0Alain Tanner\u00a0\u00bb ainsi que d\u2019autres r\u00e9sultats de la recherche (comme des entretiens sous forme d\u2019enregistrements audio, ou des retranscriptions d\u2019\u00e9missions de la RTS). La num\u00e9risation des documents est r\u00e9alis\u00e9e \u00e0 la Cin\u00e9math\u00e8que suisse sous la direction de Mme Rebecca Rochat, responsable du Secteur patrimoine num\u00e9rique\u00a0; l\u2019import des documents dans la base de donn\u00e9es est effectu\u00e9 par Lo\u00efc Jaouen (UNIL, DCSR). De mani\u00e8re \u00e0 garantir les fonctionnalit\u00e9s de cette base de donn\u00e9es et son accessibilit\u00e9 sur le long terme, la DCSR utilise <a href=\"https:\/\/docs.dasch.swiss\/\" target=\"_blank\" rel=\"noopener\">l\u2019infrastructure<\/a> du <a href=\"https:\/\/www.dasch.swiss\/\" target=\"_blank\" rel=\"noopener\">DaSCH<\/a>.<\/p>\n<p style=\"font-weight: 400\">Voir le descriptif du projet et de l&rsquo;approche : <a href=\"https:\/\/meta.dasch.swiss\/projects\/0102\" target=\"_blank\" rel=\"noopener\">https:\/\/meta.dasch.swiss\/projects\/0102<\/a>.<\/p>\n<p style=\"font-weight: 400\">L\u2019ontologie (<a href=\"https:\/\/wp.unil.ch\/cinematheque-unil\/files\/2022\/07\/2022-07-20-scenario-tanner_data-model.pdf\" target=\"_blank\" rel=\"noopener\">voir le sch\u00e9ma ci-dessous<\/a>) s\u2019organise principalement autour :<\/p>\n<ul>\n<li>des archives papier et des diff\u00e9rentes pages num\u00e9ris\u00e9es qui les constituent\u00a0;<\/li>\n<li>des films dont font \u00e9tat les archives\u00a0;<\/li>\n<li>des personnes impliqu\u00e9es dans la constitution d\u2019un film ou d\u2019une archive ou auxquelles ces archives font r\u00e9f\u00e9rence.<\/li>\n<\/ul>\n<p style=\"font-weight: 400\">La base de donn\u00e9es renseigne ainsi\u00a0:<\/p>\n<p style=\"font-weight: 400\">\u2013\u00a0Le lieu physique de conservation des sources dans la base (cote d\u2019inventaire)\u00a0;<\/p>\n<p style=\"font-weight: 400\">\u2013\u00a0Les titres de films, y compris les titres alternatifs qui ont \u00e9t\u00e9 envisag\u00e9s par les auteurs\u00a0;<\/p>\n<p style=\"font-weight: 400\">\u2013\u00a0les fonctions (d\u00e9signations reprises partiellement du th\u00e9saurus de la CS) des personnes ayant particip\u00e9 aux films\u00a0;<\/p>\n<p style=\"font-weight: 400\">\u2013\u00a0l\u2019\u00e9tat et le statut des documents sc\u00e9naristiques\u00a0;<\/p>\n<p style=\"font-weight: 400\">\u2013\u00a0les diff\u00e9rents domaines \u00e0 l\u2019aune desquels une page d\u2019archive pr\u00e9sente un int\u00e9r\u00eat en relation avec un film (conditions de tournage, discours sur le sc\u00e9nario, gen\u00e8se du sc\u00e9nario, \u00e9tude sur le genre, fiction\/r\u00e9cit, l\u2019esth\u00e9tique), avec des mots-cl\u00e9s (vocabulaires contr\u00f4l\u00e9s) favorisant une recherche transversale et des champs de texte libre permettant de donner des pr\u00e9cisions sur chacun des aspects \u00e9tudi\u00e9s.<\/p>\n<p style=\"font-weight: 400\">Les m\u00e9tadonn\u00e9es pr\u00e9cisant les conditions de production des donn\u00e9es du projet sont publi\u00e9es et consultables en ligne (\u00e0 partir de l\u2019identifiant p\u00e9renne du projet ARK), conform\u00e9ment aux principes FAIR. Pour garantir sur le long terme leur accessibilit\u00e9 et la possibilit\u00e9 de les citer, les donn\u00e9es (documents d\u2019archive, films, personnes) sont \u00e9galement identifi\u00e9es par un identifiant p\u00e9renne ARK.<\/p>\n<p style=\"font-weight: 400\">Nos remerciements \u00e0 Marion Rivoal (UNIL) et \u00e0 Petra Vlad (cheffe du D\u00e9partement Non-Film de la Cin\u00e9math\u00e8que suisse).<\/p>\n<p><a href=\"https:\/\/wp.unil.ch\/cinematheque-unil\/files\/2022\/07\/2022-07-20-scenario-tanner_data-model.png\"><img alt=\"\" loading=\"lazy\" decoding=\"async\" class=\"alignnone wp-image-6767 size-full\" src=\"https:\/\/wp.unil.ch\/cinematheque-unil\/files\/2022\/07\/2022-07-20-scenario-tanner_data-model.png\" alt=\"\" width=\"1846\" height=\"1200\" srcset=\"https:\/\/wp.unil.ch\/cinematheque-unil\/files\/2022\/07\/2022-07-20-scenario-tanner_data-model.png 1846w, https:\/\/wp.unil.ch\/cinematheque-unil\/files\/2022\/07\/2022-07-20-scenario-tanner_data-model-300x195.png 300w, https:\/\/wp.unil.ch\/cinematheque-unil\/files\/2022\/07\/2022-07-20-scenario-tanner_data-model-1024x666.png 1024w, https:\/\/wp.unil.ch\/cinematheque-unil\/files\/2022\/07\/2022-07-20-scenario-tanner_data-model-768x499.png 768w, https:\/\/wp.unil.ch\/cinematheque-unil\/files\/2022\/07\/2022-07-20-scenario-tanner_data-model-1536x998.png 1536w\" sizes=\"auto, (max-width: 1846px) 100vw, 1846px\" \/><\/a><\/p>\n<p style=\"font-weight: 400\">\n","protected":false},"excerpt":{"rendered":"<p>Base de donn\u00e9es Acc\u00e8s \u00e0 la base de donn\u00e9es La base de donn\u00e9es du projet est accessible au public sur le lien suivant : https:\/\/app.dasch.swiss\/project\/0102\/data. Cet acc\u00e8s porte sur les m\u00e9tadonn\u00e9es, y compris les cotes renvoyant \u00e0 l\u2019inventaire de la<\/p>\n","protected":false},"author":1002143,"featured_media":0,"parent":0,"menu_order":0,"comment_status":"closed","ping_status":"closed","template":"","meta":{"_seopress_robots_primary_cat":"","_seopress_titles_title":"","_seopress_titles_desc":"","_seopress_robots_index":"","footnotes":""},"class_list":["post-6731","page","type-page","status-publish"],"_links":{"self":[{"href":"https:\/\/wp.unil.ch\/cinematheque-unil\/wp-json\/wp\/v2\/pages\/6731","targetHints":{"allow":["GET"]}}],"collection":[{"href":"https:\/\/wp.unil.ch\/cinematheque-unil\/wp-json\/wp\/v2\/pages"}],"about":[{"href":"https:\/\/wp.unil.ch\/cinematheque-unil\/wp-json\/wp\/v2\/types\/page"}],"author":[{"embeddable":true,"href":"https:\/\/wp.unil.ch\/cinematheque-unil\/wp-json\/wp\/v2\/users\/1002143"}],"replies":[{"embeddable":true,"href":"https:\/\/wp.unil.ch\/cinematheque-unil\/wp-json\/wp\/v2\/comments?post=6731"}],"version-history":[{"count":4,"href":"https:\/\/wp.unil.ch\/cinematheque-unil\/wp-json\/wp\/v2\/pages\/6731\/revisions"}],"predecessor-version":[{"id":9109,"href":"https:\/\/wp.unil.ch\/cinematheque-unil\/wp-json\/wp\/v2\/pages\/6731\/revisions\/9109"}],"wp:attachment":[{"href":"https:\/\/wp.unil.ch\/cinematheque-unil\/wp-json\/wp\/v2\/media?parent=6731"}],"curies":[{"name":"wp","href":"https:\/\/api.w.org\/{rel}","templated":true}]}}