{"id":6684,"date":"2022-06-13T16:37:49","date_gmt":"2022-06-13T14:37:49","guid":{"rendered":"https:\/\/wp.unil.ch\/cinematheque-unil\/?page_id=6684"},"modified":"2026-01-06T23:03:03","modified_gmt":"2026-01-06T22:03:03","slug":"tanner-entretiens","status":"publish","type":"page","link":"https:\/\/wp.unil.ch\/cinematheque-unil\/tanner-entretiens\/","title":{"rendered":"Tanner Entretiens"},"content":{"rendered":"<h3 style=\"text-align: left\">Entretien avec le chef op\u00e9rateur Renato Berta, Lausanne, 15 mars 2022<\/h3>\n<p><a href=\"https:\/\/wp.unil.ch\/cinematheque-unil\/files\/2023\/01\/Entretien-Berta-retranscription_final.pdf\" target=\"_blank\" rel=\"noopener\"><em>Retranscription de la version int\u00e9grale de l&rsquo;entretien<\/em><\/a><\/p>\n<div>\n<p><iframe loading=\"lazy\" title=\"Entretien r\u00e9alis\u00e9 avec le chef op\u00e9rateur Renato Berta, Lausanne, 15 mars 2022\" width=\"720\" height=\"405\" src=\"https:\/\/www.youtube.com\/embed\/-RtcxWznNKA?feature=oembed\" frameborder=\"0\" allow=\"accelerometer; autoplay; clipboard-write; encrypted-media; gyroscope; picture-in-picture; web-share\" referrerpolicy=\"strict-origin-when-cross-origin\" allowfullscreen><\/iframe><\/p>\n<\/div>\n<div>\u00a0<\/div>\n<div>\n<h3 style=\"text-align: left\">Entretien avec le chef op\u00e9rateur Hughes Ryffel, Lausanne, 6 mai 2022<\/h3>\n<\/div>\n<h3 style=\"text-align: left\">Entretien avec la sc\u00e9nariste, actrice et r\u00e9alisatrice Myriam M\u00e9zi\u00e8res, Paris, 11 mai 2022<\/h3>\n<h3>Entretien avec le chef op\u00e9rateur Denis Jutzeler, Lausanne, 8 juillet 2022<\/h3>\n<p><a href=\"https:\/\/wp.unil.ch\/cinematheque-unil\/files\/2023\/04\/Retranscription_Jutzeler_final.pdf\"><em>Retranscription de la version int\u00e9grale de l&rsquo;entretien<\/em><\/a><\/p>\n<p><iframe loading=\"lazy\" title=\"Entretien avec le chef op\u00e9rateur Denis Jutzeler, Lausanne, 8 juillet 2022\" width=\"720\" height=\"405\" src=\"https:\/\/www.youtube.com\/embed\/l8uvg5FOfwk?feature=oembed\" frameborder=\"0\" allow=\"accelerometer; autoplay; clipboard-write; encrypted-media; gyroscope; picture-in-picture; web-share\" referrerpolicy=\"strict-origin-when-cross-origin\" allowfullscreen><\/iframe><\/p>\n<div>\u00a0<\/div>\n<h3>Entretien avec le producteur G\u00e9rard Ruey, Lausanne, 29 septembre 2022<\/h3>\n<p><a href=\"https:\/\/wp.unil.ch\/cinematheque-unil\/files\/2023\/12\/Retranscription_Gerard-Ruey.pdf\" target=\"_blank\" rel=\"noopener\"><em>Retranscription de la version int\u00e9grale de l&rsquo;entretien<\/em><\/a><\/p>\n<p><iframe loading=\"lazy\" title=\"Ge\u0301rard Ruey entretien UNIL version courte\" width=\"720\" height=\"405\" src=\"https:\/\/www.youtube.com\/embed\/UBfWgTvEtWs?feature=oembed\" frameborder=\"0\" allow=\"accelerometer; autoplay; clipboard-write; encrypted-media; gyroscope; picture-in-picture; web-share\" referrerpolicy=\"strict-origin-when-cross-origin\" allowfullscreen><\/iframe><\/p>\n<h3>Entretien avec le sc\u00e9nariste Bernard Comment, Lausanne 4 avril 2023<\/h3>\n<p><a href=\"https:\/\/wp.unil.ch\/cinematheque-unil\/files\/2026\/01\/entretien-bernard-comment_retranscription.pdf\"><em>Retranscription de la version int\u00e9grale de l&rsquo;entretien<\/em><\/a><\/p>\n<p><iframe loading=\"lazy\" title=\"Bernart Comment entretien UNIL version courte\" width=\"720\" height=\"405\" src=\"https:\/\/www.youtube.com\/embed\/ITt8nvWoxiA?feature=oembed\" frameborder=\"0\" allow=\"accelerometer; autoplay; clipboard-write; encrypted-media; gyroscope; picture-in-picture; web-share\" referrerpolicy=\"strict-origin-when-cross-origin\" allowfullscreen><\/iframe><\/p>\n<h3><a href=\"https:\/\/wp.unil.ch\/cinematheque-unil\/files\/2024\/03\/Entretien_Fallot_26.06.2023-copie.mp3\" target=\"_blank\" rel=\"noopener\">Entretien avec la scripte Anne-Marie Fallot, Gen\u00e8ve, 26 juin 2023.<\/a><\/h3>\n<p>Les entretiens audio mis \u00e0 disposition ici ont \u00e9t\u00e9 men\u00e9s de mani\u00e8re moins dirig\u00e9e que nos entretiens film\u00e9s, c\u2019est-\u00e0-dire plus sur le mode d\u2019une discussion informelle. Afin de favoriser l\u2019intelligibilit\u00e9 des propos, nous avons fait le choix de r\u00e9duire le plus possible au montage les interventions des membres du projet dans le but de privil\u00e9gier la parole des interview\u00e9\u00b7e\u00b7s, et de supprimer dans les r\u00e9ponses de ceux\/celles-ci certains propos susceptibles d\u2019\u00eatre jug\u00e9s confus, inexacts, voire diffamatoires. Les questions pos\u00e9es portaient principalement sur leur parcours professionnel, leur entr\u00e9e dans le milieu du cin\u00e9ma suisse et leurs exp\u00e9riences de travail avec Alain Tanner.<\/p>\n<h3><a href=\"https:\/\/wp.unil.ch\/cinematheque-unil\/files\/2024\/03\/Entretien_Barde_07.07.2023-copie-1.mp3\" target=\"_blank\" rel=\"noopener\">Entretien avec l&rsquo;assistante cam\u00e9ra S\u00e9verine Barde, Lausanne, 7 juillet 2023.<\/a><\/h3>\n<h3><a href=\"https:\/\/wp.unil.ch\/cinematheque-unil\/files\/2024\/03\/Entretien_Guhl_18.07.2023-copie.mp3\" target=\"_blank\" rel=\"noopener\">Entretien avec la seconde assistante de r\u00e9alisation Agn\u00e8s Guhl, Sion, 18 juillet 2023.<\/a><\/h3>\n\n\n<h3 class=\"wp-block-heading\">Entretien avec Fran\u00e7ois Albera, Lausanne, 18 mars 2024<\/h3>\n\n\n\n<p><a href=\"https:\/\/wp.unil.ch\/cinematheque-unil\/files\/2025\/11\/entretien-francois-albera_final.pdf\"><em>Retranscription de la version int\u00e9grale de l&rsquo;entretien<\/em><\/a><\/p>\n\n\n<p><iframe loading=\"lazy\" title=\"Franc\u0327ois Albera entretien UNIL\" width=\"720\" height=\"405\" src=\"https:\/\/www.youtube.com\/embed\/Cyny9GZUN4w?feature=oembed\" frameborder=\"0\" allow=\"accelerometer; autoplay; clipboard-write; encrypted-media; gyroscope; picture-in-picture; web-share\" referrerpolicy=\"strict-origin-when-cross-origin\" allowfullscreen><\/iframe><\/p>\n","protected":false},"excerpt":{"rendered":"<p>Entretien avec le chef op\u00e9rateur Renato Berta, Lausanne, 15 mars 2022 Retranscription de la version int\u00e9grale de l&rsquo;entretien \u00a0 Entretien avec le chef op\u00e9rateur Hughes Ryffel, Lausanne, 6 mai 2022 Entretien avec la sc\u00e9nariste, actrice et r\u00e9alisatrice Myriam M\u00e9zi\u00e8res, Paris,<\/p>\n","protected":false},"author":1002143,"featured_media":0,"parent":0,"menu_order":0,"comment_status":"closed","ping_status":"closed","template":"","meta":{"_seopress_robots_primary_cat":"","_seopress_titles_title":"","_seopress_titles_desc":"","_seopress_robots_index":"","footnotes":""},"class_list":["post-6684","page","type-page","status-publish"],"_links":{"self":[{"href":"https:\/\/wp.unil.ch\/cinematheque-unil\/wp-json\/wp\/v2\/pages\/6684","targetHints":{"allow":["GET"]}}],"collection":[{"href":"https:\/\/wp.unil.ch\/cinematheque-unil\/wp-json\/wp\/v2\/pages"}],"about":[{"href":"https:\/\/wp.unil.ch\/cinematheque-unil\/wp-json\/wp\/v2\/types\/page"}],"author":[{"embeddable":true,"href":"https:\/\/wp.unil.ch\/cinematheque-unil\/wp-json\/wp\/v2\/users\/1002143"}],"replies":[{"embeddable":true,"href":"https:\/\/wp.unil.ch\/cinematheque-unil\/wp-json\/wp\/v2\/comments?post=6684"}],"version-history":[{"count":4,"href":"https:\/\/wp.unil.ch\/cinematheque-unil\/wp-json\/wp\/v2\/pages\/6684\/revisions"}],"predecessor-version":[{"id":9078,"href":"https:\/\/wp.unil.ch\/cinematheque-unil\/wp-json\/wp\/v2\/pages\/6684\/revisions\/9078"}],"wp:attachment":[{"href":"https:\/\/wp.unil.ch\/cinematheque-unil\/wp-json\/wp\/v2\/media?parent=6684"}],"curies":[{"name":"wp","href":"https:\/\/api.w.org\/{rel}","templated":true}]}}