{"id":6556,"date":"2022-04-05T18:32:36","date_gmt":"2022-04-05T16:32:36","guid":{"rendered":"https:\/\/wp.unil.ch\/cinematheque-unil\/?page_id=6556"},"modified":"2024-02-27T18:16:41","modified_gmt":"2024-02-27T17:16:41","slug":"nagra-histoire-du-cinema-et-archeologie-des-medias-sonores-en-suisse","status":"publish","type":"page","link":"https:\/\/wp.unil.ch\/cinematheque-unil\/nagra-histoire-du-cinema-et-archeologie-des-medias-sonores-en-suisse\/","title":{"rendered":"Nagra, histoire du cin\u00e9ma et arch\u00e9ologie des m\u00e9dias sonores en Suisse"},"content":{"rendered":"<h1 class=\"wp-block wp-block-post-title block-editor-block-list__block editor-post-title editor-post-title__input rich-text\" style=\"text-align: center\" role=\"textbox\" aria-label=\"Saisissez le titre\"><span data-rich-text-format-boundary=\"true\">Nagra,\u00a0<\/span><span data-rich-text-format-boundary=\"true\">histoire du cin\u00e9ma et arch\u00e9ologie des m\u00e9dias sonores en Suisse<\/span><\/h1>\n<div>\n<p style=\"text-align: center\"><a href=\"https:\/\/wp.unil.ch\/cinematheque-unil\/files\/2022\/04\/1953_KUDELSKI.jpg\"><img alt=\"\" loading=\"lazy\" decoding=\"async\" class=\"alignnone  wp-image-6557\" src=\"https:\/\/wp.unil.ch\/cinematheque-unil\/files\/2022\/04\/1953_KUDELSKI.jpg\" alt=\"\" width=\"606\" height=\"513\" srcset=\"https:\/\/wp.unil.ch\/cinematheque-unil\/files\/2022\/04\/1953_KUDELSKI.jpg 853w, https:\/\/wp.unil.ch\/cinematheque-unil\/files\/2022\/04\/1953_KUDELSKI-300x254.jpg 300w, https:\/\/wp.unil.ch\/cinematheque-unil\/files\/2022\/04\/1953_KUDELSKI-768x650.jpg 768w\" sizes=\"auto, (max-width: 606px) 100vw, 606px\" \/><\/a><\/p>\n<p style=\"text-align: center\"><span lang=\"FR\">Illustration :<\/span> <span lang=\"FR\">Radio-T\u00e9l\u00e9vision<\/span><span lang=\"FR\">, n<\/span><span lang=\"FR\">o<\/span><span lang=\"FR\">\u00a037, 11 septembre 1953, p.\u00a01415.<\/span><\/p>\n<\/div>\n<div>\n<p class=\"Pardfaut\">\n<\/div>\n<div>\n<p class=\"Pardfaut\"><span class=\"Aucun\"><span lang=\"FR\">Les enregistreurs sonores portatifs \u00e0 bande magn\u00e9tique Nagra, invent\u00e9s au d\u00e9but des ann\u00e9es 1950 dans le Canton de Vaud, ont accompagn\u00e9 une s\u00e9rie de transformations majeures dans l\u2019histoire des m\u00e9dias. Leur configuration technique leur a permis de jouer un r\u00f4le essentiel \u00e0 la radio ou en musique, mais aussi dans le cin\u00e9ma, en permettant la prise de son synchrone \u00e0 partir d\u2019un dispositif l\u00e9ger. L\u2019appareil se trouve alors \u00e0 la crois\u00e9e d\u2019un large \u00e9ventail de pratiques, inscrites tant dans le champ artistique que dans le champ scientifique, et conjuguant souvent les enjeux de la cr\u00e9ation avec les probl\u00e8mes proprement techniques.<\/span><\/span><\/p>\n<\/div>\n<div>\n<p class=\"Pardfaut\"><span lang=\"FR\">Ce projet de recherche sous la direction de Beno\u00eet Turquety vise \u00e0 construire une histoire des machines et des pratiques m\u00e9diatiques li\u00e9es aux appareils d\u2019enregistrement sonore suisses Nagra, fabriqu\u00e9s \u00e0 partir de 1951 par Stefan Kudelski (Varsovie, 1929-Lausanne, 2013), puis par son entreprise situ\u00e9e \u00e0 Cheseaux-sur-Lausanne dans le Canton de Vaud. Dans la continuit\u00e9 du projet FNS <\/span><span class=\"Hyperlink0\"><a href=\"https:\/\/wp.unil.ch\/cinematheque-unil\/projets\/bolex-et-le-cinema-amateur\/\"><span lang=\"FR\">\u00ab Histoire des machines et arch\u00e9ologie des pratiques : Bolex et le cin\u00e9ma amateur en Suisse \u00bb<\/span><\/a><\/span><span lang=\"FR\">, cette nouvelle recherche a pour ambition de prolonger l\u2019investigation et la valorisation scientifiques du patrimoine technique suisse dans le champ de l\u2019histoire des m\u00e9dias. Le but de ce projet est de saisir les relations entre ces objets techniques que sont les enregistreurs sonores \u00e0 bande magn\u00e9tique, appr\u00e9hend\u00e9s \u00e0 partir de leurs caract\u00e9ristiques de fabrication, de leurs principes de fonctionnement et de leurs potentialit\u00e9s techniques propres, et plusieurs pratiques culturelles du son, en particulier celles du cin\u00e9ma, de la radio et de la musique, prises dans leurs dimensions techniques, sociales, scientifiques et esth\u00e9tiques.<\/span><\/p>\n<\/div>\n<div>\n<p class=\"Pardfaut\">La recherche se basera sur l\u2019exploration d\u2019archives largement in\u00e9dites, comprenant la collection d\u2019appareils d\u2019enregistrement sonore de la Cin\u00e9math\u00e8que suisse, les archives administratives de l\u2019entreprise Kudelski et les bandes magn\u00e9tiques conserv\u00e9es dans plusieurs institutions patrimoniales ou collections priv\u00e9es suisses. Elle b\u00e9n\u00e9ficiera de la Collaboration entre l\u2019UNIL et la Cin\u00e9math\u00e8que suisse, ainsi que du partenariat international Techn\u00e8s.<\/p>\n<\/div>\n<div>\n<p class=\"Pardfaut\"><span lang=\"FR\">Direction\u00a0: <\/span><span class=\"Hyperlink1\"><span lang=\"FR\">Beno\u00eet Turquety<\/span><\/span><\/p>\n<\/div>\n<div>\n<p class=\"Pardfaut\"><span lang=\"FR\">Doctorant FNS : Lucas Iliani (avril 2022)<\/span><\/p>\n<\/div>\n<div>\n<p class=\"Pardfaut\"><span lang=\"FR\">Chercheur FNS Senior : <\/span><span class=\"Hyperlink1\"><a href=\"https:\/\/www.unil.ch\/cin\/stephanetralongo\"><span lang=\"FR\">St\u00e9phane Tralongo<\/span><\/a><\/span><\/p>\n<\/div>\n<div>\n<p class=\"Pardfaut\"><span lang=\"FR\">D\u00e9but\/fin : 01.02.2021 \u2013 31.03.2026<\/span><\/p>\n<\/div>\n<div>\n<p class=\"Pardfaut\"><span lang=\"FR\">\u00a0<\/span><\/p>\n<\/div>\n<div>\n<p class=\"Pardfaut\"><i><span lang=\"FR\">Voir aussi la <\/span><\/i><span class=\"Hyperlink2\"><a href=\"https:\/\/p3.snf.ch\/Project-197774\"><i><u><span lang=\"FR\">page<\/span><\/u><\/i><\/a><\/span><i><span lang=\"FR\"> du Fonds national suisse de la recherche scientifique.<\/span><\/i><\/p>\n<\/div>\n","protected":false},"excerpt":{"rendered":"<p>Nagra,\u00a0histoire du cin\u00e9ma et arch\u00e9ologie des m\u00e9dias sonores en Suisse Illustration : Radio-T\u00e9l\u00e9vision, no\u00a037, 11 septembre 1953, p.\u00a01415. Les enregistreurs sonores portatifs \u00e0 bande magn\u00e9tique Nagra, invent\u00e9s au d\u00e9but des ann\u00e9es 1950 dans le Canton de Vaud, ont accompagn\u00e9 une<\/p>\n","protected":false},"author":1002143,"featured_media":0,"parent":0,"menu_order":0,"comment_status":"closed","ping_status":"closed","template":"","meta":{"_seopress_robots_primary_cat":"","_seopress_titles_title":"","_seopress_titles_desc":"","_seopress_robots_index":"","footnotes":""},"class_list":["post-6556","page","type-page","status-publish"],"_links":{"self":[{"href":"https:\/\/wp.unil.ch\/cinematheque-unil\/wp-json\/wp\/v2\/pages\/6556","targetHints":{"allow":["GET"]}}],"collection":[{"href":"https:\/\/wp.unil.ch\/cinematheque-unil\/wp-json\/wp\/v2\/pages"}],"about":[{"href":"https:\/\/wp.unil.ch\/cinematheque-unil\/wp-json\/wp\/v2\/types\/page"}],"author":[{"embeddable":true,"href":"https:\/\/wp.unil.ch\/cinematheque-unil\/wp-json\/wp\/v2\/users\/1002143"}],"replies":[{"embeddable":true,"href":"https:\/\/wp.unil.ch\/cinematheque-unil\/wp-json\/wp\/v2\/comments?post=6556"}],"version-history":[{"count":2,"href":"https:\/\/wp.unil.ch\/cinematheque-unil\/wp-json\/wp\/v2\/pages\/6556\/revisions"}],"predecessor-version":[{"id":7478,"href":"https:\/\/wp.unil.ch\/cinematheque-unil\/wp-json\/wp\/v2\/pages\/6556\/revisions\/7478"}],"wp:attachment":[{"href":"https:\/\/wp.unil.ch\/cinematheque-unil\/wp-json\/wp\/v2\/media?parent=6556"}],"curies":[{"name":"wp","href":"https:\/\/api.w.org\/{rel}","templated":true}]}}